{"id":988,"date":"2016-04-14T21:43:35","date_gmt":"2016-04-14T21:43:35","guid":{"rendered":"http:\/\/www.biocabaz.com\/web\/produto\/biscoitos-de-pera-250g\/"},"modified":"2025-06-09T10:34:22","modified_gmt":"2025-06-09T10:34:22","slug":"biscoitos-de-pera-bio-250g-provida","status":"publish","type":"product","link":"https:\/\/biocabaz.pt\/web\/produto\/biscoitos-de-pera-bio-250g-provida\/","title":{"rendered":"BISCOITOS DE P\u00caRA BIO 250G PROVIDA"},"content":{"rendered":"<p><strong>Descri\u00e7\u00e3o <\/strong><br \/>\n\t\t\t\tIngredientes: Farinha de TRIGO* (integral e branca), concentrado de pera* (21%), \u00f3leo vegetal de girassol*, \u00e1gua, levedante: bicarbonato s\u00f3dio, sal marinho e canela. Cont\u00e9m gl\u00faten. Poder\u00e1 conter vest\u00edgios de soja, s\u00e9samo e frutos de casca rija. Ado\u00e7ados com concentrado de p\u00eara.<\/p>\n<p><strong>Dados Nutricionais<\/strong><br \/>\n\t\t\t\tDeclara\u00e7\u00e3o Nutricional por 100g:<br \/> Energia: 1780kJ\/422kcal;<br \/> L\u00edpidos: 12,9g &#8211; dos quais saturados: 4,7g;<br \/> Hidratos de carbono: 69,6g &#8211; dos quais a\u00e7\u00facares: 14,1g;<br \/> Fibra: 1,1g;<br \/> Prote\u00ednas: 6,5g;<br \/> Sal: 0,7g.<\/p>\n<p><strong>Modo Utiliza\u00e7\u00e3o<\/strong><br \/>S\u00e3o ideais para pequenos-almo\u00e7os, lanches, para acompanhar com ch\u00e1, caf\u00e9 ou sumos de fruta. Conservar em local seco e fresco.<\/p>\n","protected":false},"excerpt":{"rendered":"<p>Descri\u00e7\u00e3o Ingredientes: Farinha de TRIGO* (integral e branca), concentrado de pera* (21%), \u00f3leo vegetal de girassol*, \u00e1gua, levedante: bicarbonato s\u00f3dio, sal marinho e canela. Cont\u00e9m gl\u00faten. Poder\u00e1 conter vest\u00edgios de soja, s\u00e9samo e frutos de casca rija. Ado\u00e7ados com concentrado de p\u00eara. Dados Nutricionais Declara\u00e7\u00e3o Nutricional por 100g: Energia: 1780kJ\/422kcal; L\u00edpidos: 12,9g &#8211; dos quais [&hellip;]<\/p>\n","protected":false},"featured_media":1113,"comment_status":"closed","ping_status":"closed","template":"","meta":[],"product_cat":[29],"product_tag":[],"class_list":["post-988","product","type-product","status-publish","has-post-thumbnail","hentry","product_cat-bolachas_e_snacks"],"bundle_layout":"","bundled_by":[],"bundled_items":[],"yoast_head":"<!-- This site is optimized with the Yoast SEO plugin v26.3 - https:\/\/yoast.com\/wordpress\/plugins\/seo\/ -->\n<title>BISCOITOS DE P\u00caRA BIO 250G PROVIDA<\/title>\n<meta name=\"description\" content=\"BISCOITOS DE P\u00caRA BIO 250G PROVIDA\" \/>\n<meta name=\"robots\" content=\"index, follow, max-snippet:-1, max-image-preview:large, max-video-preview:-1\" \/>\n<link rel=\"canonical\" href=\"https:\/\/biocabaz.pt\/web\/produto\/biscoitos-de-pera-bio-250g-provida\/\" \/>\n<meta property=\"og:locale\" content=\"pt_PT\" \/>\n<meta property=\"og:locale:alternate\" content=\"en_US\" \/>\n<meta property=\"og:type\" content=\"article\" \/>\n<meta property=\"og:title\" content=\"BISCOITOS DE P\u00caRA BIO 250G PROVIDA\" \/>\n<meta property=\"og:description\" content=\"BISCOITOS DE P\u00caRA BIO 250G PROVIDA\" \/>\n<meta property=\"og:url\" content=\"https:\/\/biocabaz.pt\/web\/produto\/biscoitos-de-pera-bio-250g-provida\/\" \/>\n<meta property=\"og:site_name\" content=\"BIOCABAZ - CABAZES BIOL\u00d3GICOS\" \/>\n<meta property=\"article:modified_time\" content=\"2025-06-09T10:34:22+00:00\" \/>\n<meta property=\"og:image\" content=\"https:\/\/www.biocabaz.pt\/web\/wp-conteudos\/uploads\/2016\/04\/201015B.jpg\" \/>\n\t<meta property=\"og:image:width\" content=\"300\" \/>\n\t<meta property=\"og:image:height\" content=\"326\" \/>\n\t<meta property=\"og:image:type\" content=\"image\/jpeg\" \/>\n<meta name=\"twitter:card\" content=\"summary_large_image\" \/>\n<meta name=\"twitter:label1\" content=\"Est. reading time\" \/>\n\t<meta name=\"twitter:data1\" content=\"1 minuto\" \/>\n<script type=\"application\/ld+json\" class=\"yoast-schema-graph\">{\"@context\":\"https:\/\/schema.org\",\"@graph\":[{\"@type\":\"WebPage\",\"@id\":\"https:\/\/biocabaz.pt\/web\/produto\/biscoitos-de-pera-bio-250g-provida\/\",\"url\":\"https:\/\/biocabaz.pt\/web\/produto\/biscoitos-de-pera-bio-250g-provida\/\",\"name\":\"BISCOITOS DE P\u00caRA BIO 250G PROVIDA\",\"isPartOf\":{\"@id\":\"https:\/\/www.biocabaz.pt\/web\/en\/#website\"},\"primaryImageOfPage\":{\"@id\":\"https:\/\/biocabaz.pt\/web\/produto\/biscoitos-de-pera-bio-250g-provida\/#primaryimage\"},\"image\":{\"@id\":\"https:\/\/biocabaz.pt\/web\/produto\/biscoitos-de-pera-bio-250g-provida\/#primaryimage\"},\"thumbnailUrl\":\"https:\/\/www.biocabaz.pt\/web\/wp-conteudos\/uploads\/2016\/04\/201015B.jpg\",\"datePublished\":\"2016-04-14T21:43:35+00:00\",\"dateModified\":\"2025-06-09T10:34:22+00:00\",\"description\":\"BISCOITOS DE P\u00caRA BIO 250G PROVIDA\",\"breadcrumb\":{\"@id\":\"https:\/\/biocabaz.pt\/web\/produto\/biscoitos-de-pera-bio-250g-provida\/#breadcrumb\"},\"inLanguage\":\"pt-PT\",\"potentialAction\":[{\"@type\":\"ReadAction\",\"target\":[\"https:\/\/biocabaz.pt\/web\/produto\/biscoitos-de-pera-bio-250g-provida\/\"]}]},{\"@type\":\"ImageObject\",\"inLanguage\":\"pt-PT\",\"@id\":\"https:\/\/biocabaz.pt\/web\/produto\/biscoitos-de-pera-bio-250g-provida\/#primaryimage\",\"url\":\"https:\/\/www.biocabaz.pt\/web\/wp-conteudos\/uploads\/2016\/04\/201015B.jpg\",\"contentUrl\":\"https:\/\/www.biocabaz.pt\/web\/wp-conteudos\/uploads\/2016\/04\/201015B.jpg\",\"width\":300,\"height\":326,\"caption\":\"BISCOITOS DE P\u00caRA BIO 250G PROVIDA\"},{\"@type\":\"BreadcrumbList\",\"@id\":\"https:\/\/biocabaz.pt\/web\/produto\/biscoitos-de-pera-bio-250g-provida\/#breadcrumb\",\"itemListElement\":[{\"@type\":\"ListItem\",\"position\":1,\"name\":\"Home\",\"item\":\"https:\/\/www.biocabaz.pt\/web\/en\/\"},{\"@type\":\"ListItem\",\"position\":2,\"name\":\"Shop\",\"item\":\"https:\/\/www.biocabaz.pt\/web\/en\/shop\/\"},{\"@type\":\"ListItem\",\"position\":3,\"name\":\"BISCOITOS DE P\u00caRA BIO 250G PROVIDA\"}]},{\"@type\":\"WebSite\",\"@id\":\"https:\/\/www.biocabaz.pt\/web\/en\/#website\",\"url\":\"https:\/\/www.biocabaz.pt\/web\/en\/\",\"name\":\"BIOCABAZ - CABAZES BIOL\u00d3GICOS\",\"description\":\"O melhor que a terra d\u00e1 \u00e9 para si\",\"potentialAction\":[{\"@type\":\"SearchAction\",\"target\":{\"@type\":\"EntryPoint\",\"urlTemplate\":\"https:\/\/www.biocabaz.pt\/web\/en\/?s={search_term_string}\"},\"query-input\":{\"@type\":\"PropertyValueSpecification\",\"valueRequired\":true,\"valueName\":\"search_term_string\"}}],\"inLanguage\":\"pt-PT\"}]}<\/script>\n<!-- \/ Yoast SEO plugin. -->","yoast_head_json":{"title":"BISCOITOS DE P\u00caRA BIO 250G PROVIDA","description":"BISCOITOS DE P\u00caRA BIO 250G PROVIDA","robots":{"index":"index","follow":"follow","max-snippet":"max-snippet:-1","max-image-preview":"max-image-preview:large","max-video-preview":"max-video-preview:-1"},"canonical":"https:\/\/biocabaz.pt\/web\/produto\/biscoitos-de-pera-bio-250g-provida\/","og_locale":"pt_PT","og_type":"article","og_title":"[:en]PR\u00d3VIDA ORGANIC PEAR BISCUITS 250GR[:pt]BISCOITOS DE P\u00caRA BIO 250G PROVIDA[:] - BIOCABAZ - CABAZES BIOL\u00d3GICOS","og_description":"BISCOITOS DE P\u00caRA BIO 250G PROVIDA","og_url":"https:\/\/biocabaz.pt\/web\/produto\/biscoitos-de-pera-bio-250g-provida\/","og_site_name":"BIOCABAZ - CABAZES BIOL\u00d3GICOS","article_modified_time":"2025-06-09T10:34:22+00:00","og_image":[{"width":300,"height":326,"url":"https:\/\/www.biocabaz.pt\/web\/wp-conteudos\/uploads\/2016\/04\/201015B.jpg","type":"image\/jpeg"}],"twitter_card":"summary_large_image","twitter_misc":{"Est. reading time":"1 minuto"},"schema":{"@context":"https:\/\/schema.org","@graph":[{"@type":"WebPage","@id":"https:\/\/biocabaz.pt\/web\/produto\/biscoitos-de-pera-bio-250g-provida\/","url":"https:\/\/biocabaz.pt\/web\/produto\/biscoitos-de-pera-bio-250g-provida\/","name":"BISCOITOS DE P\u00caRA BIO 250G PROVIDA","isPartOf":{"@id":"https:\/\/www.biocabaz.pt\/web\/en\/#website"},"primaryImageOfPage":{"@id":"https:\/\/biocabaz.pt\/web\/produto\/biscoitos-de-pera-bio-250g-provida\/#primaryimage"},"image":{"@id":"https:\/\/biocabaz.pt\/web\/produto\/biscoitos-de-pera-bio-250g-provida\/#primaryimage"},"thumbnailUrl":"https:\/\/www.biocabaz.pt\/web\/wp-conteudos\/uploads\/2016\/04\/201015B.jpg","datePublished":"2016-04-14T21:43:35+00:00","dateModified":"2025-06-09T10:34:22+00:00","description":"BISCOITOS DE P\u00caRA BIO 250G PROVIDA","breadcrumb":{"@id":"https:\/\/biocabaz.pt\/web\/produto\/biscoitos-de-pera-bio-250g-provida\/#breadcrumb"},"inLanguage":"pt-PT","potentialAction":[{"@type":"ReadAction","target":["https:\/\/biocabaz.pt\/web\/produto\/biscoitos-de-pera-bio-250g-provida\/"]}]},{"@type":"ImageObject","inLanguage":"pt-PT","@id":"https:\/\/biocabaz.pt\/web\/produto\/biscoitos-de-pera-bio-250g-provida\/#primaryimage","url":"https:\/\/www.biocabaz.pt\/web\/wp-conteudos\/uploads\/2016\/04\/201015B.jpg","contentUrl":"https:\/\/www.biocabaz.pt\/web\/wp-conteudos\/uploads\/2016\/04\/201015B.jpg","width":300,"height":326,"caption":"BISCOITOS DE P\u00caRA BIO 250G PROVIDA"},{"@type":"BreadcrumbList","@id":"https:\/\/biocabaz.pt\/web\/produto\/biscoitos-de-pera-bio-250g-provida\/#breadcrumb","itemListElement":[{"@type":"ListItem","position":1,"name":"Home","item":"https:\/\/www.biocabaz.pt\/web\/en\/"},{"@type":"ListItem","position":2,"name":"Shop","item":"https:\/\/www.biocabaz.pt\/web\/en\/shop\/"},{"@type":"ListItem","position":3,"name":"BISCOITOS DE P\u00caRA BIO 250G PROVIDA"}]},{"@type":"WebSite","@id":"https:\/\/www.biocabaz.pt\/web\/en\/#website","url":"https:\/\/www.biocabaz.pt\/web\/en\/","name":"BIOCABAZ - CABAZES BIOL\u00d3GICOS","description":"O melhor que a terra d\u00e1 \u00e9 para si","potentialAction":[{"@type":"SearchAction","target":{"@type":"EntryPoint","urlTemplate":"https:\/\/www.biocabaz.pt\/web\/en\/?s={search_term_string}"},"query-input":{"@type":"PropertyValueSpecification","valueRequired":true,"valueName":"search_term_string"}}],"inLanguage":"pt-PT"}]}},"_links":{"self":[{"href":"https:\/\/biocabaz.pt\/web\/wp-json\/wp\/v2\/product\/988","targetHints":{"allow":["GET"]}}],"collection":[{"href":"https:\/\/biocabaz.pt\/web\/wp-json\/wp\/v2\/product"}],"about":[{"href":"https:\/\/biocabaz.pt\/web\/wp-json\/wp\/v2\/types\/product"}],"replies":[{"embeddable":true,"href":"https:\/\/biocabaz.pt\/web\/wp-json\/wp\/v2\/comments?post=988"}],"wp:featuredmedia":[{"embeddable":true,"href":"https:\/\/biocabaz.pt\/web\/wp-json\/wp\/v2\/media\/1113"}],"wp:attachment":[{"href":"https:\/\/biocabaz.pt\/web\/wp-json\/wp\/v2\/media?parent=988"}],"wp:term":[{"taxonomy":"product_cat","embeddable":true,"href":"https:\/\/biocabaz.pt\/web\/wp-json\/wp\/v2\/product_cat?post=988"},{"taxonomy":"product_tag","embeddable":true,"href":"https:\/\/biocabaz.pt\/web\/wp-json\/wp\/v2\/product_tag?post=988"}],"curies":[{"name":"wp","href":"https:\/\/api.w.org\/{rel}","templated":true}]}}