{"id":954,"date":"2016-04-14T21:42:57","date_gmt":"2016-04-14T21:42:57","guid":{"rendered":"http:\/\/www.biocabaz.com\/web\/produto\/bebida-de-amendoa-isola-1l\/"},"modified":"2023-04-15T14:58:15","modified_gmt":"2023-04-15T14:58:15","slug":"bebida-de-amendoa-isola-1l","status":"publish","type":"product","link":"https:\/\/biocabaz.pt\/web\/produto\/bebida-de-amendoa-isola-1l\/","title":{"rendered":"BEBIDA DE AM\u00caNDOA BIO 1L ISOLA"},"content":{"rendered":"<p><strong>Descri\u00e7\u00e3o <\/strong><br \/>\n\t\t\t\tIngredientes: \u00c1gua, am\u00eandoa* (8%), xarope de agave* (3.8%), maltodestrina de milho**, sal marinho. * de produ\u00e7\u00e3o biol\u00f3gica.<\/p>\n<p><strong>Dados Nutricionais<\/strong><br \/>\n\t\t\t\tDeclara\u00e7\u00e3o Nutricional por 100g:<br \/> Energia: 46kcal\/ 191kj;<br \/> Hidratos de Carbono: 3,8g &#8211; dos quais a\u00e7\u00facares: 2,8g;<br \/> L\u00edpidos: 3g &#8211; dos quais \u00e1cidos gordos saturados: 0,3g &#8211; dos quais \u00e1cidos gordos monoinsaturados: 2g &#8211; dos quais \u00e1cidos gordos polinsaturados: 0,7g;<br \/> Fibra: 1g;<br \/> Prote\u00ednas: 0,9;<br \/> Sal: 0,09g.<\/p>\n<p><strong>Modo Utiliza\u00e7\u00e3o<\/strong><br \/>Agitar bem antes de beber. Depois de aberto conservar no frigor\u00edfico e consumir dentro de 3-4dias. Conservar em local fresco e seco. <\/p>\n","protected":false},"excerpt":{"rendered":"<p>Uma tenta\u00e7\u00e3o vegetal sem gl\u00faten, a Am\u00eandoa \u00e9 a bebida vegetal para quem n\u00e3o abre m\u00e3o do que \u00e9 naturalmente uma guloseima, sem exceder, por\u00e9m, nas calorias. Hoje, com Am\u00eandoa, voc\u00ea pode se conceder este presente todos os dias!<\/p>\n<p>&nbsp;<\/p>\n<p>Sem gl\u00faten \u00a0* \u00a0Org\u00e2nico \u00a0* \u00a0Vegetal \u00a0* Sem lactose \u00a0* \u00a0Sem a\u00e7\u00facares adicionados<\/p>\n","protected":false},"featured_media":26683,"comment_status":"closed","ping_status":"closed","template":"","meta":[],"product_cat":[34],"product_tag":[],"class_list":["post-954","product","type-product","status-publish","has-post-thumbnail","hentry","product_cat-leites-bebidas-vegetais"],"bundle_layout":"","bundled_by":[],"bundled_items":[],"yoast_head":"<!-- This site is optimized with the Yoast SEO plugin v26.3 - https:\/\/yoast.com\/wordpress\/plugins\/seo\/ -->\n<title>BEBIDA DE AM\u00caNDOA BIO 1L ISOLA<\/title>\n<meta name=\"description\" content=\"BEBIDA DE AM\u00caNDOA BIO 1L ISOLA\" \/>\n<meta name=\"robots\" content=\"index, follow, max-snippet:-1, max-image-preview:large, max-video-preview:-1\" \/>\n<link rel=\"canonical\" href=\"https:\/\/biocabaz.pt\/web\/produto\/bebida-de-amendoa-isola-1l\/\" \/>\n<meta property=\"og:locale\" content=\"pt_PT\" \/>\n<meta property=\"og:locale:alternate\" content=\"en_US\" \/>\n<meta property=\"og:type\" content=\"article\" \/>\n<meta property=\"og:title\" content=\"BEBIDA DE AM\u00caNDOA BIO 1L ISOLA\" \/>\n<meta property=\"og:description\" content=\"BEBIDA DE AM\u00caNDOA BIO 1L ISOLA\" \/>\n<meta property=\"og:url\" content=\"https:\/\/biocabaz.pt\/web\/produto\/bebida-de-amendoa-isola-1l\/\" \/>\n<meta property=\"og:site_name\" content=\"BIOCABAZ - CABAZES BIOL\u00d3GICOS\" \/>\n<meta property=\"article:modified_time\" content=\"2023-04-15T14:58:15+00:00\" \/>\n<meta property=\"og:image\" content=\"https:\/\/www.biocabaz.pt\/web\/wp-conteudos\/uploads\/2017\/05\/BEBIDA-DE-AM\u00caNDOA-BIO-ISOLA-1L-e1564400782970.jpg\" \/>\n\t<meta property=\"og:image:width\" content=\"200\" \/>\n\t<meta property=\"og:image:height\" content=\"326\" \/>\n\t<meta property=\"og:image:type\" content=\"image\/jpeg\" \/>\n<meta name=\"twitter:card\" content=\"summary_large_image\" \/>\n<meta name=\"twitter:label1\" content=\"Est. reading time\" \/>\n\t<meta name=\"twitter:data1\" content=\"1 minuto\" \/>\n<script type=\"application\/ld+json\" class=\"yoast-schema-graph\">{\"@context\":\"https:\/\/schema.org\",\"@graph\":[{\"@type\":\"WebPage\",\"@id\":\"https:\/\/biocabaz.pt\/web\/en\/produto\/bebida-de-amendoa-isola-1l\/\",\"url\":\"https:\/\/biocabaz.pt\/web\/en\/produto\/bebida-de-amendoa-isola-1l\/\",\"name\":\"BEBIDA DE AM\u00caNDOA BIO 1L ISOLA\",\"isPartOf\":{\"@id\":\"https:\/\/biocabaz.pt\/web\/en\/#website\"},\"primaryImageOfPage\":{\"@id\":\"https:\/\/biocabaz.pt\/web\/en\/produto\/bebida-de-amendoa-isola-1l\/#primaryimage\"},\"image\":{\"@id\":\"https:\/\/biocabaz.pt\/web\/en\/produto\/bebida-de-amendoa-isola-1l\/#primaryimage\"},\"thumbnailUrl\":\"https:\/\/www.biocabaz.pt\/web\/wp-conteudos\/uploads\/2017\/05\/BEBIDA-DE-AM\u00caNDOA-BIO-ISOLA-1L-e1564400782970.jpg\",\"datePublished\":\"2016-04-14T21:42:57+00:00\",\"dateModified\":\"2023-04-15T14:58:15+00:00\",\"description\":\"BEBIDA DE AM\u00caNDOA BIO 1L ISOLA\",\"breadcrumb\":{\"@id\":\"https:\/\/biocabaz.pt\/web\/en\/produto\/bebida-de-amendoa-isola-1l\/#breadcrumb\"},\"inLanguage\":\"pt-PT\",\"potentialAction\":[{\"@type\":\"ReadAction\",\"target\":[\"https:\/\/biocabaz.pt\/web\/en\/produto\/bebida-de-amendoa-isola-1l\/\"]}]},{\"@type\":\"ImageObject\",\"inLanguage\":\"pt-PT\",\"@id\":\"https:\/\/biocabaz.pt\/web\/en\/produto\/bebida-de-amendoa-isola-1l\/#primaryimage\",\"url\":\"https:\/\/www.biocabaz.pt\/web\/wp-conteudos\/uploads\/2017\/05\/BEBIDA-DE-AM\u00caNDOA-BIO-ISOLA-1L-e1564400782970.jpg\",\"contentUrl\":\"https:\/\/www.biocabaz.pt\/web\/wp-conteudos\/uploads\/2017\/05\/BEBIDA-DE-AM\u00caNDOA-BIO-ISOLA-1L-e1564400782970.jpg\",\"width\":200,\"height\":326,\"caption\":\"BEBIDA DE AM\u00caNDOA BIO ISOLA 1L\"},{\"@type\":\"BreadcrumbList\",\"@id\":\"https:\/\/biocabaz.pt\/web\/en\/produto\/bebida-de-amendoa-isola-1l\/#breadcrumb\",\"itemListElement\":[{\"@type\":\"ListItem\",\"position\":1,\"name\":\"Home\",\"item\":\"https:\/\/biocabaz.pt\/web\/en\/\"},{\"@type\":\"ListItem\",\"position\":2,\"name\":\"Shop\",\"item\":\"https:\/\/biocabaz.pt\/web\/en\/shop\/\"},{\"@type\":\"ListItem\",\"position\":3,\"name\":\"ISOLA ORGANIC ALMOND DRINK 1L\"}]},{\"@type\":\"WebSite\",\"@id\":\"https:\/\/biocabaz.pt\/web\/en\/#website\",\"url\":\"https:\/\/biocabaz.pt\/web\/en\/\",\"name\":\"BIOCABAZ - CABAZES BIOL\u00d3GICOS\",\"description\":\"O melhor que a terra d\u00e1 \u00e9 para si\",\"potentialAction\":[{\"@type\":\"SearchAction\",\"target\":{\"@type\":\"EntryPoint\",\"urlTemplate\":\"https:\/\/biocabaz.pt\/web\/en\/?s={search_term_string}\"},\"query-input\":{\"@type\":\"PropertyValueSpecification\",\"valueRequired\":true,\"valueName\":\"search_term_string\"}}],\"inLanguage\":\"pt-PT\"}]}<\/script>\n<!-- \/ Yoast SEO plugin. -->","yoast_head_json":{"title":"BEBIDA DE AM\u00caNDOA BIO 1L ISOLA","description":"BEBIDA DE AM\u00caNDOA BIO 1L ISOLA","robots":{"index":"index","follow":"follow","max-snippet":"max-snippet:-1","max-image-preview":"max-image-preview:large","max-video-preview":"max-video-preview:-1"},"canonical":"https:\/\/biocabaz.pt\/web\/produto\/bebida-de-amendoa-isola-1l\/","og_locale":"pt_PT","og_type":"article","og_title":"[:en]ISOLA ORGANIC ALMOND DRINK 1L[:pt]BEBIDA DE AM\u00caNDOA BIO 1L ISOLA[:] - BIOCABAZ - CABAZES BIOL\u00d3GICOS","og_description":"BEBIDA DE AM\u00caNDOA BIO 1L ISOLA","og_url":"https:\/\/biocabaz.pt\/web\/produto\/bebida-de-amendoa-isola-1l\/","og_site_name":"BIOCABAZ - CABAZES BIOL\u00d3GICOS","article_modified_time":"2023-04-15T14:58:15+00:00","og_image":[{"width":200,"height":326,"url":"https:\/\/www.biocabaz.pt\/web\/wp-conteudos\/uploads\/2017\/05\/BEBIDA-DE-AM\u00caNDOA-BIO-ISOLA-1L-e1564400782970.jpg","type":"image\/jpeg"}],"twitter_card":"summary_large_image","twitter_misc":{"Est. reading time":"1 minuto"},"schema":{"@context":"https:\/\/schema.org","@graph":[{"@type":"WebPage","@id":"https:\/\/biocabaz.pt\/web\/en\/produto\/bebida-de-amendoa-isola-1l\/","url":"https:\/\/biocabaz.pt\/web\/en\/produto\/bebida-de-amendoa-isola-1l\/","name":"BEBIDA DE AM\u00caNDOA BIO 1L ISOLA","isPartOf":{"@id":"https:\/\/biocabaz.pt\/web\/en\/#website"},"primaryImageOfPage":{"@id":"https:\/\/biocabaz.pt\/web\/en\/produto\/bebida-de-amendoa-isola-1l\/#primaryimage"},"image":{"@id":"https:\/\/biocabaz.pt\/web\/en\/produto\/bebida-de-amendoa-isola-1l\/#primaryimage"},"thumbnailUrl":"https:\/\/www.biocabaz.pt\/web\/wp-conteudos\/uploads\/2017\/05\/BEBIDA-DE-AM\u00caNDOA-BIO-ISOLA-1L-e1564400782970.jpg","datePublished":"2016-04-14T21:42:57+00:00","dateModified":"2023-04-15T14:58:15+00:00","description":"BEBIDA DE AM\u00caNDOA BIO 1L ISOLA","breadcrumb":{"@id":"https:\/\/biocabaz.pt\/web\/en\/produto\/bebida-de-amendoa-isola-1l\/#breadcrumb"},"inLanguage":"pt-PT","potentialAction":[{"@type":"ReadAction","target":["https:\/\/biocabaz.pt\/web\/en\/produto\/bebida-de-amendoa-isola-1l\/"]}]},{"@type":"ImageObject","inLanguage":"pt-PT","@id":"https:\/\/biocabaz.pt\/web\/en\/produto\/bebida-de-amendoa-isola-1l\/#primaryimage","url":"https:\/\/www.biocabaz.pt\/web\/wp-conteudos\/uploads\/2017\/05\/BEBIDA-DE-AM\u00caNDOA-BIO-ISOLA-1L-e1564400782970.jpg","contentUrl":"https:\/\/www.biocabaz.pt\/web\/wp-conteudos\/uploads\/2017\/05\/BEBIDA-DE-AM\u00caNDOA-BIO-ISOLA-1L-e1564400782970.jpg","width":200,"height":326,"caption":"BEBIDA DE AM\u00caNDOA BIO ISOLA 1L"},{"@type":"BreadcrumbList","@id":"https:\/\/biocabaz.pt\/web\/en\/produto\/bebida-de-amendoa-isola-1l\/#breadcrumb","itemListElement":[{"@type":"ListItem","position":1,"name":"Home","item":"https:\/\/biocabaz.pt\/web\/en\/"},{"@type":"ListItem","position":2,"name":"Shop","item":"https:\/\/biocabaz.pt\/web\/en\/shop\/"},{"@type":"ListItem","position":3,"name":"ISOLA ORGANIC ALMOND DRINK 1L"}]},{"@type":"WebSite","@id":"https:\/\/biocabaz.pt\/web\/en\/#website","url":"https:\/\/biocabaz.pt\/web\/en\/","name":"BIOCABAZ - CABAZES BIOL\u00d3GICOS","description":"O melhor que a terra d\u00e1 \u00e9 para si","potentialAction":[{"@type":"SearchAction","target":{"@type":"EntryPoint","urlTemplate":"https:\/\/biocabaz.pt\/web\/en\/?s={search_term_string}"},"query-input":{"@type":"PropertyValueSpecification","valueRequired":true,"valueName":"search_term_string"}}],"inLanguage":"pt-PT"}]}},"_links":{"self":[{"href":"https:\/\/biocabaz.pt\/web\/wp-json\/wp\/v2\/product\/954","targetHints":{"allow":["GET"]}}],"collection":[{"href":"https:\/\/biocabaz.pt\/web\/wp-json\/wp\/v2\/product"}],"about":[{"href":"https:\/\/biocabaz.pt\/web\/wp-json\/wp\/v2\/types\/product"}],"replies":[{"embeddable":true,"href":"https:\/\/biocabaz.pt\/web\/wp-json\/wp\/v2\/comments?post=954"}],"wp:featuredmedia":[{"embeddable":true,"href":"https:\/\/biocabaz.pt\/web\/wp-json\/wp\/v2\/media\/26683"}],"wp:attachment":[{"href":"https:\/\/biocabaz.pt\/web\/wp-json\/wp\/v2\/media?parent=954"}],"wp:term":[{"taxonomy":"product_cat","embeddable":true,"href":"https:\/\/biocabaz.pt\/web\/wp-json\/wp\/v2\/product_cat?post=954"},{"taxonomy":"product_tag","embeddable":true,"href":"https:\/\/biocabaz.pt\/web\/wp-json\/wp\/v2\/product_tag?post=954"}],"curies":[{"name":"wp","href":"https:\/\/api.w.org\/{rel}","templated":true}]}}