{"id":943,"date":"2016-04-14T21:42:42","date_gmt":"2016-04-14T21:42:42","guid":{"rendered":"http:\/\/www.biocabaz.com\/web\/produto\/iogurte-aroma-baunilha-150gr\/"},"modified":"2026-03-28T09:08:26","modified_gmt":"2026-03-28T09:08:26","slug":"iogurte-aroma-baunilha-150gr","status":"publish","type":"product","link":"https:\/\/biocabaz.pt\/web\/produto\/iogurte-aroma-baunilha-150gr\/","title":{"rendered":"IOGURTE AROMA BAUNILHA BIO 150GR"},"content":{"rendered":"<p><strong>Descri\u00e7\u00e3o <\/strong><br \/>\n\t\t\t\tIngredientes:  Iogurte natural completo*, A\u00e7\u00facar-de-cana*, Aroma natural de baunilha. *Proveniente de Agricultura Biol\u00f3gica.<\/p>\n<p><strong>Dados Nutricionais<\/strong><br \/>\n\t\t\t\tDeclara\u00e7\u00e3o Nutricional por 100g:<br \/> Energia: 406kj\/97kcal;<br \/> L\u00edpidos: 3,6g &#8211; dos quais \u00e1cidos gordos saturados: 2,2g;<br \/> Hidratos de carbono: 12,2g &#8211; dos quais a\u00e7\u00facares: 12,2g;<br \/> Prote\u00ednas: 4g;<br \/> Sal: 0,1g;<br \/> C\u00e1lcio: 140mg.<\/p>\n<p><strong>Modo Utiliza\u00e7\u00e3o<\/strong><\/p>\n","protected":false},"excerpt":{"rendered":"<p>Descri\u00e7\u00e3o Ingredientes: Iogurte natural completo*, A\u00e7\u00facar-de-cana*, Aroma natural de baunilha. *Proveniente de Agricultura Biol\u00f3gica. Dados Nutricionais Declara\u00e7\u00e3o Nutricional por 100g: Energia: 406kj\/97kcal; L\u00edpidos: 3,6g &#8211; dos quais \u00e1cidos gordos saturados: 2,2g; Hidratos de carbono: 12,2g &#8211; dos quais a\u00e7\u00facares: 12,2g; Prote\u00ednas: 4g; Sal: 0,1g; C\u00e1lcio: 140mg. Modo Utiliza\u00e7\u00e3o<\/p>\n","protected":false},"featured_media":1063,"comment_status":"closed","ping_status":"closed","template":"","meta":[],"product_cat":[52],"product_tag":[],"class_list":["post-943","product","type-product","status-publish","has-post-thumbnail","hentry","product_cat-iogurtes"],"bundle_layout":"","bundled_by":[],"bundled_items":[],"yoast_head":"<!-- This site is optimized with the Yoast SEO plugin v26.3 - https:\/\/yoast.com\/wordpress\/plugins\/seo\/ -->\n<title>IOGURTE AROMA BAUNILHA BIO 150GR<\/title>\n<meta name=\"robots\" content=\"index, follow, max-snippet:-1, max-image-preview:large, max-video-preview:-1\" \/>\n<link rel=\"canonical\" href=\"https:\/\/biocabaz.pt\/web\/produto\/iogurte-aroma-baunilha-150gr\/\" \/>\n<meta property=\"og:locale\" content=\"pt_PT\" \/>\n<meta property=\"og:locale:alternate\" content=\"en_US\" \/>\n<meta property=\"og:type\" content=\"article\" \/>\n<meta property=\"og:title\" content=\"IOGURTE AROMA BAUNILHA BIO 150GR\" \/>\n<meta property=\"og:description\" content=\"Descri\u00e7\u00e3o Ingredientes: Iogurte natural completo*, A\u00e7\u00facar-de-cana*, Aroma natural de baunilha. *Proveniente de Agricultura Biol\u00f3gica. Dados Nutricionais Declara\u00e7\u00e3o Nutricional por 100g: Energia: 406kj\/97kcal; L\u00edpidos: 3,6g &#8211; dos quais \u00e1cidos gordos saturados: 2,2g; Hidratos de carbono: 12,2g &#8211; dos quais a\u00e7\u00facares: 12,2g; Prote\u00ednas: 4g; Sal: 0,1g; C\u00e1lcio: 140mg. Modo Utiliza\u00e7\u00e3o\" \/>\n<meta property=\"og:url\" content=\"https:\/\/biocabaz.pt\/web\/produto\/iogurte-aroma-baunilha-150gr\/\" \/>\n<meta property=\"og:site_name\" content=\"BIOCABAZ - CABAZES BIOL\u00d3GICOS\" \/>\n<meta property=\"article:modified_time\" content=\"2026-03-28T09:08:26+00:00\" \/>\n<meta property=\"og:image\" content=\"https:\/\/www.biocabaz.pt\/web\/wp-conteudos\/uploads\/2016\/04\/664.jpg\" \/>\n\t<meta property=\"og:image:width\" content=\"1024\" \/>\n\t<meta property=\"og:image:height\" content=\"1024\" \/>\n\t<meta property=\"og:image:type\" content=\"image\/jpeg\" \/>\n<meta name=\"twitter:card\" content=\"summary_large_image\" \/>\n<meta name=\"twitter:label1\" content=\"Est. reading time\" \/>\n\t<meta name=\"twitter:data1\" content=\"1 minuto\" \/>\n<script type=\"application\/ld+json\" class=\"yoast-schema-graph\">{\"@context\":\"https:\/\/schema.org\",\"@graph\":[{\"@type\":\"WebPage\",\"@id\":\"https:\/\/biocabaz.pt\/web\/produto\/iogurte-aroma-baunilha-150gr\/\",\"url\":\"https:\/\/biocabaz.pt\/web\/produto\/iogurte-aroma-baunilha-150gr\/\",\"name\":\"IOGURTE AROMA BAUNILHA BIO 150GR\",\"isPartOf\":{\"@id\":\"https:\/\/www.biocabaz.pt\/web\/#website\"},\"primaryImageOfPage\":{\"@id\":\"https:\/\/biocabaz.pt\/web\/produto\/iogurte-aroma-baunilha-150gr\/#primaryimage\"},\"image\":{\"@id\":\"https:\/\/biocabaz.pt\/web\/produto\/iogurte-aroma-baunilha-150gr\/#primaryimage\"},\"thumbnailUrl\":\"https:\/\/www.biocabaz.pt\/web\/wp-conteudos\/uploads\/2016\/04\/664.jpg\",\"datePublished\":\"2016-04-14T21:42:42+00:00\",\"dateModified\":\"2026-03-28T09:08:26+00:00\",\"breadcrumb\":{\"@id\":\"https:\/\/biocabaz.pt\/web\/produto\/iogurte-aroma-baunilha-150gr\/#breadcrumb\"},\"inLanguage\":\"pt-PT\",\"potentialAction\":[{\"@type\":\"ReadAction\",\"target\":[\"https:\/\/biocabaz.pt\/web\/produto\/iogurte-aroma-baunilha-150gr\/\"]}]},{\"@type\":\"ImageObject\",\"inLanguage\":\"pt-PT\",\"@id\":\"https:\/\/biocabaz.pt\/web\/produto\/iogurte-aroma-baunilha-150gr\/#primaryimage\",\"url\":\"https:\/\/www.biocabaz.pt\/web\/wp-conteudos\/uploads\/2016\/04\/664.jpg\",\"contentUrl\":\"https:\/\/www.biocabaz.pt\/web\/wp-conteudos\/uploads\/2016\/04\/664.jpg\",\"width\":1024,\"height\":1024},{\"@type\":\"BreadcrumbList\",\"@id\":\"https:\/\/biocabaz.pt\/web\/produto\/iogurte-aroma-baunilha-150gr\/#breadcrumb\",\"itemListElement\":[{\"@type\":\"ListItem\",\"position\":1,\"name\":\"Home\",\"item\":\"https:\/\/www.biocabaz.pt\/web\/\"},{\"@type\":\"ListItem\",\"position\":2,\"name\":\"Loja\",\"item\":\"https:\/\/www.biocabaz.pt\/web\/shop\/\"},{\"@type\":\"ListItem\",\"position\":3,\"name\":\"IOGURTE AROMA BAUNILHA BIO 150GR\"}]},{\"@type\":\"WebSite\",\"@id\":\"https:\/\/www.biocabaz.pt\/web\/#website\",\"url\":\"https:\/\/www.biocabaz.pt\/web\/\",\"name\":\"BIOCABAZ - CABAZES BIOL\u00d3GICOS\",\"description\":\"O melhor que a terra d\u00e1 \u00e9 para si\",\"potentialAction\":[{\"@type\":\"SearchAction\",\"target\":{\"@type\":\"EntryPoint\",\"urlTemplate\":\"https:\/\/www.biocabaz.pt\/web\/?s={search_term_string}\"},\"query-input\":{\"@type\":\"PropertyValueSpecification\",\"valueRequired\":true,\"valueName\":\"search_term_string\"}}],\"inLanguage\":\"pt-PT\"}]}<\/script>\n<!-- \/ Yoast SEO plugin. -->","yoast_head_json":{"title":"IOGURTE AROMA BAUNILHA BIO 150GR","robots":{"index":"index","follow":"follow","max-snippet":"max-snippet:-1","max-image-preview":"max-image-preview:large","max-video-preview":"max-video-preview:-1"},"canonical":"https:\/\/biocabaz.pt\/web\/produto\/iogurte-aroma-baunilha-150gr\/","og_locale":"pt_PT","og_type":"article","og_title":"[:en]ORGANIC YOGHURT VANILLA FLAVOURED 150GR[:pt]IOGURTE AROMA BAUNILHA BIO 150GR[:] - BIOCABAZ - CABAZES BIOL\u00d3GICOS","og_description":"Descri\u00e7\u00e3o Ingredientes: Iogurte natural completo*, A\u00e7\u00facar-de-cana*, Aroma natural de baunilha. *Proveniente de Agricultura Biol\u00f3gica. Dados Nutricionais Declara\u00e7\u00e3o Nutricional por 100g: Energia: 406kj\/97kcal; L\u00edpidos: 3,6g &#8211; dos quais \u00e1cidos gordos saturados: 2,2g; Hidratos de carbono: 12,2g &#8211; dos quais a\u00e7\u00facares: 12,2g; Prote\u00ednas: 4g; Sal: 0,1g; C\u00e1lcio: 140mg. Modo Utiliza\u00e7\u00e3o","og_url":"https:\/\/biocabaz.pt\/web\/produto\/iogurte-aroma-baunilha-150gr\/","og_site_name":"BIOCABAZ - CABAZES BIOL\u00d3GICOS","article_modified_time":"2026-03-28T09:08:26+00:00","og_image":[{"width":1024,"height":1024,"url":"https:\/\/www.biocabaz.pt\/web\/wp-conteudos\/uploads\/2016\/04\/664.jpg","type":"image\/jpeg"}],"twitter_card":"summary_large_image","twitter_misc":{"Est. reading time":"1 minuto"},"schema":{"@context":"https:\/\/schema.org","@graph":[{"@type":"WebPage","@id":"https:\/\/biocabaz.pt\/web\/produto\/iogurte-aroma-baunilha-150gr\/","url":"https:\/\/biocabaz.pt\/web\/produto\/iogurte-aroma-baunilha-150gr\/","name":"IOGURTE AROMA BAUNILHA BIO 150GR","isPartOf":{"@id":"https:\/\/www.biocabaz.pt\/web\/#website"},"primaryImageOfPage":{"@id":"https:\/\/biocabaz.pt\/web\/produto\/iogurte-aroma-baunilha-150gr\/#primaryimage"},"image":{"@id":"https:\/\/biocabaz.pt\/web\/produto\/iogurte-aroma-baunilha-150gr\/#primaryimage"},"thumbnailUrl":"https:\/\/www.biocabaz.pt\/web\/wp-conteudos\/uploads\/2016\/04\/664.jpg","datePublished":"2016-04-14T21:42:42+00:00","dateModified":"2026-03-28T09:08:26+00:00","breadcrumb":{"@id":"https:\/\/biocabaz.pt\/web\/produto\/iogurte-aroma-baunilha-150gr\/#breadcrumb"},"inLanguage":"pt-PT","potentialAction":[{"@type":"ReadAction","target":["https:\/\/biocabaz.pt\/web\/produto\/iogurte-aroma-baunilha-150gr\/"]}]},{"@type":"ImageObject","inLanguage":"pt-PT","@id":"https:\/\/biocabaz.pt\/web\/produto\/iogurte-aroma-baunilha-150gr\/#primaryimage","url":"https:\/\/www.biocabaz.pt\/web\/wp-conteudos\/uploads\/2016\/04\/664.jpg","contentUrl":"https:\/\/www.biocabaz.pt\/web\/wp-conteudos\/uploads\/2016\/04\/664.jpg","width":1024,"height":1024},{"@type":"BreadcrumbList","@id":"https:\/\/biocabaz.pt\/web\/produto\/iogurte-aroma-baunilha-150gr\/#breadcrumb","itemListElement":[{"@type":"ListItem","position":1,"name":"Home","item":"https:\/\/www.biocabaz.pt\/web\/"},{"@type":"ListItem","position":2,"name":"Loja","item":"https:\/\/www.biocabaz.pt\/web\/shop\/"},{"@type":"ListItem","position":3,"name":"IOGURTE AROMA BAUNILHA BIO 150GR"}]},{"@type":"WebSite","@id":"https:\/\/www.biocabaz.pt\/web\/#website","url":"https:\/\/www.biocabaz.pt\/web\/","name":"BIOCABAZ - CABAZES BIOL\u00d3GICOS","description":"O melhor que a terra d\u00e1 \u00e9 para si","potentialAction":[{"@type":"SearchAction","target":{"@type":"EntryPoint","urlTemplate":"https:\/\/www.biocabaz.pt\/web\/?s={search_term_string}"},"query-input":{"@type":"PropertyValueSpecification","valueRequired":true,"valueName":"search_term_string"}}],"inLanguage":"pt-PT"}]}},"_links":{"self":[{"href":"https:\/\/biocabaz.pt\/web\/wp-json\/wp\/v2\/product\/943","targetHints":{"allow":["GET"]}}],"collection":[{"href":"https:\/\/biocabaz.pt\/web\/wp-json\/wp\/v2\/product"}],"about":[{"href":"https:\/\/biocabaz.pt\/web\/wp-json\/wp\/v2\/types\/product"}],"replies":[{"embeddable":true,"href":"https:\/\/biocabaz.pt\/web\/wp-json\/wp\/v2\/comments?post=943"}],"wp:featuredmedia":[{"embeddable":true,"href":"https:\/\/biocabaz.pt\/web\/wp-json\/wp\/v2\/media\/1063"}],"wp:attachment":[{"href":"https:\/\/biocabaz.pt\/web\/wp-json\/wp\/v2\/media?parent=943"}],"wp:term":[{"taxonomy":"product_cat","embeddable":true,"href":"https:\/\/biocabaz.pt\/web\/wp-json\/wp\/v2\/product_cat?post=943"},{"taxonomy":"product_tag","embeddable":true,"href":"https:\/\/biocabaz.pt\/web\/wp-json\/wp\/v2\/product_tag?post=943"}],"curies":[{"name":"wp","href":"https:\/\/api.w.org\/{rel}","templated":true}]}}