{"id":929,"date":"2016-04-14T21:42:24","date_gmt":"2016-04-14T21:42:24","guid":{"rendered":"http:\/\/www.biocabaz.com\/web\/produto\/despertar-do-buda-anana-erva-trigo-360g-iswari\/"},"modified":"2023-04-17T12:08:38","modified_gmt":"2023-04-17T12:08:38","slug":"matcha-bio-provida-70g","status":"publish","type":"product","link":"https:\/\/biocabaz.pt\/web\/produto\/matcha-bio-provida-70g\/","title":{"rendered":"Matcha BIO Pr\u00f3vida 70g"},"content":{"rendered":"<h3>DESCRI\u00c7\u00c3O<\/h3>\n<p>Matcha em P\u00f3 BIO 70g. Pr\u00f3vida. Rica em fibra, ferro, \u00e1cido f\u00f3lico, c\u00e1lcio e vitamina K. Ingredientes: 100% Ch\u00e1 verde de produ\u00e7\u00e3o biol\u00f3gica. PT-BIO-04 Origem: n\u00e3o UE. Sem gl\u00faten . Vegan . Embalagem 100% Compost\u00e1vel.<\/p>\n<h3>DADOS NUTRICIONAIS<\/h3>\n<p>Declara\u00e7\u00e3o Nutricional por 100g: Energia &#8211; 1507kJ\/360kcal; L\u00edpidos &#8211; 5,3g, dos quais saturados &#8211; 0,7g, Hidratos de Carbono &#8211; 39,5g, dos quais a\u00e7\u00facares &#8211; 1,6g; Fibra &#8211; 31,9g; Prote\u00ednas &#8211; 22,6g; Sal &#8211; 0,02g ; Vitamina K &#8211; 2900ug (3866,67%VRN*); C\u00e1lcio &#8211; 420mg (52,5%VRN*); \u00c1cido F\u00f3lico &#8211; 1200ug (600%VRN*); Ferro &#8211; 17mg (121,4%VRN). * VRN &#8211; Valor de Refer\u00eancia do Nutriente<\/p>\n<h3>MODO DE UTILIZA\u00c7\u00c3O<\/h3>\n<p>Colocar 5g numa ch\u00e1vena e adicionar \u00e1gua quente. Mexer, quando se formar pequenas bolhas est\u00e1 pronto a consumir. CONSERVAR EM LOCAL SECO E FRESCO.<\/p>\n","protected":false},"excerpt":{"rendered":"<p>DESCRI\u00c7\u00c3O Matcha em P\u00f3 BIO 70g. Pr\u00f3vida. Rica em fibra, ferro, \u00e1cido f\u00f3lico, c\u00e1lcio e vitamina K. Ingredientes: 100% Ch\u00e1 verde de produ\u00e7\u00e3o biol\u00f3gica. PT-BIO-04 Origem: n\u00e3o UE. Sem gl\u00faten . Vegan . Embalagem 100% Compost\u00e1vel. DADOS NUTRICIONAIS Declara\u00e7\u00e3o Nutricional por 100g: Energia &#8211; 1507kJ\/360kcal; L\u00edpidos &#8211; 5,3g, dos quais saturados &#8211; 0,7g, Hidratos de [&hellip;]<\/p>\n","protected":false},"featured_media":82236,"comment_status":"closed","ping_status":"closed","template":"","meta":[],"product_cat":[55],"product_tag":[],"class_list":["post-929","product","type-product","status-publish","has-post-thumbnail","hentry","product_cat-superalimentos"],"bundle_layout":"","bundled_by":[],"bundled_items":[],"yoast_head":"<!-- This site is optimized with the Yoast SEO plugin v26.3 - https:\/\/yoast.com\/wordpress\/plugins\/seo\/ -->\n<title>Matcha BIO Pr\u00f3vida 70g<\/title>\n<meta name=\"robots\" content=\"index, follow, max-snippet:-1, max-image-preview:large, max-video-preview:-1\" \/>\n<link rel=\"canonical\" href=\"https:\/\/www.biocabaz.pt\/web\/en\/produto\/matcha-bio-provida-70g\/\" \/>\n<meta property=\"og:locale\" content=\"pt_PT\" \/>\n<meta property=\"og:locale:alternate\" content=\"en_US\" \/>\n<meta property=\"og:type\" content=\"article\" \/>\n<meta property=\"og:title\" content=\"Matcha BIO Pr\u00f3vida 70g\" \/>\n<meta property=\"og:description\" content=\"DESCRI\u00c7\u00c3O Matcha em P\u00f3 BIO 70g. Pr\u00f3vida. Rica em fibra, ferro, \u00e1cido f\u00f3lico, c\u00e1lcio e vitamina K. Ingredientes: 100% Ch\u00e1 verde de produ\u00e7\u00e3o biol\u00f3gica. PT-BIO-04 Origem: n\u00e3o UE. Sem gl\u00faten . Vegan . Embalagem 100% Compost\u00e1vel. DADOS NUTRICIONAIS Declara\u00e7\u00e3o Nutricional por 100g: Energia &#8211; 1507kJ\/360kcal; L\u00edpidos &#8211; 5,3g, dos quais saturados &#8211; 0,7g, Hidratos de [&hellip;]\" \/>\n<meta property=\"og:url\" content=\"https:\/\/biocabaz.pt\/web\/produto\/matcha-bio-provida-70g\/\" \/>\n<meta property=\"og:site_name\" content=\"BIOCABAZ - CABAZES BIOL\u00d3GICOS\" \/>\n<meta property=\"article:modified_time\" content=\"2023-04-17T12:08:38+00:00\" \/>\n<meta property=\"og:image\" content=\"https:\/\/www.biocabaz.pt\/web\/wp-conteudos\/uploads\/2016\/04\/matcha-bio-provida-70g-e1644518321723.jpg\" \/>\n\t<meta property=\"og:image:width\" content=\"500\" \/>\n\t<meta property=\"og:image:height\" content=\"500\" \/>\n\t<meta property=\"og:image:type\" content=\"image\/jpeg\" \/>\n<meta name=\"twitter:card\" content=\"summary_large_image\" \/>\n<meta name=\"twitter:label1\" content=\"Est. reading time\" \/>\n\t<meta name=\"twitter:data1\" content=\"1 minuto\" \/>\n<script type=\"application\/ld+json\" class=\"yoast-schema-graph\">{\"@context\":\"https:\/\/schema.org\",\"@graph\":[{\"@type\":\"WebPage\",\"@id\":\"https:\/\/www.biocabaz.pt\/web\/en\/produto\/matcha-bio-provida-70g\/\",\"url\":\"https:\/\/www.biocabaz.pt\/web\/en\/produto\/matcha-bio-provida-70g\/\",\"name\":\"Matcha BIO Pr\u00f3vida 70g\",\"isPartOf\":{\"@id\":\"https:\/\/biocabaz.pt\/web\/en\/#website\"},\"primaryImageOfPage\":{\"@id\":\"https:\/\/www.biocabaz.pt\/web\/en\/produto\/matcha-bio-provida-70g\/#primaryimage\"},\"image\":{\"@id\":\"https:\/\/www.biocabaz.pt\/web\/en\/produto\/matcha-bio-provida-70g\/#primaryimage\"},\"thumbnailUrl\":\"https:\/\/www.biocabaz.pt\/web\/wp-conteudos\/uploads\/2016\/04\/matcha-bio-provida-70g-e1644518321723.jpg\",\"datePublished\":\"2016-04-14T21:42:24+00:00\",\"dateModified\":\"2023-04-17T12:08:38+00:00\",\"breadcrumb\":{\"@id\":\"https:\/\/www.biocabaz.pt\/web\/en\/produto\/matcha-bio-provida-70g\/#breadcrumb\"},\"inLanguage\":\"pt-PT\",\"potentialAction\":[{\"@type\":\"ReadAction\",\"target\":[\"https:\/\/www.biocabaz.pt\/web\/en\/produto\/matcha-bio-provida-70g\/\"]}]},{\"@type\":\"ImageObject\",\"inLanguage\":\"pt-PT\",\"@id\":\"https:\/\/www.biocabaz.pt\/web\/en\/produto\/matcha-bio-provida-70g\/#primaryimage\",\"url\":\"https:\/\/www.biocabaz.pt\/web\/wp-conteudos\/uploads\/2016\/04\/matcha-bio-provida-70g-e1644518321723.jpg\",\"contentUrl\":\"https:\/\/www.biocabaz.pt\/web\/wp-conteudos\/uploads\/2016\/04\/matcha-bio-provida-70g-e1644518321723.jpg\",\"width\":500,\"height\":500,\"caption\":\"Matcha BIO Pr\u00f3vida 70g\"},{\"@type\":\"BreadcrumbList\",\"@id\":\"https:\/\/www.biocabaz.pt\/web\/en\/produto\/matcha-bio-provida-70g\/#breadcrumb\",\"itemListElement\":[{\"@type\":\"ListItem\",\"position\":1,\"name\":\"Home\",\"item\":\"https:\/\/biocabaz.pt\/web\/en\/\"},{\"@type\":\"ListItem\",\"position\":2,\"name\":\"Shop\",\"item\":\"https:\/\/biocabaz.pt\/web\/en\/shop\/\"},{\"@type\":\"ListItem\",\"position\":3,\"name\":\"Matcha BIO Pr\u00f3vida 70g\"}]},{\"@type\":\"WebSite\",\"@id\":\"https:\/\/biocabaz.pt\/web\/en\/#website\",\"url\":\"https:\/\/biocabaz.pt\/web\/en\/\",\"name\":\"BIOCABAZ - CABAZES BIOL\u00d3GICOS\",\"description\":\"O melhor que a terra d\u00e1 \u00e9 para si\",\"potentialAction\":[{\"@type\":\"SearchAction\",\"target\":{\"@type\":\"EntryPoint\",\"urlTemplate\":\"https:\/\/biocabaz.pt\/web\/en\/?s={search_term_string}\"},\"query-input\":{\"@type\":\"PropertyValueSpecification\",\"valueRequired\":true,\"valueName\":\"search_term_string\"}}],\"inLanguage\":\"pt-PT\"}]}<\/script>\n<!-- \/ Yoast SEO plugin. -->","yoast_head_json":{"title":"Matcha BIO Pr\u00f3vida 70g","robots":{"index":"index","follow":"follow","max-snippet":"max-snippet:-1","max-image-preview":"max-image-preview:large","max-video-preview":"max-video-preview:-1"},"canonical":"https:\/\/www.biocabaz.pt\/web\/en\/produto\/matcha-bio-provida-70g\/","og_locale":"pt_PT","og_type":"article","og_title":"[:en]Matcha BIO Pr\u00f3vida 70g[:pt]Matcha BIO Pr\u00f3vida 70g[:] - BIOCABAZ - CABAZES BIOL\u00d3GICOS","og_description":"DESCRI\u00c7\u00c3O Matcha em P\u00f3 BIO 70g. Pr\u00f3vida. Rica em fibra, ferro, \u00e1cido f\u00f3lico, c\u00e1lcio e vitamina K. Ingredientes: 100% Ch\u00e1 verde de produ\u00e7\u00e3o biol\u00f3gica. PT-BIO-04 Origem: n\u00e3o UE. Sem gl\u00faten . Vegan . Embalagem 100% Compost\u00e1vel. DADOS NUTRICIONAIS Declara\u00e7\u00e3o Nutricional por 100g: Energia &#8211; 1507kJ\/360kcal; L\u00edpidos &#8211; 5,3g, dos quais saturados &#8211; 0,7g, Hidratos de [&hellip;]","og_url":"https:\/\/biocabaz.pt\/web\/produto\/matcha-bio-provida-70g\/","og_site_name":"BIOCABAZ - CABAZES BIOL\u00d3GICOS","article_modified_time":"2023-04-17T12:08:38+00:00","og_image":[{"width":500,"height":500,"url":"https:\/\/www.biocabaz.pt\/web\/wp-conteudos\/uploads\/2016\/04\/matcha-bio-provida-70g-e1644518321723.jpg","type":"image\/jpeg"}],"twitter_card":"summary_large_image","twitter_misc":{"Est. reading time":"1 minuto"},"schema":{"@context":"https:\/\/schema.org","@graph":[{"@type":"WebPage","@id":"https:\/\/www.biocabaz.pt\/web\/en\/produto\/matcha-bio-provida-70g\/","url":"https:\/\/www.biocabaz.pt\/web\/en\/produto\/matcha-bio-provida-70g\/","name":"Matcha BIO Pr\u00f3vida 70g","isPartOf":{"@id":"https:\/\/biocabaz.pt\/web\/en\/#website"},"primaryImageOfPage":{"@id":"https:\/\/www.biocabaz.pt\/web\/en\/produto\/matcha-bio-provida-70g\/#primaryimage"},"image":{"@id":"https:\/\/www.biocabaz.pt\/web\/en\/produto\/matcha-bio-provida-70g\/#primaryimage"},"thumbnailUrl":"https:\/\/www.biocabaz.pt\/web\/wp-conteudos\/uploads\/2016\/04\/matcha-bio-provida-70g-e1644518321723.jpg","datePublished":"2016-04-14T21:42:24+00:00","dateModified":"2023-04-17T12:08:38+00:00","breadcrumb":{"@id":"https:\/\/www.biocabaz.pt\/web\/en\/produto\/matcha-bio-provida-70g\/#breadcrumb"},"inLanguage":"pt-PT","potentialAction":[{"@type":"ReadAction","target":["https:\/\/www.biocabaz.pt\/web\/en\/produto\/matcha-bio-provida-70g\/"]}]},{"@type":"ImageObject","inLanguage":"pt-PT","@id":"https:\/\/www.biocabaz.pt\/web\/en\/produto\/matcha-bio-provida-70g\/#primaryimage","url":"https:\/\/www.biocabaz.pt\/web\/wp-conteudos\/uploads\/2016\/04\/matcha-bio-provida-70g-e1644518321723.jpg","contentUrl":"https:\/\/www.biocabaz.pt\/web\/wp-conteudos\/uploads\/2016\/04\/matcha-bio-provida-70g-e1644518321723.jpg","width":500,"height":500,"caption":"Matcha BIO Pr\u00f3vida 70g"},{"@type":"BreadcrumbList","@id":"https:\/\/www.biocabaz.pt\/web\/en\/produto\/matcha-bio-provida-70g\/#breadcrumb","itemListElement":[{"@type":"ListItem","position":1,"name":"Home","item":"https:\/\/biocabaz.pt\/web\/en\/"},{"@type":"ListItem","position":2,"name":"Shop","item":"https:\/\/biocabaz.pt\/web\/en\/shop\/"},{"@type":"ListItem","position":3,"name":"Matcha BIO Pr\u00f3vida 70g"}]},{"@type":"WebSite","@id":"https:\/\/biocabaz.pt\/web\/en\/#website","url":"https:\/\/biocabaz.pt\/web\/en\/","name":"BIOCABAZ - CABAZES BIOL\u00d3GICOS","description":"O melhor que a terra d\u00e1 \u00e9 para si","potentialAction":[{"@type":"SearchAction","target":{"@type":"EntryPoint","urlTemplate":"https:\/\/biocabaz.pt\/web\/en\/?s={search_term_string}"},"query-input":{"@type":"PropertyValueSpecification","valueRequired":true,"valueName":"search_term_string"}}],"inLanguage":"pt-PT"}]}},"_links":{"self":[{"href":"https:\/\/biocabaz.pt\/web\/wp-json\/wp\/v2\/product\/929","targetHints":{"allow":["GET"]}}],"collection":[{"href":"https:\/\/biocabaz.pt\/web\/wp-json\/wp\/v2\/product"}],"about":[{"href":"https:\/\/biocabaz.pt\/web\/wp-json\/wp\/v2\/types\/product"}],"replies":[{"embeddable":true,"href":"https:\/\/biocabaz.pt\/web\/wp-json\/wp\/v2\/comments?post=929"}],"wp:featuredmedia":[{"embeddable":true,"href":"https:\/\/biocabaz.pt\/web\/wp-json\/wp\/v2\/media\/82236"}],"wp:attachment":[{"href":"https:\/\/biocabaz.pt\/web\/wp-json\/wp\/v2\/media?parent=929"}],"wp:term":[{"taxonomy":"product_cat","embeddable":true,"href":"https:\/\/biocabaz.pt\/web\/wp-json\/wp\/v2\/product_cat?post=929"},{"taxonomy":"product_tag","embeddable":true,"href":"https:\/\/biocabaz.pt\/web\/wp-json\/wp\/v2\/product_tag?post=929"}],"curies":[{"name":"wp","href":"https:\/\/api.w.org\/{rel}","templated":true}]}}