{"id":81501,"date":"2022-01-27T22:04:52","date_gmt":"2022-01-27T22:04:52","guid":{"rendered":"https:\/\/www.biocabaz.pt\/web\/?post_type=product&#038;p=81501"},"modified":"2025-06-09T08:19:06","modified_gmt":"2025-06-09T08:19:06","slug":"farinha-de-trigo-serraceno-paulino-horta-bio-1kg","status":"publish","type":"product","link":"https:\/\/biocabaz.pt\/web\/produto\/farinha-de-trigo-serraceno-paulino-horta-bio-1kg\/","title":{"rendered":"FARINHA DE TRIGO-SERRACENO  PAULINO HORTA BIO 1KG"},"content":{"rendered":"","protected":false},"excerpt":{"rendered":"<p><strong>Descri\u00e7\u00e3o<\/strong><br \/>\nFarinha de Trigo-Sarraceno: indicada para uso culinario. Pode Cont\u00e9m vest\u00edgios de\u00a0 gl\u00faten.<\/p>\n<p><strong>Dados Nutricionais<\/strong><br \/>\nDeclara\u00e7\u00e3o Nutricional por 100g:<br \/>\nEnergia: 1521 kJ\/359kcal;<br \/>\nL\u00edpidos: 1,3g \u2013 dos quais saturados: 0,3g;<br \/>\nHidratos de Carbono: 72g \u2013 dos quais a\u00e7\u00facares: 0,4g;<br \/>\nFibra: 3,7g;<br \/>\nProte\u00ednas: 13,0g;<br \/>\nSal: <0,01g.\n<\/p>\n","protected":false},"featured_media":81502,"comment_status":"closed","ping_status":"closed","template":"","meta":[],"product_cat":[22],"product_tag":[],"class_list":["post-81501","product","type-product","status-publish","has-post-thumbnail","hentry","product_cat-arroz-farinha"],"bundle_layout":"","bundled_by":[],"bundled_items":[],"yoast_head":"<!-- This site is optimized with the Yoast SEO plugin v26.3 - https:\/\/yoast.com\/wordpress\/plugins\/seo\/ -->\n<title>FARINHA DE TRIGO-SERRACENO PAULINO HORTA BIO 1KG<\/title>\n<meta name=\"robots\" content=\"index, follow, max-snippet:-1, max-image-preview:large, max-video-preview:-1\" \/>\n<link rel=\"canonical\" href=\"https:\/\/www.biocabaz.pt\/web\/en\/produto\/farinha-de-trigo-serraceno-paulino-horta-bio-1kg\/\" \/>\n<meta property=\"og:locale\" content=\"pt_PT\" \/>\n<meta property=\"og:locale:alternate\" content=\"en_US\" \/>\n<meta property=\"og:type\" content=\"article\" \/>\n<meta property=\"og:title\" content=\"FARINHA DE TRIGO-SERRACENO PAULINO HORTA BIO 1KG\" \/>\n<meta property=\"og:description\" content=\"Descri\u00e7\u00e3o Farinha de Trigo-Sarraceno: indicada para uso culinario. Pode Cont\u00e9m vest\u00edgios de\u00a0 gl\u00faten.  Dados Nutricionais Declara\u00e7\u00e3o Nutricional por 100g: Energia: 1521 kJ\/359kcal; L\u00edpidos: 1,3g \u2013 dos quais saturados: 0,3g; Hidratos de Carbono: 72g \u2013 dos quais a\u00e7\u00facares: 0,4g; Fibra: 3,7g; Prote\u00ednas: 13,0g; Sal:\" \/>\n<meta property=\"og:url\" content=\"https:\/\/biocabaz.pt\/web\/produto\/farinha-de-trigo-serraceno-paulino-horta-bio-1kg\/\" \/>\n<meta property=\"og:site_name\" content=\"BIOCABAZ - CABAZES BIOL\u00d3GICOS\" \/>\n<meta property=\"article:modified_time\" content=\"2025-06-09T08:19:06+00:00\" \/>\n<meta property=\"og:image\" content=\"https:\/\/www.biocabaz.pt\/web\/wp-conteudos\/uploads\/2022\/01\/farinha-de-trigo-serraceno-paulino-horta-bio-1kg-e1643320958337.jpg\" \/>\n\t<meta property=\"og:image:width\" content=\"600\" \/>\n\t<meta property=\"og:image:height\" content=\"400\" \/>\n\t<meta property=\"og:image:type\" content=\"image\/jpeg\" \/>\n<meta name=\"twitter:card\" content=\"summary_large_image\" \/>\n<script type=\"application\/ld+json\" class=\"yoast-schema-graph\">{\"@context\":\"https:\/\/schema.org\",\"@graph\":[{\"@type\":\"WebPage\",\"@id\":\"https:\/\/www.biocabaz.pt\/web\/en\/produto\/farinha-de-trigo-serraceno-paulino-horta-bio-1kg\/\",\"url\":\"https:\/\/www.biocabaz.pt\/web\/en\/produto\/farinha-de-trigo-serraceno-paulino-horta-bio-1kg\/\",\"name\":\"FARINHA DE TRIGO-SERRACENO PAULINO HORTA BIO 1KG\",\"isPartOf\":{\"@id\":\"https:\/\/biocabaz.pt\/web\/#website\"},\"primaryImageOfPage\":{\"@id\":\"https:\/\/www.biocabaz.pt\/web\/en\/produto\/farinha-de-trigo-serraceno-paulino-horta-bio-1kg\/#primaryimage\"},\"image\":{\"@id\":\"https:\/\/www.biocabaz.pt\/web\/en\/produto\/farinha-de-trigo-serraceno-paulino-horta-bio-1kg\/#primaryimage\"},\"thumbnailUrl\":\"https:\/\/www.biocabaz.pt\/web\/wp-conteudos\/uploads\/2022\/01\/farinha-de-trigo-serraceno-paulino-horta-bio-1kg-e1643320958337.jpg\",\"datePublished\":\"2022-01-27T22:04:52+00:00\",\"dateModified\":\"2025-06-09T08:19:06+00:00\",\"breadcrumb\":{\"@id\":\"https:\/\/www.biocabaz.pt\/web\/en\/produto\/farinha-de-trigo-serraceno-paulino-horta-bio-1kg\/#breadcrumb\"},\"inLanguage\":\"pt-PT\",\"potentialAction\":[{\"@type\":\"ReadAction\",\"target\":[\"https:\/\/www.biocabaz.pt\/web\/en\/produto\/farinha-de-trigo-serraceno-paulino-horta-bio-1kg\/\"]}]},{\"@type\":\"ImageObject\",\"inLanguage\":\"pt-PT\",\"@id\":\"https:\/\/www.biocabaz.pt\/web\/en\/produto\/farinha-de-trigo-serraceno-paulino-horta-bio-1kg\/#primaryimage\",\"url\":\"https:\/\/www.biocabaz.pt\/web\/wp-conteudos\/uploads\/2022\/01\/farinha-de-trigo-serraceno-paulino-horta-bio-1kg-e1643320958337.jpg\",\"contentUrl\":\"https:\/\/www.biocabaz.pt\/web\/wp-conteudos\/uploads\/2022\/01\/farinha-de-trigo-serraceno-paulino-horta-bio-1kg-e1643320958337.jpg\",\"width\":600,\"height\":400,\"caption\":\"FARINHA DE TRIGO-SERRACENO PAULINO HORTA BIO 1KG\"},{\"@type\":\"BreadcrumbList\",\"@id\":\"https:\/\/www.biocabaz.pt\/web\/en\/produto\/farinha-de-trigo-serraceno-paulino-horta-bio-1kg\/#breadcrumb\",\"itemListElement\":[{\"@type\":\"ListItem\",\"position\":1,\"name\":\"Home\",\"item\":\"https:\/\/biocabaz.pt\/web\/\"},{\"@type\":\"ListItem\",\"position\":2,\"name\":\"Loja\",\"item\":\"https:\/\/biocabaz.pt\/web\/shop\/\"},{\"@type\":\"ListItem\",\"position\":3,\"name\":\"FARINHA DE TRIGO-SERRACENO PAULINO HORTA BIO 1KG\"}]},{\"@type\":\"WebSite\",\"@id\":\"https:\/\/biocabaz.pt\/web\/#website\",\"url\":\"https:\/\/biocabaz.pt\/web\/\",\"name\":\"BIOCABAZ - CABAZES BIOL\u00d3GICOS\",\"description\":\"O melhor que a terra d\u00e1 \u00e9 para si\",\"potentialAction\":[{\"@type\":\"SearchAction\",\"target\":{\"@type\":\"EntryPoint\",\"urlTemplate\":\"https:\/\/biocabaz.pt\/web\/?s={search_term_string}\"},\"query-input\":{\"@type\":\"PropertyValueSpecification\",\"valueRequired\":true,\"valueName\":\"search_term_string\"}}],\"inLanguage\":\"pt-PT\"}]}<\/script>\n<!-- \/ Yoast SEO plugin. -->","yoast_head_json":{"title":"FARINHA DE TRIGO-SERRACENO PAULINO HORTA BIO 1KG","robots":{"index":"index","follow":"follow","max-snippet":"max-snippet:-1","max-image-preview":"max-image-preview:large","max-video-preview":"max-video-preview:-1"},"canonical":"https:\/\/www.biocabaz.pt\/web\/en\/produto\/farinha-de-trigo-serraceno-paulino-horta-bio-1kg\/","og_locale":"pt_PT","og_type":"article","og_title":"[:pt]FARINHA DE TRIGO-SERRACENO PAULINO HORTA BIO 1KG[:] - BIOCABAZ - CABAZES BIOL\u00d3GICOS","og_description":"Descri\u00e7\u00e3o Farinha de Trigo-Sarraceno: indicada para uso culinario. Pode Cont\u00e9m vest\u00edgios de\u00a0 gl\u00faten.  Dados Nutricionais Declara\u00e7\u00e3o Nutricional por 100g: Energia: 1521 kJ\/359kcal; L\u00edpidos: 1,3g \u2013 dos quais saturados: 0,3g; Hidratos de Carbono: 72g \u2013 dos quais a\u00e7\u00facares: 0,4g; Fibra: 3,7g; Prote\u00ednas: 13,0g; Sal:","og_url":"https:\/\/biocabaz.pt\/web\/produto\/farinha-de-trigo-serraceno-paulino-horta-bio-1kg\/","og_site_name":"BIOCABAZ - CABAZES BIOL\u00d3GICOS","article_modified_time":"2025-06-09T08:19:06+00:00","og_image":[{"width":600,"height":400,"url":"https:\/\/www.biocabaz.pt\/web\/wp-conteudos\/uploads\/2022\/01\/farinha-de-trigo-serraceno-paulino-horta-bio-1kg-e1643320958337.jpg","type":"image\/jpeg"}],"twitter_card":"summary_large_image","schema":{"@context":"https:\/\/schema.org","@graph":[{"@type":"WebPage","@id":"https:\/\/www.biocabaz.pt\/web\/en\/produto\/farinha-de-trigo-serraceno-paulino-horta-bio-1kg\/","url":"https:\/\/www.biocabaz.pt\/web\/en\/produto\/farinha-de-trigo-serraceno-paulino-horta-bio-1kg\/","name":"FARINHA DE TRIGO-SERRACENO PAULINO HORTA BIO 1KG","isPartOf":{"@id":"https:\/\/biocabaz.pt\/web\/#website"},"primaryImageOfPage":{"@id":"https:\/\/www.biocabaz.pt\/web\/en\/produto\/farinha-de-trigo-serraceno-paulino-horta-bio-1kg\/#primaryimage"},"image":{"@id":"https:\/\/www.biocabaz.pt\/web\/en\/produto\/farinha-de-trigo-serraceno-paulino-horta-bio-1kg\/#primaryimage"},"thumbnailUrl":"https:\/\/www.biocabaz.pt\/web\/wp-conteudos\/uploads\/2022\/01\/farinha-de-trigo-serraceno-paulino-horta-bio-1kg-e1643320958337.jpg","datePublished":"2022-01-27T22:04:52+00:00","dateModified":"2025-06-09T08:19:06+00:00","breadcrumb":{"@id":"https:\/\/www.biocabaz.pt\/web\/en\/produto\/farinha-de-trigo-serraceno-paulino-horta-bio-1kg\/#breadcrumb"},"inLanguage":"pt-PT","potentialAction":[{"@type":"ReadAction","target":["https:\/\/www.biocabaz.pt\/web\/en\/produto\/farinha-de-trigo-serraceno-paulino-horta-bio-1kg\/"]}]},{"@type":"ImageObject","inLanguage":"pt-PT","@id":"https:\/\/www.biocabaz.pt\/web\/en\/produto\/farinha-de-trigo-serraceno-paulino-horta-bio-1kg\/#primaryimage","url":"https:\/\/www.biocabaz.pt\/web\/wp-conteudos\/uploads\/2022\/01\/farinha-de-trigo-serraceno-paulino-horta-bio-1kg-e1643320958337.jpg","contentUrl":"https:\/\/www.biocabaz.pt\/web\/wp-conteudos\/uploads\/2022\/01\/farinha-de-trigo-serraceno-paulino-horta-bio-1kg-e1643320958337.jpg","width":600,"height":400,"caption":"FARINHA DE TRIGO-SERRACENO PAULINO HORTA BIO 1KG"},{"@type":"BreadcrumbList","@id":"https:\/\/www.biocabaz.pt\/web\/en\/produto\/farinha-de-trigo-serraceno-paulino-horta-bio-1kg\/#breadcrumb","itemListElement":[{"@type":"ListItem","position":1,"name":"Home","item":"https:\/\/biocabaz.pt\/web\/"},{"@type":"ListItem","position":2,"name":"Loja","item":"https:\/\/biocabaz.pt\/web\/shop\/"},{"@type":"ListItem","position":3,"name":"FARINHA DE TRIGO-SERRACENO PAULINO HORTA BIO 1KG"}]},{"@type":"WebSite","@id":"https:\/\/biocabaz.pt\/web\/#website","url":"https:\/\/biocabaz.pt\/web\/","name":"BIOCABAZ - CABAZES BIOL\u00d3GICOS","description":"O melhor que a terra d\u00e1 \u00e9 para si","potentialAction":[{"@type":"SearchAction","target":{"@type":"EntryPoint","urlTemplate":"https:\/\/biocabaz.pt\/web\/?s={search_term_string}"},"query-input":{"@type":"PropertyValueSpecification","valueRequired":true,"valueName":"search_term_string"}}],"inLanguage":"pt-PT"}]}},"_links":{"self":[{"href":"https:\/\/biocabaz.pt\/web\/wp-json\/wp\/v2\/product\/81501","targetHints":{"allow":["GET"]}}],"collection":[{"href":"https:\/\/biocabaz.pt\/web\/wp-json\/wp\/v2\/product"}],"about":[{"href":"https:\/\/biocabaz.pt\/web\/wp-json\/wp\/v2\/types\/product"}],"replies":[{"embeddable":true,"href":"https:\/\/biocabaz.pt\/web\/wp-json\/wp\/v2\/comments?post=81501"}],"wp:featuredmedia":[{"embeddable":true,"href":"https:\/\/biocabaz.pt\/web\/wp-json\/wp\/v2\/media\/81502"}],"wp:attachment":[{"href":"https:\/\/biocabaz.pt\/web\/wp-json\/wp\/v2\/media?parent=81501"}],"wp:term":[{"taxonomy":"product_cat","embeddable":true,"href":"https:\/\/biocabaz.pt\/web\/wp-json\/wp\/v2\/product_cat?post=81501"},{"taxonomy":"product_tag","embeddable":true,"href":"https:\/\/biocabaz.pt\/web\/wp-json\/wp\/v2\/product_tag?post=81501"}],"curies":[{"name":"wp","href":"https:\/\/api.w.org\/{rel}","templated":true}]}}