{"id":75676,"date":"2021-09-09T20:47:36","date_gmt":"2021-09-09T20:47:36","guid":{"rendered":"https:\/\/www.biocabaz.pt\/web\/?post_type=product&#038;p=75676"},"modified":"2026-03-23T10:07:13","modified_gmt":"2026-03-23T10:07:13","slug":"mega-d3-k2-60-caps-now","status":"publish","type":"product","link":"https:\/\/biocabaz.pt\/web\/produto\/mega-d3-k2-60-caps-now\/","title":{"rendered":"MEGA D3 &#038; K2 60 CAPS  NOW"},"content":{"rendered":"","protected":false},"excerpt":{"rendered":"<p><strong>Cuide dos seus ossos<\/p>\n<p>Indica\u00e7\u00f5es Terap\u00eauticas:<\/strong><br \/>\nNOW \u00ae Mega D-3 e MK-7 combina vitaminas D-3 e K-2, dois nutrientes extensivamente pesquisados por seu papel na sa\u00fade dos ossos, dentes e sistema cardiovascular. Vitamina D-3 trabalha com c\u00e1lcio para sustentar osso sa\u00fade, e estudos mais recentes indicam que \u00e9 importante para a sa\u00fade do sistema imunol\u00f3gico tamb\u00e9m. MenaQ7 \u00ae MK-7 \u00e9 uma forma biodispon\u00edvel de vitamina K-2 livre de soja que desempenha um papel cr\u00edtico na sa\u00fade arterial atrav\u00e9s de sua capacidade de apoiar metabolismo do c\u00e1lcio nos vasos sangu\u00edneos e nas art\u00e9rias. A vitamina K-2 tamb\u00e9m \u00e9 importante para a forma\u00e7\u00e3o de ossos fortes e saud\u00e1veis.<\/p>\n<p><strong>Composi\u00e7\u00e3o:<\/strong><br \/>\nPor 1 c\u00e1psula:<br \/>\nVitamina D-3 (como Colecalciferol) \u2013 125mcg;<br \/>\nA vitamina K-2 (como menaquinona-7) (MK-7) (MenaQ7 \u00ae ) &#8211; 180mcg.<\/p>\n<p><strong>Ingredientes:<\/strong><br \/>\nCelulose Microcristalina, Hipromelose (c\u00e1psula de celulose) e Di\u00f3xido de Sil\u00edcio.<\/p>\n<p><strong>Dosagem e Administra\u00e7\u00e3o:<\/strong><br \/>\nTomar 1 c\u00e1psula por dia \u00e0 refei\u00e7\u00e3o.<\/p>\n<p><strong>Apresenta\u00e7\u00e3o:<\/strong><br \/>\nEmbalagem com 60 c\u00e1psulas<\/p>\n<p><strong>Avisos:<\/strong><br \/>\nConservar em local fresco, seco e ao abrigo da luz.<\/p>\n<p>Se ocorrer alguma reac\u00e7\u00e3o, parar a utiliza\u00e7\u00e3o.<\/p>\n<p>N\u00e3o exceder a toma di\u00e1ria recomendada.<\/p>\n<p>Evite o produto em caso de alergia ou sensibilidade a algum dos ingredientes.<\/p>\n<p>Se estiver gr\u00e1vida, a amamentar, a tomar alguma especialidade farmac\u00eautica ou se sofre de alguma doen\u00e7a, consulte o seu m\u00e9dico ou t\u00e9cnico de sa\u00fade antes de tomar este suplemento.<\/p>\n<p>Os suplementos alimentares n\u00e3o devem ser utilizados como substitutos de um regime alimentar variado e de um estilo de vida saud\u00e1vel.<\/p>\n<p>Manter fora do alcance das crian\u00e7as.<\/p>\n","protected":false},"featured_media":75677,"comment_status":"closed","ping_status":"closed","template":"","meta":[],"product_cat":[88],"product_tag":[],"class_list":["post-75676","product","type-product","status-publish","has-post-thumbnail","hentry","product_cat-suplementos"],"bundle_layout":"","bundled_by":[],"bundled_items":[],"yoast_head":"<!-- This site is optimized with the Yoast SEO plugin v26.3 - https:\/\/yoast.com\/wordpress\/plugins\/seo\/ -->\n<title>MEGA D3 &amp; K2 60 CAPS NOW<\/title>\n<meta name=\"robots\" content=\"index, follow, max-snippet:-1, max-image-preview:large, max-video-preview:-1\" \/>\n<link rel=\"canonical\" href=\"https:\/\/biocabaz.pt\/web\/produto\/mega-d3-k2-60-caps-now\/\" \/>\n<meta property=\"og:locale\" content=\"pt_PT\" \/>\n<meta property=\"og:locale:alternate\" content=\"en_US\" \/>\n<meta property=\"og:type\" content=\"article\" \/>\n<meta property=\"og:title\" content=\"MEGA D3 &amp; K2 60 CAPS NOW\" \/>\n<meta property=\"og:description\" content=\"Cuide dos seus ossos  Indica\u00e7\u00f5es Terap\u00eauticas: NOW \u00ae Mega D-3 e MK-7 combina vitaminas D-3 e K-2, dois nutrientes extensivamente pesquisados por seu papel na sa\u00fade dos ossos, dentes e sistema cardiovascular. Vitamina D-3 trabalha com c\u00e1lcio para sustentar osso sa\u00fade, e estudos mais recentes indicam que \u00e9 importante para a sa\u00fade do sistema imunol\u00f3gico tamb\u00e9m. MenaQ7 \u00ae MK-7 \u00e9 uma forma biodispon\u00edvel de vitamina K-2 livre de soja que desempenha um papel cr\u00edtico na sa\u00fade arterial atrav\u00e9s de sua capacidade de apoiar metabolismo do c\u00e1lcio nos vasos sangu\u00edneos e nas art\u00e9rias. A vitamina K-2 tamb\u00e9m \u00e9 importante para a forma\u00e7\u00e3o de ossos fortes e saud\u00e1veis.  Composi\u00e7\u00e3o: Por 1 c\u00e1psula: Vitamina D-3 (como Colecalciferol) \u2013 125mcg; A vitamina K-2 (como menaquinona-7) (MK-7) (MenaQ7 \u00ae ) - 180mcg.  Ingredientes: Celulose Microcristalina, Hipromelose (c\u00e1psula de celulose) e Di\u00f3xido de Sil\u00edcio.  Dosagem e Administra\u00e7\u00e3o: Tomar 1 c\u00e1psula por dia \u00e0 refei\u00e7\u00e3o.  Apresenta\u00e7\u00e3o: Embalagem com 60 c\u00e1psulas  Avisos: Conservar em local fresco, seco e ao abrigo da luz.  Se ocorrer alguma reac\u00e7\u00e3o, parar a utiliza\u00e7\u00e3o.  N\u00e3o exceder a toma di\u00e1ria recomendada.  Evite o produto em caso de alergia ou sensibilidade a algum dos ingredientes.  Se estiver gr\u00e1vida, a amamentar, a tomar alguma especialidade farmac\u00eautica ou se sofre de alguma doen\u00e7a, consulte o seu m\u00e9dico ou t\u00e9cnico de sa\u00fade antes de tomar este suplemento.  Os suplementos alimentares n\u00e3o devem ser utilizados como substitutos de um regime alimentar variado e de um estilo de vida saud\u00e1vel.  Manter fora do alcance das crian\u00e7as.\" \/>\n<meta property=\"og:url\" content=\"https:\/\/biocabaz.pt\/web\/produto\/mega-d3-k2-60-caps-now\/\" \/>\n<meta property=\"og:site_name\" content=\"BIOCABAZ - CABAZES BIOL\u00d3GICOS\" \/>\n<meta property=\"article:modified_time\" content=\"2026-03-23T10:07:13+00:00\" \/>\n<meta property=\"og:image\" content=\"https:\/\/www.biocabaz.pt\/web\/wp-conteudos\/uploads\/2021\/09\/mega-d3-k2-60-caps-now.jpg\" \/>\n\t<meta property=\"og:image:width\" content=\"728\" \/>\n\t<meta property=\"og:image:height\" content=\"800\" \/>\n\t<meta property=\"og:image:type\" content=\"image\/jpeg\" \/>\n<meta name=\"twitter:card\" content=\"summary_large_image\" \/>\n<meta name=\"twitter:label1\" content=\"Est. reading time\" \/>\n\t<meta name=\"twitter:data1\" content=\"1 minuto\" \/>\n<script type=\"application\/ld+json\" class=\"yoast-schema-graph\">{\"@context\":\"https:\/\/schema.org\",\"@graph\":[{\"@type\":\"WebPage\",\"@id\":\"https:\/\/biocabaz.pt\/web\/produto\/mega-d3-k2-60-caps-now\/\",\"url\":\"https:\/\/biocabaz.pt\/web\/produto\/mega-d3-k2-60-caps-now\/\",\"name\":\"MEGA D3 & K2 60 CAPS NOW\",\"isPartOf\":{\"@id\":\"https:\/\/www.biocabaz.pt\/web\/#website\"},\"primaryImageOfPage\":{\"@id\":\"https:\/\/biocabaz.pt\/web\/produto\/mega-d3-k2-60-caps-now\/#primaryimage\"},\"image\":{\"@id\":\"https:\/\/biocabaz.pt\/web\/produto\/mega-d3-k2-60-caps-now\/#primaryimage\"},\"thumbnailUrl\":\"https:\/\/www.biocabaz.pt\/web\/wp-conteudos\/uploads\/2021\/09\/mega-d3-k2-60-caps-now.jpg\",\"datePublished\":\"2021-09-09T20:47:36+00:00\",\"dateModified\":\"2026-03-23T10:07:13+00:00\",\"breadcrumb\":{\"@id\":\"https:\/\/biocabaz.pt\/web\/produto\/mega-d3-k2-60-caps-now\/#breadcrumb\"},\"inLanguage\":\"pt-PT\",\"potentialAction\":[{\"@type\":\"ReadAction\",\"target\":[\"https:\/\/biocabaz.pt\/web\/produto\/mega-d3-k2-60-caps-now\/\"]}]},{\"@type\":\"ImageObject\",\"inLanguage\":\"pt-PT\",\"@id\":\"https:\/\/biocabaz.pt\/web\/produto\/mega-d3-k2-60-caps-now\/#primaryimage\",\"url\":\"https:\/\/www.biocabaz.pt\/web\/wp-conteudos\/uploads\/2021\/09\/mega-d3-k2-60-caps-now.jpg\",\"contentUrl\":\"https:\/\/www.biocabaz.pt\/web\/wp-conteudos\/uploads\/2021\/09\/mega-d3-k2-60-caps-now.jpg\",\"width\":728,\"height\":800,\"caption\":\"MEGA D3 & K2 60 CAPS \u2013 NOW\"},{\"@type\":\"BreadcrumbList\",\"@id\":\"https:\/\/biocabaz.pt\/web\/produto\/mega-d3-k2-60-caps-now\/#breadcrumb\",\"itemListElement\":[{\"@type\":\"ListItem\",\"position\":1,\"name\":\"Home\",\"item\":\"https:\/\/www.biocabaz.pt\/web\/\"},{\"@type\":\"ListItem\",\"position\":2,\"name\":\"Shop\",\"item\":\"https:\/\/www.biocabaz.pt\/web\/en\/shop\/\"},{\"@type\":\"ListItem\",\"position\":3,\"name\":\"MEGA D3 &#038; K2 60 CAPS NOW\"}]},{\"@type\":\"WebSite\",\"@id\":\"https:\/\/www.biocabaz.pt\/web\/#website\",\"url\":\"https:\/\/www.biocabaz.pt\/web\/\",\"name\":\"BIOCABAZ - CABAZES BIOL\u00d3GICOS\",\"description\":\"O melhor que a terra d\u00e1 \u00e9 para si\",\"potentialAction\":[{\"@type\":\"SearchAction\",\"target\":{\"@type\":\"EntryPoint\",\"urlTemplate\":\"https:\/\/www.biocabaz.pt\/web\/?s={search_term_string}\"},\"query-input\":{\"@type\":\"PropertyValueSpecification\",\"valueRequired\":true,\"valueName\":\"search_term_string\"}}],\"inLanguage\":\"pt-PT\"}]}<\/script>\n<!-- \/ Yoast SEO plugin. -->","yoast_head_json":{"title":"MEGA D3 & K2 60 CAPS NOW","robots":{"index":"index","follow":"follow","max-snippet":"max-snippet:-1","max-image-preview":"max-image-preview:large","max-video-preview":"max-video-preview:-1"},"canonical":"https:\/\/biocabaz.pt\/web\/produto\/mega-d3-k2-60-caps-now\/","og_locale":"pt_PT","og_type":"article","og_title":"[:en]MEGA D3 & MK7 60 CAPS NOW[:pt]MEGA D3 & K2 60 CAPS NOW[:] - BIOCABAZ - CABAZES BIOL\u00d3GICOS","og_description":"Cuide dos seus ossos  Indica\u00e7\u00f5es Terap\u00eauticas: NOW \u00ae Mega D-3 e MK-7 combina vitaminas D-3 e K-2, dois nutrientes extensivamente pesquisados por seu papel na sa\u00fade dos ossos, dentes e sistema cardiovascular. Vitamina D-3 trabalha com c\u00e1lcio para sustentar osso sa\u00fade, e estudos mais recentes indicam que \u00e9 importante para a sa\u00fade do sistema imunol\u00f3gico tamb\u00e9m. MenaQ7 \u00ae MK-7 \u00e9 uma forma biodispon\u00edvel de vitamina K-2 livre de soja que desempenha um papel cr\u00edtico na sa\u00fade arterial atrav\u00e9s de sua capacidade de apoiar metabolismo do c\u00e1lcio nos vasos sangu\u00edneos e nas art\u00e9rias. A vitamina K-2 tamb\u00e9m \u00e9 importante para a forma\u00e7\u00e3o de ossos fortes e saud\u00e1veis.  Composi\u00e7\u00e3o: Por 1 c\u00e1psula: Vitamina D-3 (como Colecalciferol) \u2013 125mcg; A vitamina K-2 (como menaquinona-7) (MK-7) (MenaQ7 \u00ae ) - 180mcg.  Ingredientes: Celulose Microcristalina, Hipromelose (c\u00e1psula de celulose) e Di\u00f3xido de Sil\u00edcio.  Dosagem e Administra\u00e7\u00e3o: Tomar 1 c\u00e1psula por dia \u00e0 refei\u00e7\u00e3o.  Apresenta\u00e7\u00e3o: Embalagem com 60 c\u00e1psulas  Avisos: Conservar em local fresco, seco e ao abrigo da luz.  Se ocorrer alguma reac\u00e7\u00e3o, parar a utiliza\u00e7\u00e3o.  N\u00e3o exceder a toma di\u00e1ria recomendada.  Evite o produto em caso de alergia ou sensibilidade a algum dos ingredientes.  Se estiver gr\u00e1vida, a amamentar, a tomar alguma especialidade farmac\u00eautica ou se sofre de alguma doen\u00e7a, consulte o seu m\u00e9dico ou t\u00e9cnico de sa\u00fade antes de tomar este suplemento.  Os suplementos alimentares n\u00e3o devem ser utilizados como substitutos de um regime alimentar variado e de um estilo de vida saud\u00e1vel.  Manter fora do alcance das crian\u00e7as.","og_url":"https:\/\/biocabaz.pt\/web\/produto\/mega-d3-k2-60-caps-now\/","og_site_name":"BIOCABAZ - CABAZES BIOL\u00d3GICOS","article_modified_time":"2026-03-23T10:07:13+00:00","og_image":[{"width":728,"height":800,"url":"https:\/\/www.biocabaz.pt\/web\/wp-conteudos\/uploads\/2021\/09\/mega-d3-k2-60-caps-now.jpg","type":"image\/jpeg"}],"twitter_card":"summary_large_image","twitter_misc":{"Est. reading time":"1 minuto"},"schema":{"@context":"https:\/\/schema.org","@graph":[{"@type":"WebPage","@id":"https:\/\/biocabaz.pt\/web\/produto\/mega-d3-k2-60-caps-now\/","url":"https:\/\/biocabaz.pt\/web\/produto\/mega-d3-k2-60-caps-now\/","name":"MEGA D3 & K2 60 CAPS NOW","isPartOf":{"@id":"https:\/\/www.biocabaz.pt\/web\/#website"},"primaryImageOfPage":{"@id":"https:\/\/biocabaz.pt\/web\/produto\/mega-d3-k2-60-caps-now\/#primaryimage"},"image":{"@id":"https:\/\/biocabaz.pt\/web\/produto\/mega-d3-k2-60-caps-now\/#primaryimage"},"thumbnailUrl":"https:\/\/www.biocabaz.pt\/web\/wp-conteudos\/uploads\/2021\/09\/mega-d3-k2-60-caps-now.jpg","datePublished":"2021-09-09T20:47:36+00:00","dateModified":"2026-03-23T10:07:13+00:00","breadcrumb":{"@id":"https:\/\/biocabaz.pt\/web\/produto\/mega-d3-k2-60-caps-now\/#breadcrumb"},"inLanguage":"pt-PT","potentialAction":[{"@type":"ReadAction","target":["https:\/\/biocabaz.pt\/web\/produto\/mega-d3-k2-60-caps-now\/"]}]},{"@type":"ImageObject","inLanguage":"pt-PT","@id":"https:\/\/biocabaz.pt\/web\/produto\/mega-d3-k2-60-caps-now\/#primaryimage","url":"https:\/\/www.biocabaz.pt\/web\/wp-conteudos\/uploads\/2021\/09\/mega-d3-k2-60-caps-now.jpg","contentUrl":"https:\/\/www.biocabaz.pt\/web\/wp-conteudos\/uploads\/2021\/09\/mega-d3-k2-60-caps-now.jpg","width":728,"height":800,"caption":"MEGA D3 & K2 60 CAPS \u2013 NOW"},{"@type":"BreadcrumbList","@id":"https:\/\/biocabaz.pt\/web\/produto\/mega-d3-k2-60-caps-now\/#breadcrumb","itemListElement":[{"@type":"ListItem","position":1,"name":"Home","item":"https:\/\/www.biocabaz.pt\/web\/"},{"@type":"ListItem","position":2,"name":"Shop","item":"https:\/\/www.biocabaz.pt\/web\/en\/shop\/"},{"@type":"ListItem","position":3,"name":"MEGA D3 &#038; K2 60 CAPS NOW"}]},{"@type":"WebSite","@id":"https:\/\/www.biocabaz.pt\/web\/#website","url":"https:\/\/www.biocabaz.pt\/web\/","name":"BIOCABAZ - CABAZES BIOL\u00d3GICOS","description":"O melhor que a terra d\u00e1 \u00e9 para si","potentialAction":[{"@type":"SearchAction","target":{"@type":"EntryPoint","urlTemplate":"https:\/\/www.biocabaz.pt\/web\/?s={search_term_string}"},"query-input":{"@type":"PropertyValueSpecification","valueRequired":true,"valueName":"search_term_string"}}],"inLanguage":"pt-PT"}]}},"_links":{"self":[{"href":"https:\/\/biocabaz.pt\/web\/wp-json\/wp\/v2\/product\/75676","targetHints":{"allow":["GET"]}}],"collection":[{"href":"https:\/\/biocabaz.pt\/web\/wp-json\/wp\/v2\/product"}],"about":[{"href":"https:\/\/biocabaz.pt\/web\/wp-json\/wp\/v2\/types\/product"}],"replies":[{"embeddable":true,"href":"https:\/\/biocabaz.pt\/web\/wp-json\/wp\/v2\/comments?post=75676"}],"wp:featuredmedia":[{"embeddable":true,"href":"https:\/\/biocabaz.pt\/web\/wp-json\/wp\/v2\/media\/75677"}],"wp:attachment":[{"href":"https:\/\/biocabaz.pt\/web\/wp-json\/wp\/v2\/media?parent=75676"}],"wp:term":[{"taxonomy":"product_cat","embeddable":true,"href":"https:\/\/biocabaz.pt\/web\/wp-json\/wp\/v2\/product_cat?post=75676"},{"taxonomy":"product_tag","embeddable":true,"href":"https:\/\/biocabaz.pt\/web\/wp-json\/wp\/v2\/product_tag?post=75676"}],"curies":[{"name":"wp","href":"https:\/\/api.w.org\/{rel}","templated":true}]}}