{"id":75296,"date":"2021-09-03T09:40:19","date_gmt":"2021-09-03T09:40:19","guid":{"rendered":"https:\/\/www.biocabaz.pt\/web\/?post_type=product&#038;p=75296"},"modified":"2023-09-21T18:46:34","modified_gmt":"2023-09-21T18:46:34","slug":"glutamine-powder-gold-nutrition-300-gr","status":"publish","type":"product","link":"https:\/\/biocabaz.pt\/web\/produto\/glutamine-powder-gold-nutrition-300-gr\/","title":{"rendered":"GLUTAMINE POWDER GOLD NUTRITION 300 GR"},"content":{"rendered":"","protected":false},"excerpt":{"rendered":"<p>Se treinas intensamente, a L-Glutamine pode ser o teu aliado para ganhar massa muscular atrav\u00e9s do seu efeito recuperador ao n\u00edvel muscular e estimula\u00e7\u00e3o da hormona do crescimento.  Apesar do nosso organismo ter a capacidade para produzir Glutamina, em situa\u00e7\u00f5es de stress, especialmente durante a pr\u00e1tica de exerc\u00edcio f\u00edsico ou infe\u00e7\u00e3o n\u00e3o s\u00e3o produzidas quantidades suficientes para suprir a necessidade existente.  Para teres no\u00e7\u00e3o da sua import\u00e2ncia, podemos dizer que a glutamina representa cerca de 50% dos amino\u00e1cidos no m\u00fasculo, logo o seu consumo ser\u00e1 importante para que o organismo n\u00e3o utilize amino\u00e1cidos essenciais para a produzir e para que haja a manuten\u00e7\u00e3o das suas reservas no m\u00fasculo.  Como a qualidade \u00e9 o factor essencial nos nossos produtos a Glutamina 100% da GoldNutrition tem o selo Kyowa . A glutamina que ir\u00e1s encontrar neste produto provem de uma empresa pioneira na produ\u00e7\u00e3o de amino\u00e1cidos livres garante uma qualidade e pureza do ingrediente muito acima da m\u00e9dia do dispon\u00edvel do mercado. Ingredientes: L-Glutamina (Kyowa Quality \u00ae) (100%) &#8211; 5g<br \/><b>Modo de Utiliza\u00e7\u00e3o:<\/b> Modo de usar: Dissolver 1 medida em um copo de \u00e1gua, misturar bem e beber de seguida.  Avisos: N\u00e3o recomendado durante a gravidez, aleitamento e a crian\u00e7as menores de 6 anos ou em caso de alergia a algum dos constituintes.  A Glutamina n\u00e3o deve ser tomada por pessoas com cirrose hep\u00e1tica, problemas renais, s\u00edndrome de Reye\u2019s ou outro tipo de patologia que aumente a acumula\u00e7\u00e3o de am\u00f3nia no sangue. <\/p>\n","protected":false},"featured_media":75297,"comment_status":"closed","ping_status":"closed","template":"","meta":[],"product_cat":[88],"product_tag":[],"class_list":["post-75296","product","type-product","status-publish","has-post-thumbnail","hentry","product_cat-suplementos"],"bundle_layout":"","bundled_by":[],"bundled_items":[],"yoast_head":"<!-- This site is optimized with the Yoast SEO plugin v26.3 - https:\/\/yoast.com\/wordpress\/plugins\/seo\/ -->\n<title>GLUTAMINE POWDER GOLD NUTRITION 300 GR<\/title>\n<meta name=\"robots\" content=\"index, follow, max-snippet:-1, max-image-preview:large, max-video-preview:-1\" \/>\n<link rel=\"canonical\" href=\"https:\/\/biocabaz.pt\/web\/produto\/glutamine-powder-gold-nutrition-300-gr\/\" \/>\n<meta property=\"og:locale\" content=\"pt_PT\" \/>\n<meta property=\"og:locale:alternate\" content=\"en_US\" \/>\n<meta property=\"og:type\" content=\"article\" \/>\n<meta property=\"og:title\" content=\"GLUTAMINE POWDER GOLD NUTRITION 300 GR\" \/>\n<meta property=\"og:description\" content=\"Se treinas intensamente, a L-Glutamine pode ser o teu aliado para ganhar massa muscular atrav\u00e9s do seu efeito recuperador ao n\u00edvel muscular e estimula\u00e7\u00e3o da hormona do crescimento. Apesar do nosso organismo ter a capacidade para produzir Glutamina, em situa\u00e7\u00f5es de stress, especialmente durante a pr\u00e1tica de exerc\u00edcio f\u00edsico ou infe\u00e7\u00e3o n\u00e3o s\u00e3o produzidas quantidades suficientes para suprir a necessidade existente. Para teres no\u00e7\u00e3o da sua import\u00e2ncia, podemos dizer que a glutamina representa cerca de 50% dos amino\u00e1cidos no m\u00fasculo, logo o seu consumo ser\u00e1 importante para que o organismo n\u00e3o utilize amino\u00e1cidos essenciais para a produzir e para que haja a manuten\u00e7\u00e3o das suas reservas no m\u00fasculo. Como a qualidade \u00e9 o factor essencial nos nossos produtos a Glutamina 100% da GoldNutrition tem o selo Kyowa . A glutamina que ir\u00e1s encontrar neste produto provem de uma empresa pioneira na produ\u00e7\u00e3o de amino\u00e1cidos livres garante uma qualidade e pureza do ingrediente muito acima da m\u00e9dia do dispon\u00edvel do mercado. Ingredientes: L-Glutamina (Kyowa Quality \u00ae) (100%) - 5gModo de Utiliza\u00e7\u00e3o: Modo de usar: Dissolver 1 medida em um copo de \u00e1gua, misturar bem e beber de seguida. Avisos: N\u00e3o recomendado durante a gravidez, aleitamento e a crian\u00e7as menores de 6 anos ou em caso de alergia a algum dos constituintes. A Glutamina n\u00e3o deve ser tomada por pessoas com cirrose hep\u00e1tica, problemas renais, s\u00edndrome de Reye\u2019s ou outro tipo de patologia que aumente a acumula\u00e7\u00e3o de am\u00f3nia no sangue.\" \/>\n<meta property=\"og:url\" content=\"https:\/\/biocabaz.pt\/web\/produto\/glutamine-powder-gold-nutrition-300-gr\/\" \/>\n<meta property=\"og:site_name\" content=\"BIOCABAZ - CABAZES BIOL\u00d3GICOS\" \/>\n<meta property=\"article:modified_time\" content=\"2023-09-21T18:46:34+00:00\" \/>\n<meta property=\"og:image\" content=\"https:\/\/www.biocabaz.pt\/web\/wp-conteudos\/uploads\/2021\/09\/glutamine-powder-gold-nutrition-300-gr.jpg\" \/>\n\t<meta property=\"og:image:width\" content=\"460\" \/>\n\t<meta property=\"og:image:height\" content=\"460\" \/>\n\t<meta property=\"og:image:type\" content=\"image\/jpeg\" \/>\n<meta name=\"twitter:card\" content=\"summary_large_image\" \/>\n<script type=\"application\/ld+json\" class=\"yoast-schema-graph\">{\"@context\":\"https:\/\/schema.org\",\"@graph\":[{\"@type\":\"WebPage\",\"@id\":\"https:\/\/biocabaz.pt\/web\/en\/produto\/glutamine-powder-gold-nutrition-300-gr\/\",\"url\":\"https:\/\/biocabaz.pt\/web\/en\/produto\/glutamine-powder-gold-nutrition-300-gr\/\",\"name\":\"GLUTAMINE POWDER GOLD NUTRITION 300 GR\",\"isPartOf\":{\"@id\":\"https:\/\/biocabaz.pt\/web\/#website\"},\"primaryImageOfPage\":{\"@id\":\"https:\/\/biocabaz.pt\/web\/en\/produto\/glutamine-powder-gold-nutrition-300-gr\/#primaryimage\"},\"image\":{\"@id\":\"https:\/\/biocabaz.pt\/web\/en\/produto\/glutamine-powder-gold-nutrition-300-gr\/#primaryimage\"},\"thumbnailUrl\":\"https:\/\/www.biocabaz.pt\/web\/wp-conteudos\/uploads\/2021\/09\/glutamine-powder-gold-nutrition-300-gr.jpg\",\"datePublished\":\"2021-09-03T09:40:19+00:00\",\"dateModified\":\"2023-09-21T18:46:34+00:00\",\"breadcrumb\":{\"@id\":\"https:\/\/biocabaz.pt\/web\/en\/produto\/glutamine-powder-gold-nutrition-300-gr\/#breadcrumb\"},\"inLanguage\":\"pt-PT\",\"potentialAction\":[{\"@type\":\"ReadAction\",\"target\":[\"https:\/\/biocabaz.pt\/web\/en\/produto\/glutamine-powder-gold-nutrition-300-gr\/\"]}]},{\"@type\":\"ImageObject\",\"inLanguage\":\"pt-PT\",\"@id\":\"https:\/\/biocabaz.pt\/web\/en\/produto\/glutamine-powder-gold-nutrition-300-gr\/#primaryimage\",\"url\":\"https:\/\/www.biocabaz.pt\/web\/wp-conteudos\/uploads\/2021\/09\/glutamine-powder-gold-nutrition-300-gr.jpg\",\"contentUrl\":\"https:\/\/www.biocabaz.pt\/web\/wp-conteudos\/uploads\/2021\/09\/glutamine-powder-gold-nutrition-300-gr.jpg\",\"width\":460,\"height\":460,\"caption\":\"GLUTAMINE POWDER GOLD NUTRITION 300 GR\"},{\"@type\":\"BreadcrumbList\",\"@id\":\"https:\/\/biocabaz.pt\/web\/en\/produto\/glutamine-powder-gold-nutrition-300-gr\/#breadcrumb\",\"itemListElement\":[{\"@type\":\"ListItem\",\"position\":1,\"name\":\"Home\",\"item\":\"https:\/\/biocabaz.pt\/web\/\"},{\"@type\":\"ListItem\",\"position\":2,\"name\":\"Loja\",\"item\":\"https:\/\/biocabaz.pt\/web\/shop\/\"},{\"@type\":\"ListItem\",\"position\":3,\"name\":\"GLUTAMINE POWDER GOLD NUTRITION 300 GR\"}]},{\"@type\":\"WebSite\",\"@id\":\"https:\/\/biocabaz.pt\/web\/#website\",\"url\":\"https:\/\/biocabaz.pt\/web\/\",\"name\":\"BIOCABAZ - CABAZES BIOL\u00d3GICOS\",\"description\":\"O melhor que a terra d\u00e1 \u00e9 para si\",\"potentialAction\":[{\"@type\":\"SearchAction\",\"target\":{\"@type\":\"EntryPoint\",\"urlTemplate\":\"https:\/\/biocabaz.pt\/web\/?s={search_term_string}\"},\"query-input\":{\"@type\":\"PropertyValueSpecification\",\"valueRequired\":true,\"valueName\":\"search_term_string\"}}],\"inLanguage\":\"pt-PT\"}]}<\/script>\n<!-- \/ Yoast SEO plugin. -->","yoast_head_json":{"title":"GLUTAMINE POWDER GOLD NUTRITION 300 GR","robots":{"index":"index","follow":"follow","max-snippet":"max-snippet:-1","max-image-preview":"max-image-preview:large","max-video-preview":"max-video-preview:-1"},"canonical":"https:\/\/biocabaz.pt\/web\/produto\/glutamine-powder-gold-nutrition-300-gr\/","og_locale":"pt_PT","og_type":"article","og_title":"[:en]GLUTAMINE POWDER GOLD NUTRITION 300 GR[:pt]GLUTAMINE POWDER GOLD NUTRITION 300 GR[:] - BIOCABAZ - CABAZES BIOL\u00d3GICOS","og_description":"Se treinas intensamente, a L-Glutamine pode ser o teu aliado para ganhar massa muscular atrav\u00e9s do seu efeito recuperador ao n\u00edvel muscular e estimula\u00e7\u00e3o da hormona do crescimento. Apesar do nosso organismo ter a capacidade para produzir Glutamina, em situa\u00e7\u00f5es de stress, especialmente durante a pr\u00e1tica de exerc\u00edcio f\u00edsico ou infe\u00e7\u00e3o n\u00e3o s\u00e3o produzidas quantidades suficientes para suprir a necessidade existente. Para teres no\u00e7\u00e3o da sua import\u00e2ncia, podemos dizer que a glutamina representa cerca de 50% dos amino\u00e1cidos no m\u00fasculo, logo o seu consumo ser\u00e1 importante para que o organismo n\u00e3o utilize amino\u00e1cidos essenciais para a produzir e para que haja a manuten\u00e7\u00e3o das suas reservas no m\u00fasculo. Como a qualidade \u00e9 o factor essencial nos nossos produtos a Glutamina 100% da GoldNutrition tem o selo Kyowa . A glutamina que ir\u00e1s encontrar neste produto provem de uma empresa pioneira na produ\u00e7\u00e3o de amino\u00e1cidos livres garante uma qualidade e pureza do ingrediente muito acima da m\u00e9dia do dispon\u00edvel do mercado. Ingredientes: L-Glutamina (Kyowa Quality \u00ae) (100%) - 5gModo de Utiliza\u00e7\u00e3o: Modo de usar: Dissolver 1 medida em um copo de \u00e1gua, misturar bem e beber de seguida. Avisos: N\u00e3o recomendado durante a gravidez, aleitamento e a crian\u00e7as menores de 6 anos ou em caso de alergia a algum dos constituintes. A Glutamina n\u00e3o deve ser tomada por pessoas com cirrose hep\u00e1tica, problemas renais, s\u00edndrome de Reye\u2019s ou outro tipo de patologia que aumente a acumula\u00e7\u00e3o de am\u00f3nia no sangue.","og_url":"https:\/\/biocabaz.pt\/web\/produto\/glutamine-powder-gold-nutrition-300-gr\/","og_site_name":"BIOCABAZ - CABAZES BIOL\u00d3GICOS","article_modified_time":"2023-09-21T18:46:34+00:00","og_image":[{"width":460,"height":460,"url":"https:\/\/www.biocabaz.pt\/web\/wp-conteudos\/uploads\/2021\/09\/glutamine-powder-gold-nutrition-300-gr.jpg","type":"image\/jpeg"}],"twitter_card":"summary_large_image","schema":{"@context":"https:\/\/schema.org","@graph":[{"@type":"WebPage","@id":"https:\/\/biocabaz.pt\/web\/en\/produto\/glutamine-powder-gold-nutrition-300-gr\/","url":"https:\/\/biocabaz.pt\/web\/en\/produto\/glutamine-powder-gold-nutrition-300-gr\/","name":"GLUTAMINE POWDER GOLD NUTRITION 300 GR","isPartOf":{"@id":"https:\/\/biocabaz.pt\/web\/#website"},"primaryImageOfPage":{"@id":"https:\/\/biocabaz.pt\/web\/en\/produto\/glutamine-powder-gold-nutrition-300-gr\/#primaryimage"},"image":{"@id":"https:\/\/biocabaz.pt\/web\/en\/produto\/glutamine-powder-gold-nutrition-300-gr\/#primaryimage"},"thumbnailUrl":"https:\/\/www.biocabaz.pt\/web\/wp-conteudos\/uploads\/2021\/09\/glutamine-powder-gold-nutrition-300-gr.jpg","datePublished":"2021-09-03T09:40:19+00:00","dateModified":"2023-09-21T18:46:34+00:00","breadcrumb":{"@id":"https:\/\/biocabaz.pt\/web\/en\/produto\/glutamine-powder-gold-nutrition-300-gr\/#breadcrumb"},"inLanguage":"pt-PT","potentialAction":[{"@type":"ReadAction","target":["https:\/\/biocabaz.pt\/web\/en\/produto\/glutamine-powder-gold-nutrition-300-gr\/"]}]},{"@type":"ImageObject","inLanguage":"pt-PT","@id":"https:\/\/biocabaz.pt\/web\/en\/produto\/glutamine-powder-gold-nutrition-300-gr\/#primaryimage","url":"https:\/\/www.biocabaz.pt\/web\/wp-conteudos\/uploads\/2021\/09\/glutamine-powder-gold-nutrition-300-gr.jpg","contentUrl":"https:\/\/www.biocabaz.pt\/web\/wp-conteudos\/uploads\/2021\/09\/glutamine-powder-gold-nutrition-300-gr.jpg","width":460,"height":460,"caption":"GLUTAMINE POWDER GOLD NUTRITION 300 GR"},{"@type":"BreadcrumbList","@id":"https:\/\/biocabaz.pt\/web\/en\/produto\/glutamine-powder-gold-nutrition-300-gr\/#breadcrumb","itemListElement":[{"@type":"ListItem","position":1,"name":"Home","item":"https:\/\/biocabaz.pt\/web\/"},{"@type":"ListItem","position":2,"name":"Loja","item":"https:\/\/biocabaz.pt\/web\/shop\/"},{"@type":"ListItem","position":3,"name":"GLUTAMINE POWDER GOLD NUTRITION 300 GR"}]},{"@type":"WebSite","@id":"https:\/\/biocabaz.pt\/web\/#website","url":"https:\/\/biocabaz.pt\/web\/","name":"BIOCABAZ - CABAZES BIOL\u00d3GICOS","description":"O melhor que a terra d\u00e1 \u00e9 para si","potentialAction":[{"@type":"SearchAction","target":{"@type":"EntryPoint","urlTemplate":"https:\/\/biocabaz.pt\/web\/?s={search_term_string}"},"query-input":{"@type":"PropertyValueSpecification","valueRequired":true,"valueName":"search_term_string"}}],"inLanguage":"pt-PT"}]}},"_links":{"self":[{"href":"https:\/\/biocabaz.pt\/web\/wp-json\/wp\/v2\/product\/75296","targetHints":{"allow":["GET"]}}],"collection":[{"href":"https:\/\/biocabaz.pt\/web\/wp-json\/wp\/v2\/product"}],"about":[{"href":"https:\/\/biocabaz.pt\/web\/wp-json\/wp\/v2\/types\/product"}],"replies":[{"embeddable":true,"href":"https:\/\/biocabaz.pt\/web\/wp-json\/wp\/v2\/comments?post=75296"}],"wp:featuredmedia":[{"embeddable":true,"href":"https:\/\/biocabaz.pt\/web\/wp-json\/wp\/v2\/media\/75297"}],"wp:attachment":[{"href":"https:\/\/biocabaz.pt\/web\/wp-json\/wp\/v2\/media?parent=75296"}],"wp:term":[{"taxonomy":"product_cat","embeddable":true,"href":"https:\/\/biocabaz.pt\/web\/wp-json\/wp\/v2\/product_cat?post=75296"},{"taxonomy":"product_tag","embeddable":true,"href":"https:\/\/biocabaz.pt\/web\/wp-json\/wp\/v2\/product_tag?post=75296"}],"curies":[{"name":"wp","href":"https:\/\/api.w.org\/{rel}","templated":true}]}}