{"id":75161,"date":"2021-09-02T14:34:30","date_gmt":"2021-09-02T14:34:30","guid":{"rendered":"https:\/\/www.biocabaz.pt\/web\/?post_type=product&#038;p=75161"},"modified":"2022-07-08T23:01:50","modified_gmt":"2022-07-08T23:01:50","slug":"hamburguer-bolota-1-un-bio","status":"publish","type":"product","link":"https:\/\/biocabaz.pt\/web\/produto\/hamburguer-bolota-1-un-bio\/","title":{"rendered":"Hamburguer Bolota 1 Un BIO"},"content":{"rendered":"","protected":false},"excerpt":{"rendered":"<p>Ingredientes: batata* (38%), bolota* (20%), gr\u00e3o-de-bico* (12%), cenoura* (7%), alho franc\u00eas* (5%), azeite*, beterraba*, flocos de aveia*, polpa de tomate*, fibra de ervilha*, sal, salsa*, pimenta*. *Produto biol\u00f3gico.<br \/><b>Modo de Utiliza\u00e7\u00e3o:<\/b> Pronto a consumir. Pode ser aquecido no forno, chapa ou frigideira ou micro-ondas. Conservar em local fresco, seco e abrigado da luz. Uma vez aberta a embalagem, manter no frigor\u00edfico e consumir no prazo de 3 dias.<br \/><b>Dados Nutricionais:<\/b> Declara\u00e7\u00e3o Nutricional por 100g: Energia: 939KJ\/219Kcal; L\u00edpidos: 7,13g; dos quais saturados: 1,32g; Hidratos de carbono: 34,24g; dos quais a\u00e7\u00facares: 3,81g; Fibras: 6g; Prote\u00ednas: 4,56g; Sal: 1,65g.<\/p>\n","protected":false},"featured_media":75163,"comment_status":"closed","ping_status":"closed","template":"","meta":[],"product_cat":[106],"product_tag":[],"class_list":["post-75161","product","type-product","status-publish","has-post-thumbnail","hentry","product_cat-vegetariano-e-vegan"],"bundle_layout":"","bundled_by":[],"bundled_items":[],"yoast_head":"<!-- This site is optimized with the Yoast SEO plugin v26.3 - https:\/\/yoast.com\/wordpress\/plugins\/seo\/ -->\n<title>Hamburguer Bolota 1 Un BIO<\/title>\n<meta name=\"robots\" content=\"index, follow, max-snippet:-1, max-image-preview:large, max-video-preview:-1\" \/>\n<link rel=\"canonical\" href=\"https:\/\/biocabaz.pt\/web\/produto\/hamburguer-bolota-1-un-bio\/\" \/>\n<meta property=\"og:locale\" content=\"pt_PT\" \/>\n<meta property=\"og:locale:alternate\" content=\"en_US\" \/>\n<meta property=\"og:type\" content=\"article\" \/>\n<meta property=\"og:title\" content=\"Hamburguer Bolota 1 Un BIO\" \/>\n<meta property=\"og:description\" content=\"Ingredientes: batata* (38%), bolota* (20%), gr\u00e3o-de-bico* (12%), cenoura* (7%), alho franc\u00eas* (5%), azeite*, beterraba*, flocos de aveia*, polpa de tomate*, fibra de ervilha*, sal, salsa*, pimenta*. *Produto biol\u00f3gico.Modo de Utiliza\u00e7\u00e3o: Pronto a consumir. Pode ser aquecido no forno, chapa ou frigideira ou micro-ondas. Conservar em local fresco, seco e abrigado da luz. Uma vez aberta a embalagem, manter no frigor\u00edfico e consumir no prazo de 3 dias.Dados Nutricionais: Declara\u00e7\u00e3o Nutricional por 100g: Energia: 939KJ\/219Kcal; L\u00edpidos: 7,13g; dos quais saturados: 1,32g; Hidratos de carbono: 34,24g; dos quais a\u00e7\u00facares: 3,81g; Fibras: 6g; Prote\u00ednas: 4,56g; Sal: 1,65g.\" \/>\n<meta property=\"og:url\" content=\"https:\/\/biocabaz.pt\/web\/produto\/hamburguer-bolota-1-un-bio\/\" \/>\n<meta property=\"og:site_name\" content=\"BIOCABAZ - CABAZES BIOL\u00d3GICOS\" \/>\n<meta property=\"article:modified_time\" content=\"2022-07-08T23:01:50+00:00\" \/>\n<meta property=\"og:image\" content=\"https:\/\/www.biocabaz.pt\/web\/wp-conteudos\/uploads\/2021\/09\/hamburguer-bolota-1-un-bio.jpeg\" \/>\n\t<meta property=\"og:image:width\" content=\"650\" \/>\n\t<meta property=\"og:image:height\" content=\"650\" \/>\n\t<meta property=\"og:image:type\" content=\"image\/jpeg\" \/>\n<meta name=\"twitter:card\" content=\"summary_large_image\" \/>\n<script type=\"application\/ld+json\" class=\"yoast-schema-graph\">{\"@context\":\"https:\/\/schema.org\",\"@graph\":[{\"@type\":\"WebPage\",\"@id\":\"https:\/\/biocabaz.pt\/web\/en\/produto\/hamburguer-bolota-1-un-bio\/\",\"url\":\"https:\/\/biocabaz.pt\/web\/en\/produto\/hamburguer-bolota-1-un-bio\/\",\"name\":\"Hamburguer Bolota 1 Un BIO\",\"isPartOf\":{\"@id\":\"https:\/\/www.biocabaz.pt\/web\/en\/#website\"},\"primaryImageOfPage\":{\"@id\":\"https:\/\/biocabaz.pt\/web\/en\/produto\/hamburguer-bolota-1-un-bio\/#primaryimage\"},\"image\":{\"@id\":\"https:\/\/biocabaz.pt\/web\/en\/produto\/hamburguer-bolota-1-un-bio\/#primaryimage\"},\"thumbnailUrl\":\"https:\/\/www.biocabaz.pt\/web\/wp-conteudos\/uploads\/2021\/09\/hamburguer-bolota-1-un-bio.jpeg\",\"datePublished\":\"2021-09-02T14:34:30+00:00\",\"dateModified\":\"2022-07-08T23:01:50+00:00\",\"breadcrumb\":{\"@id\":\"https:\/\/biocabaz.pt\/web\/en\/produto\/hamburguer-bolota-1-un-bio\/#breadcrumb\"},\"inLanguage\":\"pt-PT\",\"potentialAction\":[{\"@type\":\"ReadAction\",\"target\":[\"https:\/\/biocabaz.pt\/web\/en\/produto\/hamburguer-bolota-1-un-bio\/\"]}]},{\"@type\":\"ImageObject\",\"inLanguage\":\"pt-PT\",\"@id\":\"https:\/\/biocabaz.pt\/web\/en\/produto\/hamburguer-bolota-1-un-bio\/#primaryimage\",\"url\":\"https:\/\/www.biocabaz.pt\/web\/wp-conteudos\/uploads\/2021\/09\/hamburguer-bolota-1-un-bio.jpeg\",\"contentUrl\":\"https:\/\/www.biocabaz.pt\/web\/wp-conteudos\/uploads\/2021\/09\/hamburguer-bolota-1-un-bio.jpeg\",\"width\":650,\"height\":650,\"caption\":\"Hamburguer Bolota 1 Un BIO\"},{\"@type\":\"BreadcrumbList\",\"@id\":\"https:\/\/biocabaz.pt\/web\/en\/produto\/hamburguer-bolota-1-un-bio\/#breadcrumb\",\"itemListElement\":[{\"@type\":\"ListItem\",\"position\":1,\"name\":\"Home\",\"item\":\"https:\/\/www.biocabaz.pt\/web\/en\/\"},{\"@type\":\"ListItem\",\"position\":2,\"name\":\"Shop\",\"item\":\"https:\/\/www.biocabaz.pt\/web\/en\/shop\/\"},{\"@type\":\"ListItem\",\"position\":3,\"name\":\"ORGANIC ACORN BURGUER 1UN\"}]},{\"@type\":\"WebSite\",\"@id\":\"https:\/\/www.biocabaz.pt\/web\/en\/#website\",\"url\":\"https:\/\/www.biocabaz.pt\/web\/en\/\",\"name\":\"BIOCABAZ - CABAZES BIOL\u00d3GICOS\",\"description\":\"O melhor que a terra d\u00e1 \u00e9 para si\",\"potentialAction\":[{\"@type\":\"SearchAction\",\"target\":{\"@type\":\"EntryPoint\",\"urlTemplate\":\"https:\/\/www.biocabaz.pt\/web\/en\/?s={search_term_string}\"},\"query-input\":{\"@type\":\"PropertyValueSpecification\",\"valueRequired\":true,\"valueName\":\"search_term_string\"}}],\"inLanguage\":\"pt-PT\"}]}<\/script>\n<!-- \/ Yoast SEO plugin. -->","yoast_head_json":{"title":"Hamburguer Bolota 1 Un BIO","robots":{"index":"index","follow":"follow","max-snippet":"max-snippet:-1","max-image-preview":"max-image-preview:large","max-video-preview":"max-video-preview:-1"},"canonical":"https:\/\/biocabaz.pt\/web\/produto\/hamburguer-bolota-1-un-bio\/","og_locale":"pt_PT","og_type":"article","og_title":"[:pt]Hamburguer Bolota 1 Un BIO[:en]ORGANIC ACORN BURGUER 1UN[:] - BIOCABAZ - CABAZES BIOL\u00d3GICOS","og_description":"Ingredientes: batata* (38%), bolota* (20%), gr\u00e3o-de-bico* (12%), cenoura* (7%), alho franc\u00eas* (5%), azeite*, beterraba*, flocos de aveia*, polpa de tomate*, fibra de ervilha*, sal, salsa*, pimenta*. *Produto biol\u00f3gico.Modo de Utiliza\u00e7\u00e3o: Pronto a consumir. Pode ser aquecido no forno, chapa ou frigideira ou micro-ondas. Conservar em local fresco, seco e abrigado da luz. Uma vez aberta a embalagem, manter no frigor\u00edfico e consumir no prazo de 3 dias.Dados Nutricionais: Declara\u00e7\u00e3o Nutricional por 100g: Energia: 939KJ\/219Kcal; L\u00edpidos: 7,13g; dos quais saturados: 1,32g; Hidratos de carbono: 34,24g; dos quais a\u00e7\u00facares: 3,81g; Fibras: 6g; Prote\u00ednas: 4,56g; Sal: 1,65g.","og_url":"https:\/\/biocabaz.pt\/web\/produto\/hamburguer-bolota-1-un-bio\/","og_site_name":"BIOCABAZ - CABAZES BIOL\u00d3GICOS","article_modified_time":"2022-07-08T23:01:50+00:00","og_image":[{"width":650,"height":650,"url":"https:\/\/www.biocabaz.pt\/web\/wp-conteudos\/uploads\/2021\/09\/hamburguer-bolota-1-un-bio.jpeg","type":"image\/jpeg"}],"twitter_card":"summary_large_image","schema":{"@context":"https:\/\/schema.org","@graph":[{"@type":"WebPage","@id":"https:\/\/biocabaz.pt\/web\/en\/produto\/hamburguer-bolota-1-un-bio\/","url":"https:\/\/biocabaz.pt\/web\/en\/produto\/hamburguer-bolota-1-un-bio\/","name":"Hamburguer Bolota 1 Un BIO","isPartOf":{"@id":"https:\/\/www.biocabaz.pt\/web\/en\/#website"},"primaryImageOfPage":{"@id":"https:\/\/biocabaz.pt\/web\/en\/produto\/hamburguer-bolota-1-un-bio\/#primaryimage"},"image":{"@id":"https:\/\/biocabaz.pt\/web\/en\/produto\/hamburguer-bolota-1-un-bio\/#primaryimage"},"thumbnailUrl":"https:\/\/www.biocabaz.pt\/web\/wp-conteudos\/uploads\/2021\/09\/hamburguer-bolota-1-un-bio.jpeg","datePublished":"2021-09-02T14:34:30+00:00","dateModified":"2022-07-08T23:01:50+00:00","breadcrumb":{"@id":"https:\/\/biocabaz.pt\/web\/en\/produto\/hamburguer-bolota-1-un-bio\/#breadcrumb"},"inLanguage":"pt-PT","potentialAction":[{"@type":"ReadAction","target":["https:\/\/biocabaz.pt\/web\/en\/produto\/hamburguer-bolota-1-un-bio\/"]}]},{"@type":"ImageObject","inLanguage":"pt-PT","@id":"https:\/\/biocabaz.pt\/web\/en\/produto\/hamburguer-bolota-1-un-bio\/#primaryimage","url":"https:\/\/www.biocabaz.pt\/web\/wp-conteudos\/uploads\/2021\/09\/hamburguer-bolota-1-un-bio.jpeg","contentUrl":"https:\/\/www.biocabaz.pt\/web\/wp-conteudos\/uploads\/2021\/09\/hamburguer-bolota-1-un-bio.jpeg","width":650,"height":650,"caption":"Hamburguer Bolota 1 Un BIO"},{"@type":"BreadcrumbList","@id":"https:\/\/biocabaz.pt\/web\/en\/produto\/hamburguer-bolota-1-un-bio\/#breadcrumb","itemListElement":[{"@type":"ListItem","position":1,"name":"Home","item":"https:\/\/www.biocabaz.pt\/web\/en\/"},{"@type":"ListItem","position":2,"name":"Shop","item":"https:\/\/www.biocabaz.pt\/web\/en\/shop\/"},{"@type":"ListItem","position":3,"name":"ORGANIC ACORN BURGUER 1UN"}]},{"@type":"WebSite","@id":"https:\/\/www.biocabaz.pt\/web\/en\/#website","url":"https:\/\/www.biocabaz.pt\/web\/en\/","name":"BIOCABAZ - CABAZES BIOL\u00d3GICOS","description":"O melhor que a terra d\u00e1 \u00e9 para si","potentialAction":[{"@type":"SearchAction","target":{"@type":"EntryPoint","urlTemplate":"https:\/\/www.biocabaz.pt\/web\/en\/?s={search_term_string}"},"query-input":{"@type":"PropertyValueSpecification","valueRequired":true,"valueName":"search_term_string"}}],"inLanguage":"pt-PT"}]}},"_links":{"self":[{"href":"https:\/\/biocabaz.pt\/web\/wp-json\/wp\/v2\/product\/75161","targetHints":{"allow":["GET"]}}],"collection":[{"href":"https:\/\/biocabaz.pt\/web\/wp-json\/wp\/v2\/product"}],"about":[{"href":"https:\/\/biocabaz.pt\/web\/wp-json\/wp\/v2\/types\/product"}],"replies":[{"embeddable":true,"href":"https:\/\/biocabaz.pt\/web\/wp-json\/wp\/v2\/comments?post=75161"}],"wp:featuredmedia":[{"embeddable":true,"href":"https:\/\/biocabaz.pt\/web\/wp-json\/wp\/v2\/media\/75163"}],"wp:attachment":[{"href":"https:\/\/biocabaz.pt\/web\/wp-json\/wp\/v2\/media?parent=75161"}],"wp:term":[{"taxonomy":"product_cat","embeddable":true,"href":"https:\/\/biocabaz.pt\/web\/wp-json\/wp\/v2\/product_cat?post=75161"},{"taxonomy":"product_tag","embeddable":true,"href":"https:\/\/biocabaz.pt\/web\/wp-json\/wp\/v2\/product_tag?post=75161"}],"curies":[{"name":"wp","href":"https:\/\/api.w.org\/{rel}","templated":true}]}}