{"id":74850,"date":"2021-08-26T17:33:35","date_gmt":"2021-08-26T17:33:35","guid":{"rendered":"https:\/\/www.biocabaz.pt\/web\/?post_type=product&#038;p=74850"},"modified":"2022-12-03T08:35:55","modified_gmt":"2022-12-03T08:35:55","slug":"detergente-anti-gorduras-multi-usos-sonett-500ml","status":"publish","type":"product","link":"https:\/\/biocabaz.pt\/web\/produto\/detergente-anti-gorduras-multi-usos-sonett-500ml\/","title":{"rendered":"detergente anti-gorduras multi-usos sonett 500ml"},"content":{"rendered":"","protected":false},"excerpt":{"rendered":"<p>Descri\u00e7\u00e3o<br \/>\nO desengordurante Sonett \u00e9 uma f\u00f3rmula altamente concentrada que remove manchas dif\u00edceis de \u00f3leo e graxa em cozinhas e oficinas sem danificar as superf\u00edcies sens\u00edveis.<\/p>\n<p>Indica\u00e7\u00e3o<br \/>\nProduto de limpeza universal para pisos, janelas e todas as superf\u00edcies lav\u00e1veis e imperme\u00e1veis. O limpador intensivo de laranja \u00e9 suave para a pele.           Composi\u00e7\u00e3o<br \/>\n\u00d3leo essencial de citronela, \u00f3leo essencial de laranja doce, \u00f3leo essencial de bergamota, \u00f3leo essencial de Cajeput.<br \/><b>Modo de Utiliza\u00e7\u00e3o:<\/b> Modo de Utiliza\u00e7\u00e3o<br \/>\nRecomenda-se usar de acordo com o grau de sujeira, usar o produto n\u00e3o dilu\u00eddo ou dilu\u00eddo em \u00e1gua para cada 5 ml do produto, utilizar 10 litros de \u00e1gua.<\/p>\n<p>Precau\u00e7\u00f5es<br \/>\nCont\u00e9m d-limoneno do \u00f3leo essencial de laranja doce e \u00f3leo de casca de laranja: pode causar uma rea\u00e7\u00e3o al\u00e9rgica da pele. Nocivo para os organismos aqu\u00e1ticos com efeitos duradouros. Se precisar de orienta\u00e7\u00e3o m\u00e9dica, tenha o recipiente ou o r\u00f3tulo do produto \u00e0 m\u00e3o. Mantenha fora do alcance de crian\u00e7as. Evite a libera\u00e7\u00e3o para o meio ambiente. Use luvas de prote\u00e7\u00e3o. Se ocorrer irrita\u00e7\u00e3o ou erup\u00e7\u00e3o cut\u00e2nea: consulte um m\u00e9dico.<\/p>\n","protected":false},"featured_media":74851,"comment_status":"closed","ping_status":"closed","template":"","meta":[],"product_cat":[97],"product_tag":[],"class_list":["post-74850","product","type-product","status-publish","has-post-thumbnail","hentry","product_cat-casa-e-cozinha"],"bundle_layout":"","bundled_by":[],"bundled_items":[],"yoast_head":"<!-- This site is optimized with the Yoast SEO plugin v26.3 - https:\/\/yoast.com\/wordpress\/plugins\/seo\/ -->\n<title>detergente anti-gorduras multi-usos sonett 500ml<\/title>\n<meta name=\"robots\" content=\"index, follow, max-snippet:-1, max-image-preview:large, max-video-preview:-1\" \/>\n<link rel=\"canonical\" href=\"https:\/\/biocabaz.pt\/web\/produto\/detergente-anti-gorduras-multi-usos-sonett-500ml\/\" \/>\n<meta property=\"og:locale\" content=\"pt_PT\" \/>\n<meta property=\"og:locale:alternate\" content=\"en_US\" \/>\n<meta property=\"og:type\" content=\"article\" \/>\n<meta property=\"og:title\" content=\"detergente anti-gorduras multi-usos sonett 500ml\" \/>\n<meta property=\"og:description\" content=\"Descri\u00e7\u00e3o O desengordurante Sonett \u00e9 uma f\u00f3rmula altamente concentrada que remove manchas dif\u00edceis de \u00f3leo e graxa em cozinhas e oficinas sem danificar as superf\u00edcies sens\u00edveis. Indica\u00e7\u00e3o Produto de limpeza universal para pisos, janelas e todas as superf\u00edcies lav\u00e1veis e imperme\u00e1veis. O limpador intensivo de laranja \u00e9 suave para a pele.      Composi\u00e7\u00e3o \u00d3leo essencial de citronela, \u00f3leo essencial de laranja doce, \u00f3leo essencial de bergamota, \u00f3leo essencial de Cajeput.Modo de Utiliza\u00e7\u00e3o: Modo de Utiliza\u00e7\u00e3o Recomenda-se usar de acordo com o grau de sujeira, usar o produto n\u00e3o dilu\u00eddo ou dilu\u00eddo em \u00e1gua para cada 5 ml do produto, utilizar 10 litros de \u00e1gua. Precau\u00e7\u00f5es Cont\u00e9m d-limoneno do \u00f3leo essencial de laranja doce e \u00f3leo de casca de laranja: pode causar uma rea\u00e7\u00e3o al\u00e9rgica da pele. Nocivo para os organismos aqu\u00e1ticos com efeitos duradouros. Se precisar de orienta\u00e7\u00e3o m\u00e9dica, tenha o recipiente ou o r\u00f3tulo do produto \u00e0 m\u00e3o. Mantenha fora do alcance de crian\u00e7as. Evite a libera\u00e7\u00e3o para o meio ambiente. Use luvas de prote\u00e7\u00e3o. Se ocorrer irrita\u00e7\u00e3o ou erup\u00e7\u00e3o cut\u00e2nea: consulte um m\u00e9dico.\" \/>\n<meta property=\"og:url\" content=\"https:\/\/biocabaz.pt\/web\/produto\/detergente-anti-gorduras-multi-usos-sonett-500ml\/\" \/>\n<meta property=\"og:site_name\" content=\"BIOCABAZ - CABAZES BIOL\u00d3GICOS\" \/>\n<meta property=\"article:modified_time\" content=\"2022-12-03T08:35:55+00:00\" \/>\n<meta property=\"og:image\" content=\"https:\/\/www.biocabaz.pt\/web\/wp-conteudos\/uploads\/2021\/08\/detergente-anti-gorduras-multi-usos-sonett-500ml.jpg\" \/>\n\t<meta property=\"og:image:width\" content=\"600\" \/>\n\t<meta property=\"og:image:height\" content=\"713\" \/>\n\t<meta property=\"og:image:type\" content=\"image\/jpeg\" \/>\n<meta name=\"twitter:card\" content=\"summary_large_image\" \/>\n<script type=\"application\/ld+json\" class=\"yoast-schema-graph\">{\"@context\":\"https:\/\/schema.org\",\"@graph\":[{\"@type\":\"WebPage\",\"@id\":\"https:\/\/biocabaz.pt\/web\/produto\/detergente-anti-gorduras-multi-usos-sonett-500ml\/\",\"url\":\"https:\/\/biocabaz.pt\/web\/produto\/detergente-anti-gorduras-multi-usos-sonett-500ml\/\",\"name\":\"detergente anti-gorduras multi-usos sonett 500ml\",\"isPartOf\":{\"@id\":\"https:\/\/biocabaz.pt\/web\/en\/#website\"},\"primaryImageOfPage\":{\"@id\":\"https:\/\/biocabaz.pt\/web\/produto\/detergente-anti-gorduras-multi-usos-sonett-500ml\/#primaryimage\"},\"image\":{\"@id\":\"https:\/\/biocabaz.pt\/web\/produto\/detergente-anti-gorduras-multi-usos-sonett-500ml\/#primaryimage\"},\"thumbnailUrl\":\"https:\/\/www.biocabaz.pt\/web\/wp-conteudos\/uploads\/2021\/08\/detergente-anti-gorduras-multi-usos-sonett-500ml.jpg\",\"datePublished\":\"2021-08-26T17:33:35+00:00\",\"dateModified\":\"2022-12-03T08:35:55+00:00\",\"breadcrumb\":{\"@id\":\"https:\/\/biocabaz.pt\/web\/produto\/detergente-anti-gorduras-multi-usos-sonett-500ml\/#breadcrumb\"},\"inLanguage\":\"pt-PT\",\"potentialAction\":[{\"@type\":\"ReadAction\",\"target\":[\"https:\/\/biocabaz.pt\/web\/produto\/detergente-anti-gorduras-multi-usos-sonett-500ml\/\"]}]},{\"@type\":\"ImageObject\",\"inLanguage\":\"pt-PT\",\"@id\":\"https:\/\/biocabaz.pt\/web\/produto\/detergente-anti-gorduras-multi-usos-sonett-500ml\/#primaryimage\",\"url\":\"https:\/\/www.biocabaz.pt\/web\/wp-conteudos\/uploads\/2021\/08\/detergente-anti-gorduras-multi-usos-sonett-500ml.jpg\",\"contentUrl\":\"https:\/\/www.biocabaz.pt\/web\/wp-conteudos\/uploads\/2021\/08\/detergente-anti-gorduras-multi-usos-sonett-500ml.jpg\",\"width\":600,\"height\":713,\"caption\":\"detergente anti-gorduras multi-usos sonett 500ml\"},{\"@type\":\"BreadcrumbList\",\"@id\":\"https:\/\/biocabaz.pt\/web\/produto\/detergente-anti-gorduras-multi-usos-sonett-500ml\/#breadcrumb\",\"itemListElement\":[{\"@type\":\"ListItem\",\"position\":1,\"name\":\"Home\",\"item\":\"https:\/\/biocabaz.pt\/web\/en\/\"},{\"@type\":\"ListItem\",\"position\":2,\"name\":\"Shop\",\"item\":\"https:\/\/biocabaz.pt\/web\/en\/shop\/\"},{\"@type\":\"ListItem\",\"position\":3,\"name\":\"detergente anti-gorduras multi-usos sonett 500ml\"}]},{\"@type\":\"WebSite\",\"@id\":\"https:\/\/biocabaz.pt\/web\/en\/#website\",\"url\":\"https:\/\/biocabaz.pt\/web\/en\/\",\"name\":\"BIOCABAZ - CABAZES BIOL\u00d3GICOS\",\"description\":\"O melhor que a terra d\u00e1 \u00e9 para si\",\"potentialAction\":[{\"@type\":\"SearchAction\",\"target\":{\"@type\":\"EntryPoint\",\"urlTemplate\":\"https:\/\/biocabaz.pt\/web\/en\/?s={search_term_string}\"},\"query-input\":{\"@type\":\"PropertyValueSpecification\",\"valueRequired\":true,\"valueName\":\"search_term_string\"}}],\"inLanguage\":\"pt-PT\"}]}<\/script>\n<!-- \/ Yoast SEO plugin. -->","yoast_head_json":{"title":"detergente anti-gorduras multi-usos sonett 500ml","robots":{"index":"index","follow":"follow","max-snippet":"max-snippet:-1","max-image-preview":"max-image-preview:large","max-video-preview":"max-video-preview:-1"},"canonical":"https:\/\/biocabaz.pt\/web\/produto\/detergente-anti-gorduras-multi-usos-sonett-500ml\/","og_locale":"pt_PT","og_type":"article","og_title":"[:en]SONETT ORANGE POWER CLEANER 500ML[:pt]detergente anti-gorduras multi-usos sonett 500ml[:] - BIOCABAZ - CABAZES BIOL\u00d3GICOS","og_description":"Descri\u00e7\u00e3o O desengordurante Sonett \u00e9 uma f\u00f3rmula altamente concentrada que remove manchas dif\u00edceis de \u00f3leo e graxa em cozinhas e oficinas sem danificar as superf\u00edcies sens\u00edveis. Indica\u00e7\u00e3o Produto de limpeza universal para pisos, janelas e todas as superf\u00edcies lav\u00e1veis e imperme\u00e1veis. O limpador intensivo de laranja \u00e9 suave para a pele.      Composi\u00e7\u00e3o \u00d3leo essencial de citronela, \u00f3leo essencial de laranja doce, \u00f3leo essencial de bergamota, \u00f3leo essencial de Cajeput.Modo de Utiliza\u00e7\u00e3o: Modo de Utiliza\u00e7\u00e3o Recomenda-se usar de acordo com o grau de sujeira, usar o produto n\u00e3o dilu\u00eddo ou dilu\u00eddo em \u00e1gua para cada 5 ml do produto, utilizar 10 litros de \u00e1gua. Precau\u00e7\u00f5es Cont\u00e9m d-limoneno do \u00f3leo essencial de laranja doce e \u00f3leo de casca de laranja: pode causar uma rea\u00e7\u00e3o al\u00e9rgica da pele. Nocivo para os organismos aqu\u00e1ticos com efeitos duradouros. Se precisar de orienta\u00e7\u00e3o m\u00e9dica, tenha o recipiente ou o r\u00f3tulo do produto \u00e0 m\u00e3o. Mantenha fora do alcance de crian\u00e7as. Evite a libera\u00e7\u00e3o para o meio ambiente. Use luvas de prote\u00e7\u00e3o. Se ocorrer irrita\u00e7\u00e3o ou erup\u00e7\u00e3o cut\u00e2nea: consulte um m\u00e9dico.","og_url":"https:\/\/biocabaz.pt\/web\/produto\/detergente-anti-gorduras-multi-usos-sonett-500ml\/","og_site_name":"BIOCABAZ - CABAZES BIOL\u00d3GICOS","article_modified_time":"2022-12-03T08:35:55+00:00","og_image":[{"width":600,"height":713,"url":"https:\/\/www.biocabaz.pt\/web\/wp-conteudos\/uploads\/2021\/08\/detergente-anti-gorduras-multi-usos-sonett-500ml.jpg","type":"image\/jpeg"}],"twitter_card":"summary_large_image","schema":{"@context":"https:\/\/schema.org","@graph":[{"@type":"WebPage","@id":"https:\/\/biocabaz.pt\/web\/produto\/detergente-anti-gorduras-multi-usos-sonett-500ml\/","url":"https:\/\/biocabaz.pt\/web\/produto\/detergente-anti-gorduras-multi-usos-sonett-500ml\/","name":"detergente anti-gorduras multi-usos sonett 500ml","isPartOf":{"@id":"https:\/\/biocabaz.pt\/web\/en\/#website"},"primaryImageOfPage":{"@id":"https:\/\/biocabaz.pt\/web\/produto\/detergente-anti-gorduras-multi-usos-sonett-500ml\/#primaryimage"},"image":{"@id":"https:\/\/biocabaz.pt\/web\/produto\/detergente-anti-gorduras-multi-usos-sonett-500ml\/#primaryimage"},"thumbnailUrl":"https:\/\/www.biocabaz.pt\/web\/wp-conteudos\/uploads\/2021\/08\/detergente-anti-gorduras-multi-usos-sonett-500ml.jpg","datePublished":"2021-08-26T17:33:35+00:00","dateModified":"2022-12-03T08:35:55+00:00","breadcrumb":{"@id":"https:\/\/biocabaz.pt\/web\/produto\/detergente-anti-gorduras-multi-usos-sonett-500ml\/#breadcrumb"},"inLanguage":"pt-PT","potentialAction":[{"@type":"ReadAction","target":["https:\/\/biocabaz.pt\/web\/produto\/detergente-anti-gorduras-multi-usos-sonett-500ml\/"]}]},{"@type":"ImageObject","inLanguage":"pt-PT","@id":"https:\/\/biocabaz.pt\/web\/produto\/detergente-anti-gorduras-multi-usos-sonett-500ml\/#primaryimage","url":"https:\/\/www.biocabaz.pt\/web\/wp-conteudos\/uploads\/2021\/08\/detergente-anti-gorduras-multi-usos-sonett-500ml.jpg","contentUrl":"https:\/\/www.biocabaz.pt\/web\/wp-conteudos\/uploads\/2021\/08\/detergente-anti-gorduras-multi-usos-sonett-500ml.jpg","width":600,"height":713,"caption":"detergente anti-gorduras multi-usos sonett 500ml"},{"@type":"BreadcrumbList","@id":"https:\/\/biocabaz.pt\/web\/produto\/detergente-anti-gorduras-multi-usos-sonett-500ml\/#breadcrumb","itemListElement":[{"@type":"ListItem","position":1,"name":"Home","item":"https:\/\/biocabaz.pt\/web\/en\/"},{"@type":"ListItem","position":2,"name":"Shop","item":"https:\/\/biocabaz.pt\/web\/en\/shop\/"},{"@type":"ListItem","position":3,"name":"detergente anti-gorduras multi-usos sonett 500ml"}]},{"@type":"WebSite","@id":"https:\/\/biocabaz.pt\/web\/en\/#website","url":"https:\/\/biocabaz.pt\/web\/en\/","name":"BIOCABAZ - CABAZES BIOL\u00d3GICOS","description":"O melhor que a terra d\u00e1 \u00e9 para si","potentialAction":[{"@type":"SearchAction","target":{"@type":"EntryPoint","urlTemplate":"https:\/\/biocabaz.pt\/web\/en\/?s={search_term_string}"},"query-input":{"@type":"PropertyValueSpecification","valueRequired":true,"valueName":"search_term_string"}}],"inLanguage":"pt-PT"}]}},"_links":{"self":[{"href":"https:\/\/biocabaz.pt\/web\/wp-json\/wp\/v2\/product\/74850","targetHints":{"allow":["GET"]}}],"collection":[{"href":"https:\/\/biocabaz.pt\/web\/wp-json\/wp\/v2\/product"}],"about":[{"href":"https:\/\/biocabaz.pt\/web\/wp-json\/wp\/v2\/types\/product"}],"replies":[{"embeddable":true,"href":"https:\/\/biocabaz.pt\/web\/wp-json\/wp\/v2\/comments?post=74850"}],"wp:featuredmedia":[{"embeddable":true,"href":"https:\/\/biocabaz.pt\/web\/wp-json\/wp\/v2\/media\/74851"}],"wp:attachment":[{"href":"https:\/\/biocabaz.pt\/web\/wp-json\/wp\/v2\/media?parent=74850"}],"wp:term":[{"taxonomy":"product_cat","embeddable":true,"href":"https:\/\/biocabaz.pt\/web\/wp-json\/wp\/v2\/product_cat?post=74850"},{"taxonomy":"product_tag","embeddable":true,"href":"https:\/\/biocabaz.pt\/web\/wp-json\/wp\/v2\/product_tag?post=74850"}],"curies":[{"name":"wp","href":"https:\/\/api.w.org\/{rel}","templated":true}]}}