{"id":74747,"date":"2021-08-25T17:15:31","date_gmt":"2021-08-25T17:15:31","guid":{"rendered":"https:\/\/www.biocabaz.pt\/web\/?post_type=product&#038;p=74747"},"modified":"2022-09-29T15:35:25","modified_gmt":"2022-09-29T15:35:25","slug":"bio-pasta-dentes-branqueadora-carvao-ativado","status":"publish","type":"product","link":"https:\/\/biocabaz.pt\/web\/produto\/bio-pasta-dentes-branqueadora-carvao-ativado\/","title":{"rendered":"BIO PASTA DENTES BRANQUEADORA CARV\u00c3O ATIVADO"},"content":{"rendered":"","protected":false},"excerpt":{"rendered":"<p>Ingredientes: (INCI): Glycerin, Aloe Barbadensis Leaf Juice, Sorbitol, Hydrated Silica, Aqua, Sodium Lauroyl Sarcosinate, Mentha Piperita (Peppermi nt) Oil, Sodium Monofluorophosphate, Cetraria Islandica (Icelandic Moss) Extract, Hydroxyethylcellulose, Menthol, Xylitol, Stevia Rebaudiana (Stevia) Extract, Melaleuca Alternifolia (Tea Tree) Leaf Oil, Escin (Horse Chestnut), Phenoxyethanol, Sodium Benzoate, Potassium Sorbate, Citric Acid, Charcoal Powder (Activated), Benzyl Alcohol, Limonene.<br \/><b>Modo de Utiliza\u00e7\u00e3o:<\/b> Advert\u00eancias:<br \/>\nPor conter ingredientes de origem natural, a cor e a consist\u00eancia pode variar de lote para lote, o que n\u00e3o afeta a qualidade do produto. Evitar o contacto directo com t\u00eaxteis. Apenas para uso oral. Evitar o contacto com os olhos. N\u00e3o aplicar em pele ferida ou irritada. Suspender a utiliza\u00e7\u00e3o em caso de sensibilidade. Evite este produto em caso de alergia ou sensibilidade a algum ingrediente. Manter fora do alcance das crian\u00e7as. N\u00e3o usar em animais.<br \/>\nSugest\u00f5es de Utiliza\u00e7\u00e3o:<br \/>\nescovar os dentes cuidadosamente, de prefer\u00eancia ap\u00f3s cada refei\u00e7\u00e3o, ou pelo menos duas vezes por dia, ou de acordo com indica\u00e7\u00f5es do dentista.<\/p>\n<p>Crian\u00e7as com idade igual ou inferior a 6 anos de idade: utilizar uma quantidade equivalente ao tamanho de uma ervilha. Supervisionar as crian\u00e7as para minimizar a degluti\u00e7\u00e3o.<\/p>\n<p>No caso de toma de fl\u00faor de outras fontes, consultar o dentista ou o m\u00e9dico. Cont\u00e9m monofluorofosfato de s\u00f3dio (fonte de fl\u00faor a 1000ppm).<br \/>\nCondi\u00e7\u00f5es de Conserva\u00e7\u00e3o:<br \/>\nConservar em local fresco e seco<\/p>\n","protected":false},"featured_media":74748,"comment_status":"closed","ping_status":"closed","template":"","meta":[],"product_cat":[93],"product_tag":[],"class_list":["post-74747","product","type-product","status-publish","has-post-thumbnail","hentry","product_cat-higiene-oral"],"bundle_layout":"","bundled_by":[],"bundled_items":[],"yoast_head":"<!-- This site is optimized with the Yoast SEO plugin v26.3 - https:\/\/yoast.com\/wordpress\/plugins\/seo\/ -->\n<title>BIO PASTA DENTES BRANQUEADORA CARV\u00c3O ATIVADO<\/title>\n<meta name=\"robots\" content=\"index, follow, max-snippet:-1, max-image-preview:large, max-video-preview:-1\" \/>\n<link rel=\"canonical\" href=\"https:\/\/biocabaz.pt\/web\/produto\/bio-pasta-dentes-branqueadora-carvao-ativado\/\" \/>\n<meta property=\"og:locale\" content=\"pt_PT\" \/>\n<meta property=\"og:locale:alternate\" content=\"en_US\" \/>\n<meta property=\"og:type\" content=\"article\" \/>\n<meta property=\"og:title\" content=\"BIO PASTA DENTES BRANQUEADORA CARV\u00c3O ATIVADO\" \/>\n<meta property=\"og:description\" content=\"Ingredientes: (INCI): Glycerin, Aloe Barbadensis Leaf Juice, Sorbitol, Hydrated Silica, Aqua, Sodium Lauroyl Sarcosinate, Mentha Piperita (Peppermi nt) Oil, Sodium Monofluorophosphate, Cetraria Islandica (Icelandic Moss) Extract, Hydroxyethylcellulose, Menthol, Xylitol, Stevia Rebaudiana (Stevia) Extract, Melaleuca Alternifolia (Tea Tree) Leaf Oil, Escin (Horse Chestnut), Phenoxyethanol, Sodium Benzoate, Potassium Sorbate, Citric Acid, Charcoal Powder (Activated), Benzyl Alcohol, Limonene.Modo de Utiliza\u00e7\u00e3o: Advert\u00eancias: Por conter ingredientes de origem natural, a cor e a consist\u00eancia pode variar de lote para lote, o que n\u00e3o afeta a qualidade do produto. Evitar o contacto directo com t\u00eaxteis. Apenas para uso oral. Evitar o contacto com os olhos. N\u00e3o aplicar em pele ferida ou irritada. Suspender a utiliza\u00e7\u00e3o em caso de sensibilidade. Evite este produto em caso de alergia ou sensibilidade a algum ingrediente. Manter fora do alcance das crian\u00e7as. N\u00e3o usar em animais. Sugest\u00f5es de Utiliza\u00e7\u00e3o: escovar os dentes cuidadosamente, de prefer\u00eancia ap\u00f3s cada refei\u00e7\u00e3o, ou pelo menos duas vezes por dia, ou de acordo com indica\u00e7\u00f5es do dentista. Crian\u00e7as com idade igual ou inferior a 6 anos de idade: utilizar uma quantidade equivalente ao tamanho de uma ervilha. Supervisionar as crian\u00e7as para minimizar a degluti\u00e7\u00e3o. No caso de toma de fl\u00faor de outras fontes, consultar o dentista ou o m\u00e9dico. Cont\u00e9m monofluorofosfato de s\u00f3dio (fonte de fl\u00faor a 1000ppm). Condi\u00e7\u00f5es de Conserva\u00e7\u00e3o: Conservar em local fresco e seco\" \/>\n<meta property=\"og:url\" content=\"https:\/\/biocabaz.pt\/web\/produto\/bio-pasta-dentes-branqueadora-carvao-ativado\/\" \/>\n<meta property=\"og:site_name\" content=\"BIOCABAZ - CABAZES BIOL\u00d3GICOS\" \/>\n<meta property=\"article:modified_time\" content=\"2022-09-29T15:35:25+00:00\" \/>\n<meta property=\"og:image\" content=\"https:\/\/www.biocabaz.pt\/web\/wp-conteudos\/uploads\/2021\/08\/bio-pasta-dentes-branqueadora-carvao-ativado.jpg\" \/>\n\t<meta property=\"og:image:width\" content=\"600\" \/>\n\t<meta property=\"og:image:height\" content=\"600\" \/>\n\t<meta property=\"og:image:type\" content=\"image\/jpeg\" \/>\n<meta name=\"twitter:card\" content=\"summary_large_image\" \/>\n<script type=\"application\/ld+json\" class=\"yoast-schema-graph\">{\"@context\":\"https:\/\/schema.org\",\"@graph\":[{\"@type\":\"WebPage\",\"@id\":\"https:\/\/biocabaz.pt\/web\/produto\/bio-pasta-dentes-branqueadora-carvao-ativado\/\",\"url\":\"https:\/\/biocabaz.pt\/web\/produto\/bio-pasta-dentes-branqueadora-carvao-ativado\/\",\"name\":\"BIO PASTA DENTES BRANQUEADORA CARV\u00c3O ATIVADO\",\"isPartOf\":{\"@id\":\"https:\/\/biocabaz.pt\/web\/#website\"},\"primaryImageOfPage\":{\"@id\":\"https:\/\/biocabaz.pt\/web\/produto\/bio-pasta-dentes-branqueadora-carvao-ativado\/#primaryimage\"},\"image\":{\"@id\":\"https:\/\/biocabaz.pt\/web\/produto\/bio-pasta-dentes-branqueadora-carvao-ativado\/#primaryimage\"},\"thumbnailUrl\":\"https:\/\/www.biocabaz.pt\/web\/wp-conteudos\/uploads\/2021\/08\/bio-pasta-dentes-branqueadora-carvao-ativado.jpg\",\"datePublished\":\"2021-08-25T17:15:31+00:00\",\"dateModified\":\"2022-09-29T15:35:25+00:00\",\"breadcrumb\":{\"@id\":\"https:\/\/biocabaz.pt\/web\/produto\/bio-pasta-dentes-branqueadora-carvao-ativado\/#breadcrumb\"},\"inLanguage\":\"pt-PT\",\"potentialAction\":[{\"@type\":\"ReadAction\",\"target\":[\"https:\/\/biocabaz.pt\/web\/produto\/bio-pasta-dentes-branqueadora-carvao-ativado\/\"]}]},{\"@type\":\"ImageObject\",\"inLanguage\":\"pt-PT\",\"@id\":\"https:\/\/biocabaz.pt\/web\/produto\/bio-pasta-dentes-branqueadora-carvao-ativado\/#primaryimage\",\"url\":\"https:\/\/www.biocabaz.pt\/web\/wp-conteudos\/uploads\/2021\/08\/bio-pasta-dentes-branqueadora-carvao-ativado.jpg\",\"contentUrl\":\"https:\/\/www.biocabaz.pt\/web\/wp-conteudos\/uploads\/2021\/08\/bio-pasta-dentes-branqueadora-carvao-ativado.jpg\",\"width\":600,\"height\":600,\"caption\":\"BIO PASTA DENTES BRANQUEADORA CARV\u00c3O ATIVADO\"},{\"@type\":\"BreadcrumbList\",\"@id\":\"https:\/\/biocabaz.pt\/web\/produto\/bio-pasta-dentes-branqueadora-carvao-ativado\/#breadcrumb\",\"itemListElement\":[{\"@type\":\"ListItem\",\"position\":1,\"name\":\"Home\",\"item\":\"https:\/\/biocabaz.pt\/web\/\"},{\"@type\":\"ListItem\",\"position\":2,\"name\":\"Loja\",\"item\":\"https:\/\/biocabaz.pt\/web\/shop\/\"},{\"@type\":\"ListItem\",\"position\":3,\"name\":\"BIO PASTA DENTES BRANQUEADORA CARV\u00c3O ATIVADO\"}]},{\"@type\":\"WebSite\",\"@id\":\"https:\/\/biocabaz.pt\/web\/#website\",\"url\":\"https:\/\/biocabaz.pt\/web\/\",\"name\":\"BIOCABAZ - CABAZES BIOL\u00d3GICOS\",\"description\":\"O melhor que a terra d\u00e1 \u00e9 para si\",\"potentialAction\":[{\"@type\":\"SearchAction\",\"target\":{\"@type\":\"EntryPoint\",\"urlTemplate\":\"https:\/\/biocabaz.pt\/web\/?s={search_term_string}\"},\"query-input\":{\"@type\":\"PropertyValueSpecification\",\"valueRequired\":true,\"valueName\":\"search_term_string\"}}],\"inLanguage\":\"pt-PT\"}]}<\/script>\n<!-- \/ Yoast SEO plugin. -->","yoast_head_json":{"title":"BIO PASTA DENTES BRANQUEADORA CARV\u00c3O ATIVADO","robots":{"index":"index","follow":"follow","max-snippet":"max-snippet:-1","max-image-preview":"max-image-preview:large","max-video-preview":"max-video-preview:-1"},"canonical":"https:\/\/biocabaz.pt\/web\/produto\/bio-pasta-dentes-branqueadora-carvao-ativado\/","og_locale":"pt_PT","og_type":"article","og_title":"[:en]ACTIVATED CHARCOAL EXTRA WHITENING TOOTHPASTE[:pt]BIO PASTA DENTES BRANQUEADORA CARV\u00c3O ATIVADO[:] - BIOCABAZ - CABAZES BIOL\u00d3GICOS","og_description":"Ingredientes: (INCI): Glycerin, Aloe Barbadensis Leaf Juice, Sorbitol, Hydrated Silica, Aqua, Sodium Lauroyl Sarcosinate, Mentha Piperita (Peppermi nt) Oil, Sodium Monofluorophosphate, Cetraria Islandica (Icelandic Moss) Extract, Hydroxyethylcellulose, Menthol, Xylitol, Stevia Rebaudiana (Stevia) Extract, Melaleuca Alternifolia (Tea Tree) Leaf Oil, Escin (Horse Chestnut), Phenoxyethanol, Sodium Benzoate, Potassium Sorbate, Citric Acid, Charcoal Powder (Activated), Benzyl Alcohol, Limonene.Modo de Utiliza\u00e7\u00e3o: Advert\u00eancias: Por conter ingredientes de origem natural, a cor e a consist\u00eancia pode variar de lote para lote, o que n\u00e3o afeta a qualidade do produto. Evitar o contacto directo com t\u00eaxteis. Apenas para uso oral. Evitar o contacto com os olhos. N\u00e3o aplicar em pele ferida ou irritada. Suspender a utiliza\u00e7\u00e3o em caso de sensibilidade. Evite este produto em caso de alergia ou sensibilidade a algum ingrediente. Manter fora do alcance das crian\u00e7as. N\u00e3o usar em animais. Sugest\u00f5es de Utiliza\u00e7\u00e3o: escovar os dentes cuidadosamente, de prefer\u00eancia ap\u00f3s cada refei\u00e7\u00e3o, ou pelo menos duas vezes por dia, ou de acordo com indica\u00e7\u00f5es do dentista. Crian\u00e7as com idade igual ou inferior a 6 anos de idade: utilizar uma quantidade equivalente ao tamanho de uma ervilha. Supervisionar as crian\u00e7as para minimizar a degluti\u00e7\u00e3o. No caso de toma de fl\u00faor de outras fontes, consultar o dentista ou o m\u00e9dico. Cont\u00e9m monofluorofosfato de s\u00f3dio (fonte de fl\u00faor a 1000ppm). Condi\u00e7\u00f5es de Conserva\u00e7\u00e3o: Conservar em local fresco e seco","og_url":"https:\/\/biocabaz.pt\/web\/produto\/bio-pasta-dentes-branqueadora-carvao-ativado\/","og_site_name":"BIOCABAZ - CABAZES BIOL\u00d3GICOS","article_modified_time":"2022-09-29T15:35:25+00:00","og_image":[{"width":600,"height":600,"url":"https:\/\/www.biocabaz.pt\/web\/wp-conteudos\/uploads\/2021\/08\/bio-pasta-dentes-branqueadora-carvao-ativado.jpg","type":"image\/jpeg"}],"twitter_card":"summary_large_image","schema":{"@context":"https:\/\/schema.org","@graph":[{"@type":"WebPage","@id":"https:\/\/biocabaz.pt\/web\/produto\/bio-pasta-dentes-branqueadora-carvao-ativado\/","url":"https:\/\/biocabaz.pt\/web\/produto\/bio-pasta-dentes-branqueadora-carvao-ativado\/","name":"BIO PASTA DENTES BRANQUEADORA CARV\u00c3O ATIVADO","isPartOf":{"@id":"https:\/\/biocabaz.pt\/web\/#website"},"primaryImageOfPage":{"@id":"https:\/\/biocabaz.pt\/web\/produto\/bio-pasta-dentes-branqueadora-carvao-ativado\/#primaryimage"},"image":{"@id":"https:\/\/biocabaz.pt\/web\/produto\/bio-pasta-dentes-branqueadora-carvao-ativado\/#primaryimage"},"thumbnailUrl":"https:\/\/www.biocabaz.pt\/web\/wp-conteudos\/uploads\/2021\/08\/bio-pasta-dentes-branqueadora-carvao-ativado.jpg","datePublished":"2021-08-25T17:15:31+00:00","dateModified":"2022-09-29T15:35:25+00:00","breadcrumb":{"@id":"https:\/\/biocabaz.pt\/web\/produto\/bio-pasta-dentes-branqueadora-carvao-ativado\/#breadcrumb"},"inLanguage":"pt-PT","potentialAction":[{"@type":"ReadAction","target":["https:\/\/biocabaz.pt\/web\/produto\/bio-pasta-dentes-branqueadora-carvao-ativado\/"]}]},{"@type":"ImageObject","inLanguage":"pt-PT","@id":"https:\/\/biocabaz.pt\/web\/produto\/bio-pasta-dentes-branqueadora-carvao-ativado\/#primaryimage","url":"https:\/\/www.biocabaz.pt\/web\/wp-conteudos\/uploads\/2021\/08\/bio-pasta-dentes-branqueadora-carvao-ativado.jpg","contentUrl":"https:\/\/www.biocabaz.pt\/web\/wp-conteudos\/uploads\/2021\/08\/bio-pasta-dentes-branqueadora-carvao-ativado.jpg","width":600,"height":600,"caption":"BIO PASTA DENTES BRANQUEADORA CARV\u00c3O ATIVADO"},{"@type":"BreadcrumbList","@id":"https:\/\/biocabaz.pt\/web\/produto\/bio-pasta-dentes-branqueadora-carvao-ativado\/#breadcrumb","itemListElement":[{"@type":"ListItem","position":1,"name":"Home","item":"https:\/\/biocabaz.pt\/web\/"},{"@type":"ListItem","position":2,"name":"Loja","item":"https:\/\/biocabaz.pt\/web\/shop\/"},{"@type":"ListItem","position":3,"name":"BIO PASTA DENTES BRANQUEADORA CARV\u00c3O ATIVADO"}]},{"@type":"WebSite","@id":"https:\/\/biocabaz.pt\/web\/#website","url":"https:\/\/biocabaz.pt\/web\/","name":"BIOCABAZ - CABAZES BIOL\u00d3GICOS","description":"O melhor que a terra d\u00e1 \u00e9 para si","potentialAction":[{"@type":"SearchAction","target":{"@type":"EntryPoint","urlTemplate":"https:\/\/biocabaz.pt\/web\/?s={search_term_string}"},"query-input":{"@type":"PropertyValueSpecification","valueRequired":true,"valueName":"search_term_string"}}],"inLanguage":"pt-PT"}]}},"_links":{"self":[{"href":"https:\/\/biocabaz.pt\/web\/wp-json\/wp\/v2\/product\/74747","targetHints":{"allow":["GET"]}}],"collection":[{"href":"https:\/\/biocabaz.pt\/web\/wp-json\/wp\/v2\/product"}],"about":[{"href":"https:\/\/biocabaz.pt\/web\/wp-json\/wp\/v2\/types\/product"}],"replies":[{"embeddable":true,"href":"https:\/\/biocabaz.pt\/web\/wp-json\/wp\/v2\/comments?post=74747"}],"wp:featuredmedia":[{"embeddable":true,"href":"https:\/\/biocabaz.pt\/web\/wp-json\/wp\/v2\/media\/74748"}],"wp:attachment":[{"href":"https:\/\/biocabaz.pt\/web\/wp-json\/wp\/v2\/media?parent=74747"}],"wp:term":[{"taxonomy":"product_cat","embeddable":true,"href":"https:\/\/biocabaz.pt\/web\/wp-json\/wp\/v2\/product_cat?post=74747"},{"taxonomy":"product_tag","embeddable":true,"href":"https:\/\/biocabaz.pt\/web\/wp-json\/wp\/v2\/product_tag?post=74747"}],"curies":[{"name":"wp","href":"https:\/\/api.w.org\/{rel}","templated":true}]}}