{"id":74678,"date":"2021-08-25T09:49:30","date_gmt":"2021-08-25T09:49:30","guid":{"rendered":"https:\/\/www.biocabaz.pt\/web\/?post_type=product&#038;p=74678"},"modified":"2026-03-28T09:21:50","modified_gmt":"2026-03-28T09:21:50","slug":"penso-higienico-algodao-bio-fino-super","status":"publish","type":"product","link":"https:\/\/biocabaz.pt\/web\/produto\/penso-higienico-algodao-bio-fino-super\/","title":{"rendered":"PENSO HIGIENICO ALGOD\u00c3O BIO FINO SUPER+"},"content":{"rendered":"","protected":false},"excerpt":{"rendered":"<p>Com suave revestimento em algod\u00e3o biol\u00f3gico para um conforto e secura naturais<br \/>\nSem pl\u00e1stico, sem perfume e sem cloro<br \/>\nCom materiais naturais<br \/>\nBiodegrad\u00e1vel<br \/>\nFormato anat\u00f3mico ultra fino para conforto e descri\u00e7\u00e3o<br \/>\nAbsor\u00e7\u00e3o Super Plus<br \/>\n<br \/><b>Modo de Utiliza\u00e7\u00e3o:<\/b> Condi\u00e7\u00f5es de Conserva\u00e7\u00e3o:<br \/>\nConservar em local fresco e seco abaixo dos 25\u00baC e com pouca humidade.<\/p>\n","protected":false},"featured_media":74682,"comment_status":"closed","ping_status":"closed","template":"","meta":[],"product_cat":[92],"product_tag":[],"class_list":["post-74678","product","type-product","status-publish","has-post-thumbnail","hentry","product_cat-higiene-intima"],"bundle_layout":"","bundled_by":[],"bundled_items":[],"yoast_head":"<!-- This site is optimized with the Yoast SEO plugin v26.3 - https:\/\/yoast.com\/wordpress\/plugins\/seo\/ -->\n<title>PENSO HIGIENICO ALGOD\u00c3O BIO FINO SUPER+<\/title>\n<meta name=\"robots\" content=\"index, follow, max-snippet:-1, max-image-preview:large, max-video-preview:-1\" \/>\n<link rel=\"canonical\" href=\"https:\/\/biocabaz.pt\/web\/produto\/penso-higienico-algodao-bio-fino-super\/\" \/>\n<meta property=\"og:locale\" content=\"pt_PT\" \/>\n<meta property=\"og:locale:alternate\" content=\"en_US\" \/>\n<meta property=\"og:type\" content=\"article\" \/>\n<meta property=\"og:title\" content=\"PENSO HIGIENICO ALGOD\u00c3O BIO FINO SUPER+\" \/>\n<meta property=\"og:description\" content=\"Com suave revestimento em algod\u00e3o biol\u00f3gico para um conforto e secura naturais Sem pl\u00e1stico, sem perfume e sem cloro Com materiais naturais Biodegrad\u00e1vel Formato anat\u00f3mico ultra fino para conforto e descri\u00e7\u00e3o Absor\u00e7\u00e3o Super Plus Modo de Utiliza\u00e7\u00e3o: Condi\u00e7\u00f5es de Conserva\u00e7\u00e3o: Conservar em local fresco e seco abaixo dos 25\u00baC e com pouca humidade.\" \/>\n<meta property=\"og:url\" content=\"https:\/\/biocabaz.pt\/web\/produto\/penso-higienico-algodao-bio-fino-super\/\" \/>\n<meta property=\"og:site_name\" content=\"BIOCABAZ - CABAZES BIOL\u00d3GICOS\" \/>\n<meta property=\"article:modified_time\" content=\"2026-03-28T09:21:50+00:00\" \/>\n<meta property=\"og:image\" content=\"https:\/\/www.biocabaz.pt\/web\/wp-conteudos\/uploads\/2021\/08\/penso-higienico-algodao-bio-fino-super.jpg\" \/>\n\t<meta property=\"og:image:width\" content=\"600\" \/>\n\t<meta property=\"og:image:height\" content=\"600\" \/>\n\t<meta property=\"og:image:type\" content=\"image\/jpeg\" \/>\n<meta name=\"twitter:card\" content=\"summary_large_image\" \/>\n<script type=\"application\/ld+json\" class=\"yoast-schema-graph\">{\"@context\":\"https:\/\/schema.org\",\"@graph\":[{\"@type\":\"WebPage\",\"@id\":\"https:\/\/biocabaz.pt\/web\/en\/produto\/penso-higienico-algodao-bio-fino-super\/\",\"url\":\"https:\/\/biocabaz.pt\/web\/en\/produto\/penso-higienico-algodao-bio-fino-super\/\",\"name\":\"PENSO HIGIENICO ALGOD\u00c3O BIO FINO SUPER+\",\"isPartOf\":{\"@id\":\"https:\/\/biocabaz.pt\/web\/#website\"},\"primaryImageOfPage\":{\"@id\":\"https:\/\/biocabaz.pt\/web\/en\/produto\/penso-higienico-algodao-bio-fino-super\/#primaryimage\"},\"image\":{\"@id\":\"https:\/\/biocabaz.pt\/web\/en\/produto\/penso-higienico-algodao-bio-fino-super\/#primaryimage\"},\"thumbnailUrl\":\"https:\/\/www.biocabaz.pt\/web\/wp-conteudos\/uploads\/2021\/08\/penso-higienico-algodao-bio-fino-super.jpg\",\"datePublished\":\"2021-08-25T09:49:30+00:00\",\"dateModified\":\"2026-03-28T09:21:50+00:00\",\"breadcrumb\":{\"@id\":\"https:\/\/biocabaz.pt\/web\/en\/produto\/penso-higienico-algodao-bio-fino-super\/#breadcrumb\"},\"inLanguage\":\"pt-PT\",\"potentialAction\":[{\"@type\":\"ReadAction\",\"target\":[\"https:\/\/biocabaz.pt\/web\/en\/produto\/penso-higienico-algodao-bio-fino-super\/\"]}]},{\"@type\":\"ImageObject\",\"inLanguage\":\"pt-PT\",\"@id\":\"https:\/\/biocabaz.pt\/web\/en\/produto\/penso-higienico-algodao-bio-fino-super\/#primaryimage\",\"url\":\"https:\/\/www.biocabaz.pt\/web\/wp-conteudos\/uploads\/2021\/08\/penso-higienico-algodao-bio-fino-super.jpg\",\"contentUrl\":\"https:\/\/www.biocabaz.pt\/web\/wp-conteudos\/uploads\/2021\/08\/penso-higienico-algodao-bio-fino-super.jpg\",\"width\":600,\"height\":600,\"caption\":\"PENSO HIGIENICO ALGOD\u00c3O BIO FINO SUPER+\"},{\"@type\":\"BreadcrumbList\",\"@id\":\"https:\/\/biocabaz.pt\/web\/en\/produto\/penso-higienico-algodao-bio-fino-super\/#breadcrumb\",\"itemListElement\":[{\"@type\":\"ListItem\",\"position\":1,\"name\":\"Home\",\"item\":\"https:\/\/biocabaz.pt\/web\/\"},{\"@type\":\"ListItem\",\"position\":2,\"name\":\"Loja\",\"item\":\"https:\/\/biocabaz.pt\/web\/shop\/\"},{\"@type\":\"ListItem\",\"position\":3,\"name\":\"ORGANIC COTTON SUPER PLUS ULTRA PADS\"}]},{\"@type\":\"WebSite\",\"@id\":\"https:\/\/biocabaz.pt\/web\/#website\",\"url\":\"https:\/\/biocabaz.pt\/web\/\",\"name\":\"BIOCABAZ - CABAZES BIOL\u00d3GICOS\",\"description\":\"O melhor que a terra d\u00e1 \u00e9 para si\",\"potentialAction\":[{\"@type\":\"SearchAction\",\"target\":{\"@type\":\"EntryPoint\",\"urlTemplate\":\"https:\/\/biocabaz.pt\/web\/?s={search_term_string}\"},\"query-input\":{\"@type\":\"PropertyValueSpecification\",\"valueRequired\":true,\"valueName\":\"search_term_string\"}}],\"inLanguage\":\"pt-PT\"}]}<\/script>\n<!-- \/ Yoast SEO plugin. -->","yoast_head_json":{"title":"PENSO HIGIENICO ALGOD\u00c3O BIO FINO SUPER+","robots":{"index":"index","follow":"follow","max-snippet":"max-snippet:-1","max-image-preview":"max-image-preview:large","max-video-preview":"max-video-preview:-1"},"canonical":"https:\/\/biocabaz.pt\/web\/produto\/penso-higienico-algodao-bio-fino-super\/","og_locale":"pt_PT","og_type":"article","og_title":"[:en]ORGANIC COTTON SUPER PLUS ULTRA PADS[:pt]PENSO HIGIENICO ALGOD\u00c3O BIO FINO SUPER+[:] - BIOCABAZ - CABAZES BIOL\u00d3GICOS","og_description":"Com suave revestimento em algod\u00e3o biol\u00f3gico para um conforto e secura naturais Sem pl\u00e1stico, sem perfume e sem cloro Com materiais naturais Biodegrad\u00e1vel Formato anat\u00f3mico ultra fino para conforto e descri\u00e7\u00e3o Absor\u00e7\u00e3o Super Plus Modo de Utiliza\u00e7\u00e3o: Condi\u00e7\u00f5es de Conserva\u00e7\u00e3o: Conservar em local fresco e seco abaixo dos 25\u00baC e com pouca humidade.","og_url":"https:\/\/biocabaz.pt\/web\/produto\/penso-higienico-algodao-bio-fino-super\/","og_site_name":"BIOCABAZ - CABAZES BIOL\u00d3GICOS","article_modified_time":"2026-03-28T09:21:50+00:00","og_image":[{"width":600,"height":600,"url":"https:\/\/www.biocabaz.pt\/web\/wp-conteudos\/uploads\/2021\/08\/penso-higienico-algodao-bio-fino-super.jpg","type":"image\/jpeg"}],"twitter_card":"summary_large_image","schema":{"@context":"https:\/\/schema.org","@graph":[{"@type":"WebPage","@id":"https:\/\/biocabaz.pt\/web\/en\/produto\/penso-higienico-algodao-bio-fino-super\/","url":"https:\/\/biocabaz.pt\/web\/en\/produto\/penso-higienico-algodao-bio-fino-super\/","name":"PENSO HIGIENICO ALGOD\u00c3O BIO FINO SUPER+","isPartOf":{"@id":"https:\/\/biocabaz.pt\/web\/#website"},"primaryImageOfPage":{"@id":"https:\/\/biocabaz.pt\/web\/en\/produto\/penso-higienico-algodao-bio-fino-super\/#primaryimage"},"image":{"@id":"https:\/\/biocabaz.pt\/web\/en\/produto\/penso-higienico-algodao-bio-fino-super\/#primaryimage"},"thumbnailUrl":"https:\/\/www.biocabaz.pt\/web\/wp-conteudos\/uploads\/2021\/08\/penso-higienico-algodao-bio-fino-super.jpg","datePublished":"2021-08-25T09:49:30+00:00","dateModified":"2026-03-28T09:21:50+00:00","breadcrumb":{"@id":"https:\/\/biocabaz.pt\/web\/en\/produto\/penso-higienico-algodao-bio-fino-super\/#breadcrumb"},"inLanguage":"pt-PT","potentialAction":[{"@type":"ReadAction","target":["https:\/\/biocabaz.pt\/web\/en\/produto\/penso-higienico-algodao-bio-fino-super\/"]}]},{"@type":"ImageObject","inLanguage":"pt-PT","@id":"https:\/\/biocabaz.pt\/web\/en\/produto\/penso-higienico-algodao-bio-fino-super\/#primaryimage","url":"https:\/\/www.biocabaz.pt\/web\/wp-conteudos\/uploads\/2021\/08\/penso-higienico-algodao-bio-fino-super.jpg","contentUrl":"https:\/\/www.biocabaz.pt\/web\/wp-conteudos\/uploads\/2021\/08\/penso-higienico-algodao-bio-fino-super.jpg","width":600,"height":600,"caption":"PENSO HIGIENICO ALGOD\u00c3O BIO FINO SUPER+"},{"@type":"BreadcrumbList","@id":"https:\/\/biocabaz.pt\/web\/en\/produto\/penso-higienico-algodao-bio-fino-super\/#breadcrumb","itemListElement":[{"@type":"ListItem","position":1,"name":"Home","item":"https:\/\/biocabaz.pt\/web\/"},{"@type":"ListItem","position":2,"name":"Loja","item":"https:\/\/biocabaz.pt\/web\/shop\/"},{"@type":"ListItem","position":3,"name":"ORGANIC COTTON SUPER PLUS ULTRA PADS"}]},{"@type":"WebSite","@id":"https:\/\/biocabaz.pt\/web\/#website","url":"https:\/\/biocabaz.pt\/web\/","name":"BIOCABAZ - CABAZES BIOL\u00d3GICOS","description":"O melhor que a terra d\u00e1 \u00e9 para si","potentialAction":[{"@type":"SearchAction","target":{"@type":"EntryPoint","urlTemplate":"https:\/\/biocabaz.pt\/web\/?s={search_term_string}"},"query-input":{"@type":"PropertyValueSpecification","valueRequired":true,"valueName":"search_term_string"}}],"inLanguage":"pt-PT"}]}},"_links":{"self":[{"href":"https:\/\/biocabaz.pt\/web\/wp-json\/wp\/v2\/product\/74678","targetHints":{"allow":["GET"]}}],"collection":[{"href":"https:\/\/biocabaz.pt\/web\/wp-json\/wp\/v2\/product"}],"about":[{"href":"https:\/\/biocabaz.pt\/web\/wp-json\/wp\/v2\/types\/product"}],"replies":[{"embeddable":true,"href":"https:\/\/biocabaz.pt\/web\/wp-json\/wp\/v2\/comments?post=74678"}],"wp:featuredmedia":[{"embeddable":true,"href":"https:\/\/biocabaz.pt\/web\/wp-json\/wp\/v2\/media\/74682"}],"wp:attachment":[{"href":"https:\/\/biocabaz.pt\/web\/wp-json\/wp\/v2\/media?parent=74678"}],"wp:term":[{"taxonomy":"product_cat","embeddable":true,"href":"https:\/\/biocabaz.pt\/web\/wp-json\/wp\/v2\/product_cat?post=74678"},{"taxonomy":"product_tag","embeddable":true,"href":"https:\/\/biocabaz.pt\/web\/wp-json\/wp\/v2\/product_tag?post=74678"}],"curies":[{"name":"wp","href":"https:\/\/api.w.org\/{rel}","templated":true}]}}