{"id":74614,"date":"2021-08-23T12:40:35","date_gmt":"2021-08-23T12:40:35","guid":{"rendered":"https:\/\/www.biocabaz.pt\/web\/?post_type=product&#038;p=74614"},"modified":"2022-07-08T23:01:55","modified_gmt":"2022-07-08T23:01:55","slug":"pao-alentejano-bio-1kg","status":"publish","type":"product","link":"https:\/\/biocabaz.pt\/web\/produto\/pao-alentejano-bio-1kg\/","title":{"rendered":"PAO ALENTEJANO BIO 1KG"},"content":{"rendered":"<p>Origem Portugal<\/p>\n","protected":false},"excerpt":{"rendered":"<p>Ingredientes: farinha de trigo (57%), \u00e1gua (31%), massa m\u00e3e (11%), sal (1%) e fermento.<br \/><b>Modo de Utiliza\u00e7\u00e3o:<\/b> P\u00e3o alentejano r\u00fastico elaborado com fermento natural (isco ou massa m\u00e3e\/l\u00eaveda) e cozido no forno de lenha do Monte da Herdade do Freixo do Meio.<br \/><b>Dados Nutricionais:<\/b> Declara\u00e7\u00e3o Nutricional por 100g: Energia: KJ\/Kcal; L\u00edpidos: g; dos quais saturados: g; Hidratos de carbono: g; dos quais a\u00e7\u00facares: g; Prote\u00ednas: g; Sal: g.<\/p>\n","protected":false},"featured_media":74615,"comment_status":"closed","ping_status":"closed","template":"","meta":[],"product_cat":[105],"product_tag":[],"class_list":["post-74614","product","type-product","status-publish","has-post-thumbnail","hentry","product_cat-pao-e-tostas"],"bundle_layout":"","bundled_by":[],"bundled_items":[],"yoast_head":"<!-- This site is optimized with the Yoast SEO plugin v26.3 - https:\/\/yoast.com\/wordpress\/plugins\/seo\/ -->\n<title>PAO ALENTEJANO BIO 1KG<\/title>\n<meta name=\"robots\" content=\"index, follow, max-snippet:-1, max-image-preview:large, max-video-preview:-1\" \/>\n<link rel=\"canonical\" href=\"https:\/\/biocabaz.pt\/web\/produto\/pao-alentejano-bio-1kg\/\" \/>\n<meta property=\"og:locale\" content=\"pt_PT\" \/>\n<meta property=\"og:locale:alternate\" content=\"en_US\" \/>\n<meta property=\"og:type\" content=\"article\" \/>\n<meta property=\"og:title\" content=\"PAO ALENTEJANO BIO 1KG\" \/>\n<meta property=\"og:description\" content=\"Ingredientes: farinha de trigo (57%), \u00e1gua (31%), massa m\u00e3e (11%), sal (1%) e fermento.Modo de Utiliza\u00e7\u00e3o: P\u00e3o alentejano r\u00fastico elaborado com fermento natural (isco ou massa m\u00e3e\/l\u00eaveda) e cozido no forno de lenha do Monte da Herdade do Freixo do Meio.Dados Nutricionais: Declara\u00e7\u00e3o Nutricional por 100g: Energia: KJ\/Kcal; L\u00edpidos: g; dos quais saturados: g; Hidratos de carbono: g; dos quais a\u00e7\u00facares: g; Prote\u00ednas: g; Sal: g.\" \/>\n<meta property=\"og:url\" content=\"https:\/\/biocabaz.pt\/web\/produto\/pao-alentejano-bio-1kg\/\" \/>\n<meta property=\"og:site_name\" content=\"BIOCABAZ - CABAZES BIOL\u00d3GICOS\" \/>\n<meta property=\"article:modified_time\" content=\"2022-07-08T23:01:55+00:00\" \/>\n<meta property=\"og:image\" content=\"https:\/\/www.biocabaz.pt\/web\/wp-conteudos\/uploads\/2021\/08\/pao-alentejano-bio-1kg.jpeg\" \/>\n\t<meta property=\"og:image:width\" content=\"650\" \/>\n\t<meta property=\"og:image:height\" content=\"650\" \/>\n\t<meta property=\"og:image:type\" content=\"image\/jpeg\" \/>\n<meta name=\"twitter:card\" content=\"summary_large_image\" \/>\n<script type=\"application\/ld+json\" class=\"yoast-schema-graph\">{\"@context\":\"https:\/\/schema.org\",\"@graph\":[{\"@type\":\"WebPage\",\"@id\":\"https:\/\/biocabaz.pt\/web\/produto\/pao-alentejano-bio-1kg\/\",\"url\":\"https:\/\/biocabaz.pt\/web\/produto\/pao-alentejano-bio-1kg\/\",\"name\":\"PAO ALENTEJANO BIO 1KG\",\"isPartOf\":{\"@id\":\"https:\/\/biocabaz.pt\/web\/en\/#website\"},\"primaryImageOfPage\":{\"@id\":\"https:\/\/biocabaz.pt\/web\/produto\/pao-alentejano-bio-1kg\/#primaryimage\"},\"image\":{\"@id\":\"https:\/\/biocabaz.pt\/web\/produto\/pao-alentejano-bio-1kg\/#primaryimage\"},\"thumbnailUrl\":\"https:\/\/www.biocabaz.pt\/web\/wp-conteudos\/uploads\/2021\/08\/pao-alentejano-bio-1kg.jpeg\",\"datePublished\":\"2021-08-23T12:40:35+00:00\",\"dateModified\":\"2022-07-08T23:01:55+00:00\",\"breadcrumb\":{\"@id\":\"https:\/\/biocabaz.pt\/web\/produto\/pao-alentejano-bio-1kg\/#breadcrumb\"},\"inLanguage\":\"pt-PT\",\"potentialAction\":[{\"@type\":\"ReadAction\",\"target\":[\"https:\/\/biocabaz.pt\/web\/produto\/pao-alentejano-bio-1kg\/\"]}]},{\"@type\":\"ImageObject\",\"inLanguage\":\"pt-PT\",\"@id\":\"https:\/\/biocabaz.pt\/web\/produto\/pao-alentejano-bio-1kg\/#primaryimage\",\"url\":\"https:\/\/www.biocabaz.pt\/web\/wp-conteudos\/uploads\/2021\/08\/pao-alentejano-bio-1kg.jpeg\",\"contentUrl\":\"https:\/\/www.biocabaz.pt\/web\/wp-conteudos\/uploads\/2021\/08\/pao-alentejano-bio-1kg.jpeg\",\"width\":650,\"height\":650,\"caption\":\"PAO ALENTEJANO BIO 1KG\"},{\"@type\":\"BreadcrumbList\",\"@id\":\"https:\/\/biocabaz.pt\/web\/produto\/pao-alentejano-bio-1kg\/#breadcrumb\",\"itemListElement\":[{\"@type\":\"ListItem\",\"position\":1,\"name\":\"Home\",\"item\":\"https:\/\/biocabaz.pt\/web\/en\/\"},{\"@type\":\"ListItem\",\"position\":2,\"name\":\"Shop\",\"item\":\"https:\/\/biocabaz.pt\/web\/en\/shop\/\"},{\"@type\":\"ListItem\",\"position\":3,\"name\":\"PAO ALENTEJANO BIO 1KG\"}]},{\"@type\":\"WebSite\",\"@id\":\"https:\/\/biocabaz.pt\/web\/en\/#website\",\"url\":\"https:\/\/biocabaz.pt\/web\/en\/\",\"name\":\"BIOCABAZ - CABAZES BIOL\u00d3GICOS\",\"description\":\"O melhor que a terra d\u00e1 \u00e9 para si\",\"potentialAction\":[{\"@type\":\"SearchAction\",\"target\":{\"@type\":\"EntryPoint\",\"urlTemplate\":\"https:\/\/biocabaz.pt\/web\/en\/?s={search_term_string}\"},\"query-input\":{\"@type\":\"PropertyValueSpecification\",\"valueRequired\":true,\"valueName\":\"search_term_string\"}}],\"inLanguage\":\"pt-PT\"}]}<\/script>\n<!-- \/ Yoast SEO plugin. -->","yoast_head_json":{"title":"PAO ALENTEJANO BIO 1KG","robots":{"index":"index","follow":"follow","max-snippet":"max-snippet:-1","max-image-preview":"max-image-preview:large","max-video-preview":"max-video-preview:-1"},"canonical":"https:\/\/biocabaz.pt\/web\/produto\/pao-alentejano-bio-1kg\/","og_locale":"pt_PT","og_type":"article","og_title":"[:pt]PAO ALENTEJANO BIO 1KG[:en]ORGANIC \u201cALENTEJANO\u201d BREAD 1KG[:] - BIOCABAZ - CABAZES BIOL\u00d3GICOS","og_description":"Ingredientes: farinha de trigo (57%), \u00e1gua (31%), massa m\u00e3e (11%), sal (1%) e fermento.Modo de Utiliza\u00e7\u00e3o: P\u00e3o alentejano r\u00fastico elaborado com fermento natural (isco ou massa m\u00e3e\/l\u00eaveda) e cozido no forno de lenha do Monte da Herdade do Freixo do Meio.Dados Nutricionais: Declara\u00e7\u00e3o Nutricional por 100g: Energia: KJ\/Kcal; L\u00edpidos: g; dos quais saturados: g; Hidratos de carbono: g; dos quais a\u00e7\u00facares: g; Prote\u00ednas: g; Sal: g.","og_url":"https:\/\/biocabaz.pt\/web\/produto\/pao-alentejano-bio-1kg\/","og_site_name":"BIOCABAZ - CABAZES BIOL\u00d3GICOS","article_modified_time":"2022-07-08T23:01:55+00:00","og_image":[{"width":650,"height":650,"url":"https:\/\/www.biocabaz.pt\/web\/wp-conteudos\/uploads\/2021\/08\/pao-alentejano-bio-1kg.jpeg","type":"image\/jpeg"}],"twitter_card":"summary_large_image","schema":{"@context":"https:\/\/schema.org","@graph":[{"@type":"WebPage","@id":"https:\/\/biocabaz.pt\/web\/produto\/pao-alentejano-bio-1kg\/","url":"https:\/\/biocabaz.pt\/web\/produto\/pao-alentejano-bio-1kg\/","name":"PAO ALENTEJANO BIO 1KG","isPartOf":{"@id":"https:\/\/biocabaz.pt\/web\/en\/#website"},"primaryImageOfPage":{"@id":"https:\/\/biocabaz.pt\/web\/produto\/pao-alentejano-bio-1kg\/#primaryimage"},"image":{"@id":"https:\/\/biocabaz.pt\/web\/produto\/pao-alentejano-bio-1kg\/#primaryimage"},"thumbnailUrl":"https:\/\/www.biocabaz.pt\/web\/wp-conteudos\/uploads\/2021\/08\/pao-alentejano-bio-1kg.jpeg","datePublished":"2021-08-23T12:40:35+00:00","dateModified":"2022-07-08T23:01:55+00:00","breadcrumb":{"@id":"https:\/\/biocabaz.pt\/web\/produto\/pao-alentejano-bio-1kg\/#breadcrumb"},"inLanguage":"pt-PT","potentialAction":[{"@type":"ReadAction","target":["https:\/\/biocabaz.pt\/web\/produto\/pao-alentejano-bio-1kg\/"]}]},{"@type":"ImageObject","inLanguage":"pt-PT","@id":"https:\/\/biocabaz.pt\/web\/produto\/pao-alentejano-bio-1kg\/#primaryimage","url":"https:\/\/www.biocabaz.pt\/web\/wp-conteudos\/uploads\/2021\/08\/pao-alentejano-bio-1kg.jpeg","contentUrl":"https:\/\/www.biocabaz.pt\/web\/wp-conteudos\/uploads\/2021\/08\/pao-alentejano-bio-1kg.jpeg","width":650,"height":650,"caption":"PAO ALENTEJANO BIO 1KG"},{"@type":"BreadcrumbList","@id":"https:\/\/biocabaz.pt\/web\/produto\/pao-alentejano-bio-1kg\/#breadcrumb","itemListElement":[{"@type":"ListItem","position":1,"name":"Home","item":"https:\/\/biocabaz.pt\/web\/en\/"},{"@type":"ListItem","position":2,"name":"Shop","item":"https:\/\/biocabaz.pt\/web\/en\/shop\/"},{"@type":"ListItem","position":3,"name":"PAO ALENTEJANO BIO 1KG"}]},{"@type":"WebSite","@id":"https:\/\/biocabaz.pt\/web\/en\/#website","url":"https:\/\/biocabaz.pt\/web\/en\/","name":"BIOCABAZ - CABAZES BIOL\u00d3GICOS","description":"O melhor que a terra d\u00e1 \u00e9 para si","potentialAction":[{"@type":"SearchAction","target":{"@type":"EntryPoint","urlTemplate":"https:\/\/biocabaz.pt\/web\/en\/?s={search_term_string}"},"query-input":{"@type":"PropertyValueSpecification","valueRequired":true,"valueName":"search_term_string"}}],"inLanguage":"pt-PT"}]}},"_links":{"self":[{"href":"https:\/\/biocabaz.pt\/web\/wp-json\/wp\/v2\/product\/74614","targetHints":{"allow":["GET"]}}],"collection":[{"href":"https:\/\/biocabaz.pt\/web\/wp-json\/wp\/v2\/product"}],"about":[{"href":"https:\/\/biocabaz.pt\/web\/wp-json\/wp\/v2\/types\/product"}],"replies":[{"embeddable":true,"href":"https:\/\/biocabaz.pt\/web\/wp-json\/wp\/v2\/comments?post=74614"}],"wp:featuredmedia":[{"embeddable":true,"href":"https:\/\/biocabaz.pt\/web\/wp-json\/wp\/v2\/media\/74615"}],"wp:attachment":[{"href":"https:\/\/biocabaz.pt\/web\/wp-json\/wp\/v2\/media?parent=74614"}],"wp:term":[{"taxonomy":"product_cat","embeddable":true,"href":"https:\/\/biocabaz.pt\/web\/wp-json\/wp\/v2\/product_cat?post=74614"},{"taxonomy":"product_tag","embeddable":true,"href":"https:\/\/biocabaz.pt\/web\/wp-json\/wp\/v2\/product_tag?post=74614"}],"curies":[{"name":"wp","href":"https:\/\/api.w.org\/{rel}","templated":true}]}}