{"id":74423,"date":"2021-08-20T15:51:35","date_gmt":"2021-08-20T15:51:35","guid":{"rendered":"https:\/\/www.biocabaz.pt\/web\/?post_type=product&#038;p=74423"},"modified":"2023-04-17T12:10:22","modified_gmt":"2023-04-17T12:10:22","slug":"locao-fortalecimento-e-anti-queda","status":"publish","type":"product","link":"https:\/\/biocabaz.pt\/web\/produto\/locao-fortalecimento-e-anti-queda\/","title":{"rendered":"LO\u00c7\u00c3O FORTALECIMENTO E ANTI-QUEDA"},"content":{"rendered":"","protected":false},"excerpt":{"rendered":"<p>Tratamento formulado com 99% de ingredientes de origem natural. Os seus prencipios ativos diminuem a perda de cabelo, aumentam a densidade e mant\u00eam o brilho por mais tempo.<\/p>\n<p>Extrato de Maca: estimula o crescimento do cabelo em 93%, protege contra o estresse ambiental e favorece a ancoragem do cabelo no couro cabeludo.<br \/>\nBIO \u00c1guas de frutas de cereja e mirtilo: prote\u00e7\u00e3o antioxidante. Melhoram a microcircula\u00e7\u00e3o no fol\u00edculo capilar, favorecendo o desenvolvimento dos cabelos.<br \/>\nJara BIO Floral Water: purifica o couro cabeludo.<br \/>\nVitamina E: prote\u00e7\u00e3o antioxidante.<\/p>\n","protected":false},"featured_media":74424,"comment_status":"closed","ping_status":"closed","template":"","meta":[],"product_cat":[90],"product_tag":[],"class_list":["post-74423","product","type-product","status-publish","has-post-thumbnail","hentry","product_cat-cabelo"],"bundle_layout":"","bundled_by":[],"bundled_items":[],"yoast_head":"<!-- This site is optimized with the Yoast SEO plugin v26.3 - https:\/\/yoast.com\/wordpress\/plugins\/seo\/ -->\n<title>LO\u00c7\u00c3O FORTALECIMENTO E ANTI-QUEDA<\/title>\n<meta name=\"robots\" content=\"index, follow, max-snippet:-1, max-image-preview:large, max-video-preview:-1\" \/>\n<link rel=\"canonical\" href=\"https:\/\/biocabaz.pt\/web\/produto\/locao-fortalecimento-e-anti-queda\/\" \/>\n<meta property=\"og:locale\" content=\"pt_PT\" \/>\n<meta property=\"og:locale:alternate\" content=\"en_US\" \/>\n<meta property=\"og:type\" content=\"article\" \/>\n<meta property=\"og:title\" content=\"LO\u00c7\u00c3O FORTALECIMENTO E ANTI-QUEDA\" \/>\n<meta property=\"og:description\" content=\"Tratamento formulado com 99% de ingredientes de origem natural. Os seus prencipios ativos diminuem a perda de cabelo, aumentam a densidade e mant\u00eam o brilho por mais tempo. Extrato de Maca: estimula o crescimento do cabelo em 93%, protege contra o estresse ambiental e favorece a ancoragem do cabelo no couro cabeludo. BIO \u00c1guas de frutas de cereja e mirtilo: prote\u00e7\u00e3o antioxidante. Melhoram a microcircula\u00e7\u00e3o no fol\u00edculo capilar, favorecendo o desenvolvimento dos cabelos. Jara BIO Floral Water: purifica o couro cabeludo. Vitamina E: prote\u00e7\u00e3o antioxidante.\" \/>\n<meta property=\"og:url\" content=\"https:\/\/biocabaz.pt\/web\/produto\/locao-fortalecimento-e-anti-queda\/\" \/>\n<meta property=\"og:site_name\" content=\"BIOCABAZ - CABAZES BIOL\u00d3GICOS\" \/>\n<meta property=\"article:modified_time\" content=\"2023-04-17T12:10:22+00:00\" \/>\n<meta property=\"og:image\" content=\"https:\/\/www.biocabaz.pt\/web\/wp-conteudos\/uploads\/2021\/08\/locao-fortalecimento-e-anti-queda.jpg\" \/>\n\t<meta property=\"og:image:width\" content=\"700\" \/>\n\t<meta property=\"og:image:height\" content=\"1600\" \/>\n\t<meta property=\"og:image:type\" content=\"image\/jpeg\" \/>\n<meta name=\"twitter:card\" content=\"summary_large_image\" \/>\n<script type=\"application\/ld+json\" class=\"yoast-schema-graph\">{\"@context\":\"https:\/\/schema.org\",\"@graph\":[{\"@type\":\"WebPage\",\"@id\":\"https:\/\/biocabaz.pt\/web\/produto\/locao-fortalecimento-e-anti-queda\/\",\"url\":\"https:\/\/biocabaz.pt\/web\/produto\/locao-fortalecimento-e-anti-queda\/\",\"name\":\"LO\u00c7\u00c3O FORTALECIMENTO E ANTI-QUEDA\",\"isPartOf\":{\"@id\":\"https:\/\/biocabaz.pt\/web\/#website\"},\"primaryImageOfPage\":{\"@id\":\"https:\/\/biocabaz.pt\/web\/produto\/locao-fortalecimento-e-anti-queda\/#primaryimage\"},\"image\":{\"@id\":\"https:\/\/biocabaz.pt\/web\/produto\/locao-fortalecimento-e-anti-queda\/#primaryimage\"},\"thumbnailUrl\":\"https:\/\/www.biocabaz.pt\/web\/wp-conteudos\/uploads\/2021\/08\/locao-fortalecimento-e-anti-queda.jpg\",\"datePublished\":\"2021-08-20T15:51:35+00:00\",\"dateModified\":\"2023-04-17T12:10:22+00:00\",\"breadcrumb\":{\"@id\":\"https:\/\/biocabaz.pt\/web\/produto\/locao-fortalecimento-e-anti-queda\/#breadcrumb\"},\"inLanguage\":\"pt-PT\",\"potentialAction\":[{\"@type\":\"ReadAction\",\"target\":[\"https:\/\/biocabaz.pt\/web\/produto\/locao-fortalecimento-e-anti-queda\/\"]}]},{\"@type\":\"ImageObject\",\"inLanguage\":\"pt-PT\",\"@id\":\"https:\/\/biocabaz.pt\/web\/produto\/locao-fortalecimento-e-anti-queda\/#primaryimage\",\"url\":\"https:\/\/www.biocabaz.pt\/web\/wp-conteudos\/uploads\/2021\/08\/locao-fortalecimento-e-anti-queda.jpg\",\"contentUrl\":\"https:\/\/www.biocabaz.pt\/web\/wp-conteudos\/uploads\/2021\/08\/locao-fortalecimento-e-anti-queda.jpg\",\"width\":700,\"height\":1600,\"caption\":\"LO\u00c7\u00c3O FORTALECIMENTO E ANTI-QUEDA\"},{\"@type\":\"BreadcrumbList\",\"@id\":\"https:\/\/biocabaz.pt\/web\/produto\/locao-fortalecimento-e-anti-queda\/#breadcrumb\",\"itemListElement\":[{\"@type\":\"ListItem\",\"position\":1,\"name\":\"Home\",\"item\":\"https:\/\/biocabaz.pt\/web\/\"},{\"@type\":\"ListItem\",\"position\":2,\"name\":\"Loja\",\"item\":\"https:\/\/biocabaz.pt\/web\/shop\/\"},{\"@type\":\"ListItem\",\"position\":3,\"name\":\"LO\u00c7\u00c3O FORTALECIMENTO E ANTI-QUEDA\"}]},{\"@type\":\"WebSite\",\"@id\":\"https:\/\/biocabaz.pt\/web\/#website\",\"url\":\"https:\/\/biocabaz.pt\/web\/\",\"name\":\"BIOCABAZ - CABAZES BIOL\u00d3GICOS\",\"description\":\"O melhor que a terra d\u00e1 \u00e9 para si\",\"potentialAction\":[{\"@type\":\"SearchAction\",\"target\":{\"@type\":\"EntryPoint\",\"urlTemplate\":\"https:\/\/biocabaz.pt\/web\/?s={search_term_string}\"},\"query-input\":{\"@type\":\"PropertyValueSpecification\",\"valueRequired\":true,\"valueName\":\"search_term_string\"}}],\"inLanguage\":\"pt-PT\"}]}<\/script>\n<!-- \/ Yoast SEO plugin. -->","yoast_head_json":{"title":"LO\u00c7\u00c3O FORTALECIMENTO E ANTI-QUEDA","robots":{"index":"index","follow":"follow","max-snippet":"max-snippet:-1","max-image-preview":"max-image-preview:large","max-video-preview":"max-video-preview:-1"},"canonical":"https:\/\/biocabaz.pt\/web\/produto\/locao-fortalecimento-e-anti-queda\/","og_locale":"pt_PT","og_type":"article","og_title":"[:en]STRENGTHENING LOTION[:pt]LO\u00c7\u00c3O FORTALECIMENTO E ANTI-QUEDA[:] - BIOCABAZ - CABAZES BIOL\u00d3GICOS","og_description":"Tratamento formulado com 99% de ingredientes de origem natural. Os seus prencipios ativos diminuem a perda de cabelo, aumentam a densidade e mant\u00eam o brilho por mais tempo. Extrato de Maca: estimula o crescimento do cabelo em 93%, protege contra o estresse ambiental e favorece a ancoragem do cabelo no couro cabeludo. BIO \u00c1guas de frutas de cereja e mirtilo: prote\u00e7\u00e3o antioxidante. Melhoram a microcircula\u00e7\u00e3o no fol\u00edculo capilar, favorecendo o desenvolvimento dos cabelos. Jara BIO Floral Water: purifica o couro cabeludo. Vitamina E: prote\u00e7\u00e3o antioxidante.","og_url":"https:\/\/biocabaz.pt\/web\/produto\/locao-fortalecimento-e-anti-queda\/","og_site_name":"BIOCABAZ - CABAZES BIOL\u00d3GICOS","article_modified_time":"2023-04-17T12:10:22+00:00","og_image":[{"width":700,"height":1600,"url":"https:\/\/www.biocabaz.pt\/web\/wp-conteudos\/uploads\/2021\/08\/locao-fortalecimento-e-anti-queda.jpg","type":"image\/jpeg"}],"twitter_card":"summary_large_image","schema":{"@context":"https:\/\/schema.org","@graph":[{"@type":"WebPage","@id":"https:\/\/biocabaz.pt\/web\/produto\/locao-fortalecimento-e-anti-queda\/","url":"https:\/\/biocabaz.pt\/web\/produto\/locao-fortalecimento-e-anti-queda\/","name":"LO\u00c7\u00c3O FORTALECIMENTO E ANTI-QUEDA","isPartOf":{"@id":"https:\/\/biocabaz.pt\/web\/#website"},"primaryImageOfPage":{"@id":"https:\/\/biocabaz.pt\/web\/produto\/locao-fortalecimento-e-anti-queda\/#primaryimage"},"image":{"@id":"https:\/\/biocabaz.pt\/web\/produto\/locao-fortalecimento-e-anti-queda\/#primaryimage"},"thumbnailUrl":"https:\/\/www.biocabaz.pt\/web\/wp-conteudos\/uploads\/2021\/08\/locao-fortalecimento-e-anti-queda.jpg","datePublished":"2021-08-20T15:51:35+00:00","dateModified":"2023-04-17T12:10:22+00:00","breadcrumb":{"@id":"https:\/\/biocabaz.pt\/web\/produto\/locao-fortalecimento-e-anti-queda\/#breadcrumb"},"inLanguage":"pt-PT","potentialAction":[{"@type":"ReadAction","target":["https:\/\/biocabaz.pt\/web\/produto\/locao-fortalecimento-e-anti-queda\/"]}]},{"@type":"ImageObject","inLanguage":"pt-PT","@id":"https:\/\/biocabaz.pt\/web\/produto\/locao-fortalecimento-e-anti-queda\/#primaryimage","url":"https:\/\/www.biocabaz.pt\/web\/wp-conteudos\/uploads\/2021\/08\/locao-fortalecimento-e-anti-queda.jpg","contentUrl":"https:\/\/www.biocabaz.pt\/web\/wp-conteudos\/uploads\/2021\/08\/locao-fortalecimento-e-anti-queda.jpg","width":700,"height":1600,"caption":"LO\u00c7\u00c3O FORTALECIMENTO E ANTI-QUEDA"},{"@type":"BreadcrumbList","@id":"https:\/\/biocabaz.pt\/web\/produto\/locao-fortalecimento-e-anti-queda\/#breadcrumb","itemListElement":[{"@type":"ListItem","position":1,"name":"Home","item":"https:\/\/biocabaz.pt\/web\/"},{"@type":"ListItem","position":2,"name":"Loja","item":"https:\/\/biocabaz.pt\/web\/shop\/"},{"@type":"ListItem","position":3,"name":"LO\u00c7\u00c3O FORTALECIMENTO E ANTI-QUEDA"}]},{"@type":"WebSite","@id":"https:\/\/biocabaz.pt\/web\/#website","url":"https:\/\/biocabaz.pt\/web\/","name":"BIOCABAZ - CABAZES BIOL\u00d3GICOS","description":"O melhor que a terra d\u00e1 \u00e9 para si","potentialAction":[{"@type":"SearchAction","target":{"@type":"EntryPoint","urlTemplate":"https:\/\/biocabaz.pt\/web\/?s={search_term_string}"},"query-input":{"@type":"PropertyValueSpecification","valueRequired":true,"valueName":"search_term_string"}}],"inLanguage":"pt-PT"}]}},"_links":{"self":[{"href":"https:\/\/biocabaz.pt\/web\/wp-json\/wp\/v2\/product\/74423","targetHints":{"allow":["GET"]}}],"collection":[{"href":"https:\/\/biocabaz.pt\/web\/wp-json\/wp\/v2\/product"}],"about":[{"href":"https:\/\/biocabaz.pt\/web\/wp-json\/wp\/v2\/types\/product"}],"replies":[{"embeddable":true,"href":"https:\/\/biocabaz.pt\/web\/wp-json\/wp\/v2\/comments?post=74423"}],"wp:featuredmedia":[{"embeddable":true,"href":"https:\/\/biocabaz.pt\/web\/wp-json\/wp\/v2\/media\/74424"}],"wp:attachment":[{"href":"https:\/\/biocabaz.pt\/web\/wp-json\/wp\/v2\/media?parent=74423"}],"wp:term":[{"taxonomy":"product_cat","embeddable":true,"href":"https:\/\/biocabaz.pt\/web\/wp-json\/wp\/v2\/product_cat?post=74423"},{"taxonomy":"product_tag","embeddable":true,"href":"https:\/\/biocabaz.pt\/web\/wp-json\/wp\/v2\/product_tag?post=74423"}],"curies":[{"name":"wp","href":"https:\/\/api.w.org\/{rel}","templated":true}]}}