{"id":74413,"date":"2021-08-20T15:38:25","date_gmt":"2021-08-20T15:38:25","guid":{"rendered":"https:\/\/www.biocabaz.pt\/web\/?post_type=product&#038;p=74413"},"modified":"2023-04-17T12:11:35","modified_gmt":"2023-04-17T12:11:35","slug":"cc-creme-anti-envelhecimento-sem-enxaguar","status":"publish","type":"product","link":"https:\/\/biocabaz.pt\/web\/produto\/cc-creme-anti-envelhecimento-sem-enxaguar\/","title":{"rendered":"CC CREME ANTI-ENVELHECIMENTO SEM ENXAGUAR"},"content":{"rendered":"","protected":false},"excerpt":{"rendered":"<p>Tratamento antienvelhecimento e reparador capilar, formulado com 96% de ingredientes de origem natural. Interrompe os sinais de envelhecimento do cabelo, reconstruindo a queratina do cabelo e protegendo-a dos efeitos negativos do sol, calor e polui\u00e7\u00e3o.<br \/>\nExtrato de Baobab: anti-envelhecimento multi-ativo. Nutre e protege. Condicionador natural que d\u00e1 vitalidade, brilho e volume.<br \/>\nHidrolisado de prote\u00ednas do trigo: for\u00e7a e volume. + 80% de efeito anti-queda.<br \/>\nHidrolisado de extrato de ervilha: recupera a fibra danificada.<br \/>\nExtrato de Semente de Girassol: regenerador e selador natural para pontas espigadas.<\/p>\n","protected":false},"featured_media":74414,"comment_status":"closed","ping_status":"closed","template":"","meta":[],"product_cat":[90],"product_tag":[],"class_list":["post-74413","product","type-product","status-publish","has-post-thumbnail","hentry","product_cat-cabelo"],"bundle_layout":"","bundled_by":[],"bundled_items":[],"yoast_head":"<!-- This site is optimized with the Yoast SEO plugin v26.3 - https:\/\/yoast.com\/wordpress\/plugins\/seo\/ -->\n<title>CC CREME ANTI-ENVELHECIMENTO SEM ENXAGUAR<\/title>\n<meta name=\"robots\" content=\"index, follow, max-snippet:-1, max-image-preview:large, max-video-preview:-1\" \/>\n<link rel=\"canonical\" href=\"https:\/\/biocabaz.pt\/web\/produto\/cc-creme-anti-envelhecimento-sem-enxaguar\/\" \/>\n<meta property=\"og:locale\" content=\"pt_PT\" \/>\n<meta property=\"og:locale:alternate\" content=\"en_US\" \/>\n<meta property=\"og:type\" content=\"article\" \/>\n<meta property=\"og:title\" content=\"CC CREME ANTI-ENVELHECIMENTO SEM ENXAGUAR\" \/>\n<meta property=\"og:description\" content=\"Tratamento antienvelhecimento e reparador capilar, formulado com 96% de ingredientes de origem natural. Interrompe os sinais de envelhecimento do cabelo, reconstruindo a queratina do cabelo e protegendo-a dos efeitos negativos do sol, calor e polui\u00e7\u00e3o. Extrato de Baobab: anti-envelhecimento multi-ativo. Nutre e protege. Condicionador natural que d\u00e1 vitalidade, brilho e volume. Hidrolisado de prote\u00ednas do trigo: for\u00e7a e volume. + 80% de efeito anti-queda. Hidrolisado de extrato de ervilha: recupera a fibra danificada. Extrato de Semente de Girassol: regenerador e selador natural para pontas espigadas.\" \/>\n<meta property=\"og:url\" content=\"https:\/\/biocabaz.pt\/web\/produto\/cc-creme-anti-envelhecimento-sem-enxaguar\/\" \/>\n<meta property=\"og:site_name\" content=\"BIOCABAZ - CABAZES BIOL\u00d3GICOS\" \/>\n<meta property=\"article:modified_time\" content=\"2023-04-17T12:11:35+00:00\" \/>\n<meta property=\"og:image\" content=\"https:\/\/www.biocabaz.pt\/web\/wp-conteudos\/uploads\/2021\/08\/cc-creme-anti-envelhecimento-sem-enxaguar.jpg\" \/>\n\t<meta property=\"og:image:width\" content=\"700\" \/>\n\t<meta property=\"og:image:height\" content=\"1600\" \/>\n\t<meta property=\"og:image:type\" content=\"image\/jpeg\" \/>\n<meta name=\"twitter:card\" content=\"summary_large_image\" \/>\n<script type=\"application\/ld+json\" class=\"yoast-schema-graph\">{\"@context\":\"https:\/\/schema.org\",\"@graph\":[{\"@type\":\"WebPage\",\"@id\":\"https:\/\/biocabaz.pt\/web\/produto\/cc-creme-anti-envelhecimento-sem-enxaguar\/\",\"url\":\"https:\/\/biocabaz.pt\/web\/produto\/cc-creme-anti-envelhecimento-sem-enxaguar\/\",\"name\":\"CC CREME ANTI-ENVELHECIMENTO SEM ENXAGUAR\",\"isPartOf\":{\"@id\":\"https:\/\/biocabaz.pt\/web\/en\/#website\"},\"primaryImageOfPage\":{\"@id\":\"https:\/\/biocabaz.pt\/web\/produto\/cc-creme-anti-envelhecimento-sem-enxaguar\/#primaryimage\"},\"image\":{\"@id\":\"https:\/\/biocabaz.pt\/web\/produto\/cc-creme-anti-envelhecimento-sem-enxaguar\/#primaryimage\"},\"thumbnailUrl\":\"https:\/\/www.biocabaz.pt\/web\/wp-conteudos\/uploads\/2021\/08\/cc-creme-anti-envelhecimento-sem-enxaguar.jpg\",\"datePublished\":\"2021-08-20T15:38:25+00:00\",\"dateModified\":\"2023-04-17T12:11:35+00:00\",\"breadcrumb\":{\"@id\":\"https:\/\/biocabaz.pt\/web\/produto\/cc-creme-anti-envelhecimento-sem-enxaguar\/#breadcrumb\"},\"inLanguage\":\"pt-PT\",\"potentialAction\":[{\"@type\":\"ReadAction\",\"target\":[\"https:\/\/biocabaz.pt\/web\/produto\/cc-creme-anti-envelhecimento-sem-enxaguar\/\"]}]},{\"@type\":\"ImageObject\",\"inLanguage\":\"pt-PT\",\"@id\":\"https:\/\/biocabaz.pt\/web\/produto\/cc-creme-anti-envelhecimento-sem-enxaguar\/#primaryimage\",\"url\":\"https:\/\/www.biocabaz.pt\/web\/wp-conteudos\/uploads\/2021\/08\/cc-creme-anti-envelhecimento-sem-enxaguar.jpg\",\"contentUrl\":\"https:\/\/www.biocabaz.pt\/web\/wp-conteudos\/uploads\/2021\/08\/cc-creme-anti-envelhecimento-sem-enxaguar.jpg\",\"width\":700,\"height\":1600,\"caption\":\"CC CREME ANTI-ENVELHECIMENTO SEM ENXAGUAR\"},{\"@type\":\"BreadcrumbList\",\"@id\":\"https:\/\/biocabaz.pt\/web\/produto\/cc-creme-anti-envelhecimento-sem-enxaguar\/#breadcrumb\",\"itemListElement\":[{\"@type\":\"ListItem\",\"position\":1,\"name\":\"Home\",\"item\":\"https:\/\/biocabaz.pt\/web\/en\/\"},{\"@type\":\"ListItem\",\"position\":2,\"name\":\"Shop\",\"item\":\"https:\/\/biocabaz.pt\/web\/en\/shop\/\"},{\"@type\":\"ListItem\",\"position\":3,\"name\":\"CC CREME ANTI-ENVELHECIMENTO SEM ENXAGUAR\"}]},{\"@type\":\"WebSite\",\"@id\":\"https:\/\/biocabaz.pt\/web\/en\/#website\",\"url\":\"https:\/\/biocabaz.pt\/web\/en\/\",\"name\":\"BIOCABAZ - CABAZES BIOL\u00d3GICOS\",\"description\":\"O melhor que a terra d\u00e1 \u00e9 para si\",\"potentialAction\":[{\"@type\":\"SearchAction\",\"target\":{\"@type\":\"EntryPoint\",\"urlTemplate\":\"https:\/\/biocabaz.pt\/web\/en\/?s={search_term_string}\"},\"query-input\":{\"@type\":\"PropertyValueSpecification\",\"valueRequired\":true,\"valueName\":\"search_term_string\"}}],\"inLanguage\":\"pt-PT\"}]}<\/script>\n<!-- \/ Yoast SEO plugin. -->","yoast_head_json":{"title":"CC CREME ANTI-ENVELHECIMENTO SEM ENXAGUAR","robots":{"index":"index","follow":"follow","max-snippet":"max-snippet:-1","max-image-preview":"max-image-preview:large","max-video-preview":"max-video-preview:-1"},"canonical":"https:\/\/biocabaz.pt\/web\/produto\/cc-creme-anti-envelhecimento-sem-enxaguar\/","og_locale":"pt_PT","og_type":"article","og_title":"[:en]NATURTINT ANTI-AGEING CC CREAM[:pt]CC CREME ANTI-ENVELHECIMENTO SEM ENXAGUAR[:] - BIOCABAZ - CABAZES BIOL\u00d3GICOS","og_description":"Tratamento antienvelhecimento e reparador capilar, formulado com 96% de ingredientes de origem natural. Interrompe os sinais de envelhecimento do cabelo, reconstruindo a queratina do cabelo e protegendo-a dos efeitos negativos do sol, calor e polui\u00e7\u00e3o. Extrato de Baobab: anti-envelhecimento multi-ativo. Nutre e protege. Condicionador natural que d\u00e1 vitalidade, brilho e volume. Hidrolisado de prote\u00ednas do trigo: for\u00e7a e volume. + 80% de efeito anti-queda. Hidrolisado de extrato de ervilha: recupera a fibra danificada. Extrato de Semente de Girassol: regenerador e selador natural para pontas espigadas.","og_url":"https:\/\/biocabaz.pt\/web\/produto\/cc-creme-anti-envelhecimento-sem-enxaguar\/","og_site_name":"BIOCABAZ - CABAZES BIOL\u00d3GICOS","article_modified_time":"2023-04-17T12:11:35+00:00","og_image":[{"width":700,"height":1600,"url":"https:\/\/www.biocabaz.pt\/web\/wp-conteudos\/uploads\/2021\/08\/cc-creme-anti-envelhecimento-sem-enxaguar.jpg","type":"image\/jpeg"}],"twitter_card":"summary_large_image","schema":{"@context":"https:\/\/schema.org","@graph":[{"@type":"WebPage","@id":"https:\/\/biocabaz.pt\/web\/produto\/cc-creme-anti-envelhecimento-sem-enxaguar\/","url":"https:\/\/biocabaz.pt\/web\/produto\/cc-creme-anti-envelhecimento-sem-enxaguar\/","name":"CC CREME ANTI-ENVELHECIMENTO SEM ENXAGUAR","isPartOf":{"@id":"https:\/\/biocabaz.pt\/web\/en\/#website"},"primaryImageOfPage":{"@id":"https:\/\/biocabaz.pt\/web\/produto\/cc-creme-anti-envelhecimento-sem-enxaguar\/#primaryimage"},"image":{"@id":"https:\/\/biocabaz.pt\/web\/produto\/cc-creme-anti-envelhecimento-sem-enxaguar\/#primaryimage"},"thumbnailUrl":"https:\/\/www.biocabaz.pt\/web\/wp-conteudos\/uploads\/2021\/08\/cc-creme-anti-envelhecimento-sem-enxaguar.jpg","datePublished":"2021-08-20T15:38:25+00:00","dateModified":"2023-04-17T12:11:35+00:00","breadcrumb":{"@id":"https:\/\/biocabaz.pt\/web\/produto\/cc-creme-anti-envelhecimento-sem-enxaguar\/#breadcrumb"},"inLanguage":"pt-PT","potentialAction":[{"@type":"ReadAction","target":["https:\/\/biocabaz.pt\/web\/produto\/cc-creme-anti-envelhecimento-sem-enxaguar\/"]}]},{"@type":"ImageObject","inLanguage":"pt-PT","@id":"https:\/\/biocabaz.pt\/web\/produto\/cc-creme-anti-envelhecimento-sem-enxaguar\/#primaryimage","url":"https:\/\/www.biocabaz.pt\/web\/wp-conteudos\/uploads\/2021\/08\/cc-creme-anti-envelhecimento-sem-enxaguar.jpg","contentUrl":"https:\/\/www.biocabaz.pt\/web\/wp-conteudos\/uploads\/2021\/08\/cc-creme-anti-envelhecimento-sem-enxaguar.jpg","width":700,"height":1600,"caption":"CC CREME ANTI-ENVELHECIMENTO SEM ENXAGUAR"},{"@type":"BreadcrumbList","@id":"https:\/\/biocabaz.pt\/web\/produto\/cc-creme-anti-envelhecimento-sem-enxaguar\/#breadcrumb","itemListElement":[{"@type":"ListItem","position":1,"name":"Home","item":"https:\/\/biocabaz.pt\/web\/en\/"},{"@type":"ListItem","position":2,"name":"Shop","item":"https:\/\/biocabaz.pt\/web\/en\/shop\/"},{"@type":"ListItem","position":3,"name":"CC CREME ANTI-ENVELHECIMENTO SEM ENXAGUAR"}]},{"@type":"WebSite","@id":"https:\/\/biocabaz.pt\/web\/en\/#website","url":"https:\/\/biocabaz.pt\/web\/en\/","name":"BIOCABAZ - CABAZES BIOL\u00d3GICOS","description":"O melhor que a terra d\u00e1 \u00e9 para si","potentialAction":[{"@type":"SearchAction","target":{"@type":"EntryPoint","urlTemplate":"https:\/\/biocabaz.pt\/web\/en\/?s={search_term_string}"},"query-input":{"@type":"PropertyValueSpecification","valueRequired":true,"valueName":"search_term_string"}}],"inLanguage":"pt-PT"}]}},"_links":{"self":[{"href":"https:\/\/biocabaz.pt\/web\/wp-json\/wp\/v2\/product\/74413","targetHints":{"allow":["GET"]}}],"collection":[{"href":"https:\/\/biocabaz.pt\/web\/wp-json\/wp\/v2\/product"}],"about":[{"href":"https:\/\/biocabaz.pt\/web\/wp-json\/wp\/v2\/types\/product"}],"replies":[{"embeddable":true,"href":"https:\/\/biocabaz.pt\/web\/wp-json\/wp\/v2\/comments?post=74413"}],"wp:featuredmedia":[{"embeddable":true,"href":"https:\/\/biocabaz.pt\/web\/wp-json\/wp\/v2\/media\/74414"}],"wp:attachment":[{"href":"https:\/\/biocabaz.pt\/web\/wp-json\/wp\/v2\/media?parent=74413"}],"wp:term":[{"taxonomy":"product_cat","embeddable":true,"href":"https:\/\/biocabaz.pt\/web\/wp-json\/wp\/v2\/product_cat?post=74413"},{"taxonomy":"product_tag","embeddable":true,"href":"https:\/\/biocabaz.pt\/web\/wp-json\/wp\/v2\/product_tag?post=74413"}],"curies":[{"name":"wp","href":"https:\/\/api.w.org\/{rel}","templated":true}]}}