{"id":737,"date":"2016-04-08T09:58:38","date_gmt":"2016-04-08T09:58:38","guid":{"rendered":"http:\/\/www.biocabaz.com\/web\/produto\/damasco-seco-100g\/"},"modified":"2024-04-10T19:41:06","modified_gmt":"2024-04-10T19:41:06","slug":"damasco-seco-100g","status":"publish","type":"product","link":"https:\/\/biocabaz.pt\/web\/produto\/damasco-seco-100g\/","title":{"rendered":"DAMASCO SECO bio"},"content":{"rendered":"<p><strong>Descri\u00e7\u00e3o <\/strong><br \/>\nIngredientes: 100% Damasco de produ\u00e7\u00e3o biol\u00f3gica. Obtidos por secagem natural. Rico em fibra. Sem adi\u00e7\u00e3o de a\u00e7\u00facar, cont\u00e9m a\u00e7\u00facares naturalmente presentes. Sem adi\u00e7\u00e3o de corantes nem conservantes.<\/p>\n<p><strong>Dados Nutricionais<\/strong><br \/>\nDeclara\u00e7\u00e3o Nutricional por 100g (%DR*): Energia: 1338kJ\/316kcal (16%);<br \/>\nL\u00edpidos: 0,6g (0,86%) &#8211; dos quais saturados: 0,02g (0,1%);<br \/>\nHidratos de Carbono: 69,8g (26,85%) &#8211; dos quais a\u00e7\u00facares: 53,4g (59,33%);<br \/>\nFibra: 8,1g (32,4%);<br \/>\nProte\u00ednas: 3,8g (7,6%);<br \/>\nSal: 0,03g (0,5%). * Dose de refer\u00eancia para um adulto m\u00e9dio (8400kJ\/2000kcal).<\/p>\n<p><strong>Modo Utiliza\u00e7\u00e3o<\/strong><br \/>\nPronto a consumir como snack no intervalo das refei\u00e7\u00f5es ou na elabora\u00e7\u00e3o das suas receitas favoritas. Ideal para a pr\u00e1tica de desporto ou outras actividades f\u00edsicas e intelectuais intensas. Conservar em local seco e fresco.<\/p>\n","protected":false},"excerpt":{"rendered":"<p>Descri\u00e7\u00e3o Ingredientes: 100% Damasco de produ\u00e7\u00e3o biol\u00f3gica. Obtidos por secagem natural. Rico em fibra. Sem adi\u00e7\u00e3o de a\u00e7\u00facar, cont\u00e9m a\u00e7\u00facares naturalmente presentes. Sem adi\u00e7\u00e3o de corantes nem conservantes. Dados Nutricionais Declara\u00e7\u00e3o Nutricional por 100g (%DR*): Energia: 1338kJ\/316kcal (16%); L\u00edpidos: 0,6g (0,86%) &#8211; dos quais saturados: 0,02g (0,1%); Hidratos de Carbono: 69,8g (26,85%) &#8211; dos quais [&hellip;]<\/p>\n","protected":false},"featured_media":1350,"comment_status":"closed","ping_status":"closed","template":"","meta":[],"product_cat":[51],"product_tag":[],"class_list":["post-737","product","type-product","status-publish","has-post-thumbnail","hentry","product_cat-frutos-secos"],"bundle_layout":"","bundled_by":[],"bundled_items":[],"yoast_head":"<!-- This site is optimized with the Yoast SEO plugin v26.3 - https:\/\/yoast.com\/wordpress\/plugins\/seo\/ -->\n<title>DAMASCO SECO bio<\/title>\n<meta name=\"robots\" content=\"index, follow, max-snippet:-1, max-image-preview:large, max-video-preview:-1\" \/>\n<link rel=\"canonical\" href=\"https:\/\/biocabaz.pt\/web\/produto\/damasco-seco-100g\/\" \/>\n<meta property=\"og:locale\" content=\"pt_PT\" \/>\n<meta property=\"og:locale:alternate\" content=\"en_US\" \/>\n<meta property=\"og:type\" content=\"article\" \/>\n<meta property=\"og:title\" content=\"DAMASCO SECO bio\" \/>\n<meta property=\"og:description\" content=\"Descri\u00e7\u00e3o Ingredientes: 100% Damasco de produ\u00e7\u00e3o biol\u00f3gica. Obtidos por secagem natural. Rico em fibra. Sem adi\u00e7\u00e3o de a\u00e7\u00facar, cont\u00e9m a\u00e7\u00facares naturalmente presentes. Sem adi\u00e7\u00e3o de corantes nem conservantes. Dados Nutricionais Declara\u00e7\u00e3o Nutricional por 100g (%DR*): Energia: 1338kJ\/316kcal (16%); L\u00edpidos: 0,6g (0,86%) &#8211; dos quais saturados: 0,02g (0,1%); Hidratos de Carbono: 69,8g (26,85%) &#8211; dos quais [&hellip;]\" \/>\n<meta property=\"og:url\" content=\"https:\/\/biocabaz.pt\/web\/produto\/damasco-seco-100g\/\" \/>\n<meta property=\"og:site_name\" content=\"BIOCABAZ - CABAZES BIOL\u00d3GICOS\" \/>\n<meta property=\"article:modified_time\" content=\"2024-04-10T19:41:06+00:00\" \/>\n<meta property=\"og:image\" content=\"https:\/\/www.biocabaz.pt\/web\/wp-conteudos\/uploads\/2016\/04\/secos-damasco.jpg\" \/>\n\t<meta property=\"og:image:width\" content=\"1200\" \/>\n\t<meta property=\"og:image:height\" content=\"720\" \/>\n\t<meta property=\"og:image:type\" content=\"image\/jpeg\" \/>\n<meta name=\"twitter:card\" content=\"summary_large_image\" \/>\n<meta name=\"twitter:label1\" content=\"Est. reading time\" \/>\n\t<meta name=\"twitter:data1\" content=\"1 minuto\" \/>\n<script type=\"application\/ld+json\" class=\"yoast-schema-graph\">{\"@context\":\"https:\/\/schema.org\",\"@graph\":[{\"@type\":\"WebPage\",\"@id\":\"https:\/\/biocabaz.pt\/web\/produto\/damasco-seco-100g\/\",\"url\":\"https:\/\/biocabaz.pt\/web\/produto\/damasco-seco-100g\/\",\"name\":\"DAMASCO SECO bio\",\"isPartOf\":{\"@id\":\"https:\/\/www.biocabaz.pt\/web\/#website\"},\"primaryImageOfPage\":{\"@id\":\"https:\/\/biocabaz.pt\/web\/produto\/damasco-seco-100g\/#primaryimage\"},\"image\":{\"@id\":\"https:\/\/biocabaz.pt\/web\/produto\/damasco-seco-100g\/#primaryimage\"},\"thumbnailUrl\":\"https:\/\/www.biocabaz.pt\/web\/wp-conteudos\/uploads\/2016\/04\/secos-damasco.jpg\",\"datePublished\":\"2016-04-08T09:58:38+00:00\",\"dateModified\":\"2024-04-10T19:41:06+00:00\",\"breadcrumb\":{\"@id\":\"https:\/\/biocabaz.pt\/web\/produto\/damasco-seco-100g\/#breadcrumb\"},\"inLanguage\":\"pt-PT\",\"potentialAction\":[{\"@type\":\"ReadAction\",\"target\":[\"https:\/\/biocabaz.pt\/web\/produto\/damasco-seco-100g\/\"]}]},{\"@type\":\"ImageObject\",\"inLanguage\":\"pt-PT\",\"@id\":\"https:\/\/biocabaz.pt\/web\/produto\/damasco-seco-100g\/#primaryimage\",\"url\":\"https:\/\/www.biocabaz.pt\/web\/wp-conteudos\/uploads\/2016\/04\/secos-damasco.jpg\",\"contentUrl\":\"https:\/\/www.biocabaz.pt\/web\/wp-conteudos\/uploads\/2016\/04\/secos-damasco.jpg\",\"width\":1200,\"height\":720},{\"@type\":\"BreadcrumbList\",\"@id\":\"https:\/\/biocabaz.pt\/web\/produto\/damasco-seco-100g\/#breadcrumb\",\"itemListElement\":[{\"@type\":\"ListItem\",\"position\":1,\"name\":\"Home\",\"item\":\"https:\/\/www.biocabaz.pt\/web\/\"},{\"@type\":\"ListItem\",\"position\":2,\"name\":\"Loja\",\"item\":\"https:\/\/www.biocabaz.pt\/web\/shop\/\"},{\"@type\":\"ListItem\",\"position\":3,\"name\":\"DAMASCO SECO bio\"}]},{\"@type\":\"WebSite\",\"@id\":\"https:\/\/www.biocabaz.pt\/web\/#website\",\"url\":\"https:\/\/www.biocabaz.pt\/web\/\",\"name\":\"BIOCABAZ - CABAZES BIOL\u00d3GICOS\",\"description\":\"O melhor que a terra d\u00e1 \u00e9 para si\",\"potentialAction\":[{\"@type\":\"SearchAction\",\"target\":{\"@type\":\"EntryPoint\",\"urlTemplate\":\"https:\/\/www.biocabaz.pt\/web\/?s={search_term_string}\"},\"query-input\":{\"@type\":\"PropertyValueSpecification\",\"valueRequired\":true,\"valueName\":\"search_term_string\"}}],\"inLanguage\":\"pt-PT\"}]}<\/script>\n<!-- \/ Yoast SEO plugin. -->","yoast_head_json":{"title":"DAMASCO SECO bio","robots":{"index":"index","follow":"follow","max-snippet":"max-snippet:-1","max-image-preview":"max-image-preview:large","max-video-preview":"max-video-preview:-1"},"canonical":"https:\/\/biocabaz.pt\/web\/produto\/damasco-seco-100g\/","og_locale":"pt_PT","og_type":"article","og_title":"[:en]ORGANIC DRY APRICOT[:pt]DAMASCO SECO bio[:] - BIOCABAZ - CABAZES BIOL\u00d3GICOS","og_description":"Descri\u00e7\u00e3o Ingredientes: 100% Damasco de produ\u00e7\u00e3o biol\u00f3gica. Obtidos por secagem natural. Rico em fibra. Sem adi\u00e7\u00e3o de a\u00e7\u00facar, cont\u00e9m a\u00e7\u00facares naturalmente presentes. Sem adi\u00e7\u00e3o de corantes nem conservantes. Dados Nutricionais Declara\u00e7\u00e3o Nutricional por 100g (%DR*): Energia: 1338kJ\/316kcal (16%); L\u00edpidos: 0,6g (0,86%) &#8211; dos quais saturados: 0,02g (0,1%); Hidratos de Carbono: 69,8g (26,85%) &#8211; dos quais [&hellip;]","og_url":"https:\/\/biocabaz.pt\/web\/produto\/damasco-seco-100g\/","og_site_name":"BIOCABAZ - CABAZES BIOL\u00d3GICOS","article_modified_time":"2024-04-10T19:41:06+00:00","og_image":[{"width":1200,"height":720,"url":"https:\/\/www.biocabaz.pt\/web\/wp-conteudos\/uploads\/2016\/04\/secos-damasco.jpg","type":"image\/jpeg"}],"twitter_card":"summary_large_image","twitter_misc":{"Est. reading time":"1 minuto"},"schema":{"@context":"https:\/\/schema.org","@graph":[{"@type":"WebPage","@id":"https:\/\/biocabaz.pt\/web\/produto\/damasco-seco-100g\/","url":"https:\/\/biocabaz.pt\/web\/produto\/damasco-seco-100g\/","name":"DAMASCO SECO bio","isPartOf":{"@id":"https:\/\/www.biocabaz.pt\/web\/#website"},"primaryImageOfPage":{"@id":"https:\/\/biocabaz.pt\/web\/produto\/damasco-seco-100g\/#primaryimage"},"image":{"@id":"https:\/\/biocabaz.pt\/web\/produto\/damasco-seco-100g\/#primaryimage"},"thumbnailUrl":"https:\/\/www.biocabaz.pt\/web\/wp-conteudos\/uploads\/2016\/04\/secos-damasco.jpg","datePublished":"2016-04-08T09:58:38+00:00","dateModified":"2024-04-10T19:41:06+00:00","breadcrumb":{"@id":"https:\/\/biocabaz.pt\/web\/produto\/damasco-seco-100g\/#breadcrumb"},"inLanguage":"pt-PT","potentialAction":[{"@type":"ReadAction","target":["https:\/\/biocabaz.pt\/web\/produto\/damasco-seco-100g\/"]}]},{"@type":"ImageObject","inLanguage":"pt-PT","@id":"https:\/\/biocabaz.pt\/web\/produto\/damasco-seco-100g\/#primaryimage","url":"https:\/\/www.biocabaz.pt\/web\/wp-conteudos\/uploads\/2016\/04\/secos-damasco.jpg","contentUrl":"https:\/\/www.biocabaz.pt\/web\/wp-conteudos\/uploads\/2016\/04\/secos-damasco.jpg","width":1200,"height":720},{"@type":"BreadcrumbList","@id":"https:\/\/biocabaz.pt\/web\/produto\/damasco-seco-100g\/#breadcrumb","itemListElement":[{"@type":"ListItem","position":1,"name":"Home","item":"https:\/\/www.biocabaz.pt\/web\/"},{"@type":"ListItem","position":2,"name":"Loja","item":"https:\/\/www.biocabaz.pt\/web\/shop\/"},{"@type":"ListItem","position":3,"name":"DAMASCO SECO bio"}]},{"@type":"WebSite","@id":"https:\/\/www.biocabaz.pt\/web\/#website","url":"https:\/\/www.biocabaz.pt\/web\/","name":"BIOCABAZ - CABAZES BIOL\u00d3GICOS","description":"O melhor que a terra d\u00e1 \u00e9 para si","potentialAction":[{"@type":"SearchAction","target":{"@type":"EntryPoint","urlTemplate":"https:\/\/www.biocabaz.pt\/web\/?s={search_term_string}"},"query-input":{"@type":"PropertyValueSpecification","valueRequired":true,"valueName":"search_term_string"}}],"inLanguage":"pt-PT"}]}},"_links":{"self":[{"href":"https:\/\/biocabaz.pt\/web\/wp-json\/wp\/v2\/product\/737","targetHints":{"allow":["GET"]}}],"collection":[{"href":"https:\/\/biocabaz.pt\/web\/wp-json\/wp\/v2\/product"}],"about":[{"href":"https:\/\/biocabaz.pt\/web\/wp-json\/wp\/v2\/types\/product"}],"replies":[{"embeddable":true,"href":"https:\/\/biocabaz.pt\/web\/wp-json\/wp\/v2\/comments?post=737"}],"wp:featuredmedia":[{"embeddable":true,"href":"https:\/\/biocabaz.pt\/web\/wp-json\/wp\/v2\/media\/1350"}],"wp:attachment":[{"href":"https:\/\/biocabaz.pt\/web\/wp-json\/wp\/v2\/media?parent=737"}],"wp:term":[{"taxonomy":"product_cat","embeddable":true,"href":"https:\/\/biocabaz.pt\/web\/wp-json\/wp\/v2\/product_cat?post=737"},{"taxonomy":"product_tag","embeddable":true,"href":"https:\/\/biocabaz.pt\/web\/wp-json\/wp\/v2\/product_tag?post=737"}],"curies":[{"name":"wp","href":"https:\/\/api.w.org\/{rel}","templated":true}]}}