{"id":6905,"date":"2018-05-27T09:56:18","date_gmt":"2018-05-27T09:56:18","guid":{"rendered":"https:\/\/www.biocabaz.pt\/web\/produto\/pao-paleo-low-carb-sgluten-pachamama\/"},"modified":"2026-03-28T09:09:28","modified_gmt":"2026-03-28T09:09:28","slug":"pao-paleo-low-carb-sgluten-pachamama","status":"publish","type":"product","link":"https:\/\/biocabaz.pt\/web\/produto\/pao-paleo-low-carb-sgluten-pachamama\/","title":{"rendered":"P\u00c3O PALEO LOW CARB &#8220;S\/GL\u00daTEN&#8221; PACHAMAMA"},"content":{"rendered":"<p>Ingredientes biol\u00f3gicos: \u00c1gua, Batata Doce, Farinha de Coco, Farinha de Tapioca, Trigo Sarraceno, Psylium,<br \/>\nSementes de Linha\u00e7a mo\u00eddas, Fermento, Sal e A\u00e7\u00facar de Coco.<\/p>\n<p>Aviso de Alerg\u00e9neos: Produzido a partir de mat\u00e9rias primas sem gl\u00faten, em ambiente que n\u00e3o garante a aus\u00eancia de gl\u00faten.<br \/>\nPode conter vest\u00edgios de gl\u00faten.<br \/>\nOs p\u00e3es sem gl\u00faten Pachamama, n\u00e3o s\u00e3o certificados. E por isso mesmo o seu r\u00f3tulo diz \u201cfeito com ingredientes naturalmente isentos de gl\u00faten\u201d e n\u00e3o \u201csem gl\u00faten\u201d. S\u00e3o feitos com todo o cuidado em fornos diferentes dos do p\u00e3o convencional e at\u00e9 numa sala separada, no entanto n\u00e3o nos \u00e9 poss\u00edvel garantir ainda que n\u00e3o possa existir contamina\u00e7\u00e3o cruzada.<\/p>\n","protected":false},"excerpt":{"rendered":"<p>Vantagens:<br \/>\n&#8211; Baixo em Hidratos de Carbono e muito poucas caloria que beneficia regimes de perda de peso<br \/>\n&#8211; A batata-doce tem um elevado teor em vitaminas, especialmente betacaroteno<br \/>\n&#8211; O elevado teor em vitaminas antioxidantes (A, C e E), com propriedaes antioxidantes e anti-inflamat\u00f3rias, contribuindo para a estimula\u00e7\u00e3o do sistema imunit\u00e1rio e maior resist\u00eancia a infe\u00e7c\u00f5es<\/p>\n<p><a href=\"https:\/\/www.biocabaz.pt\/web\/wp-conteudos\/uploads\/2018\/05\/pao-paleo.pdf\"><\/a><a href=\"https:\/\/www.biocabaz.pt\/web\/wp-conteudos\/uploads\/2018\/05\/pao-paleo.pdf\">Saber mais<\/a><\/p>\n","protected":false},"featured_media":6919,"comment_status":"closed","ping_status":"closed","template":"","meta":[],"product_cat":[12],"product_tag":[],"class_list":["post-6905","product","type-product","status-publish","has-post-thumbnail","hentry","product_cat-padaria"],"bundle_layout":"","bundled_by":[],"bundled_items":[],"yoast_head":"<!-- This site is optimized with the Yoast SEO plugin v26.3 - https:\/\/yoast.com\/wordpress\/plugins\/seo\/ -->\n<title>P\u00c3O PALEO LOW CARB &quot;S\/GL\u00daTEN&quot; PACHAMAMA<\/title>\n<meta name=\"description\" content=\"pao paleo low carb Pachamama\" \/>\n<meta name=\"robots\" content=\"index, follow, max-snippet:-1, max-image-preview:large, max-video-preview:-1\" \/>\n<link rel=\"canonical\" href=\"https:\/\/biocabaz.pt\/web\/produto\/pao-paleo-low-carb-sgluten-pachamama\/\" \/>\n<meta property=\"og:locale\" content=\"pt_PT\" \/>\n<meta property=\"og:locale:alternate\" content=\"en_US\" \/>\n<meta property=\"og:type\" content=\"article\" \/>\n<meta property=\"og:title\" content=\"P\u00c3O PALEO LOW CARB &quot;S\/GL\u00daTEN&quot; PACHAMAMA\" \/>\n<meta property=\"og:description\" content=\"pao paleo low carb Pachamama\" \/>\n<meta property=\"og:url\" content=\"https:\/\/biocabaz.pt\/web\/produto\/pao-paleo-low-carb-sgluten-pachamama\/\" \/>\n<meta property=\"og:site_name\" content=\"BIOCABAZ - CABAZES BIOL\u00d3GICOS\" \/>\n<meta property=\"article:modified_time\" content=\"2026-03-28T09:09:28+00:00\" \/>\n<meta property=\"og:image\" content=\"https:\/\/www.biocabaz.pt\/web\/wp-conteudos\/uploads\/2018\/05\/pao-paleo.jpg\" \/>\n\t<meta property=\"og:image:width\" content=\"500\" \/>\n\t<meta property=\"og:image:height\" content=\"466\" \/>\n\t<meta property=\"og:image:type\" content=\"image\/jpeg\" \/>\n<meta name=\"twitter:card\" content=\"summary_large_image\" \/>\n<meta name=\"twitter:label1\" content=\"Est. reading time\" \/>\n\t<meta name=\"twitter:data1\" content=\"1 minuto\" \/>\n<script type=\"application\/ld+json\" class=\"yoast-schema-graph\">{\"@context\":\"https:\/\/schema.org\",\"@graph\":[{\"@type\":\"WebPage\",\"@id\":\"https:\/\/biocabaz.pt\/web\/produto\/pao-paleo-low-carb-sgluten-pachamama\/\",\"url\":\"https:\/\/biocabaz.pt\/web\/produto\/pao-paleo-low-carb-sgluten-pachamama\/\",\"name\":\"P\u00c3O PALEO LOW CARB \\\"S\/GL\u00daTEN\\\" PACHAMAMA\",\"isPartOf\":{\"@id\":\"https:\/\/biocabaz.pt\/web\/#website\"},\"primaryImageOfPage\":{\"@id\":\"https:\/\/biocabaz.pt\/web\/produto\/pao-paleo-low-carb-sgluten-pachamama\/#primaryimage\"},\"image\":{\"@id\":\"https:\/\/biocabaz.pt\/web\/produto\/pao-paleo-low-carb-sgluten-pachamama\/#primaryimage\"},\"thumbnailUrl\":\"https:\/\/www.biocabaz.pt\/web\/wp-conteudos\/uploads\/2018\/05\/pao-paleo.jpg\",\"datePublished\":\"2018-05-27T09:56:18+00:00\",\"dateModified\":\"2026-03-28T09:09:28+00:00\",\"description\":\"pao paleo low carb Pachamama\",\"breadcrumb\":{\"@id\":\"https:\/\/biocabaz.pt\/web\/produto\/pao-paleo-low-carb-sgluten-pachamama\/#breadcrumb\"},\"inLanguage\":\"pt-PT\",\"potentialAction\":[{\"@type\":\"ReadAction\",\"target\":[\"https:\/\/biocabaz.pt\/web\/produto\/pao-paleo-low-carb-sgluten-pachamama\/\"]}]},{\"@type\":\"ImageObject\",\"inLanguage\":\"pt-PT\",\"@id\":\"https:\/\/biocabaz.pt\/web\/produto\/pao-paleo-low-carb-sgluten-pachamama\/#primaryimage\",\"url\":\"https:\/\/www.biocabaz.pt\/web\/wp-conteudos\/uploads\/2018\/05\/pao-paleo.jpg\",\"contentUrl\":\"https:\/\/www.biocabaz.pt\/web\/wp-conteudos\/uploads\/2018\/05\/pao-paleo.jpg\",\"width\":500,\"height\":466,\"caption\":\"pao paleo low carb\"},{\"@type\":\"BreadcrumbList\",\"@id\":\"https:\/\/biocabaz.pt\/web\/produto\/pao-paleo-low-carb-sgluten-pachamama\/#breadcrumb\",\"itemListElement\":[{\"@type\":\"ListItem\",\"position\":1,\"name\":\"Home\",\"item\":\"https:\/\/biocabaz.pt\/web\/\"},{\"@type\":\"ListItem\",\"position\":2,\"name\":\"Shop\",\"item\":\"https:\/\/biocabaz.pt\/web\/en\/shop\/\"},{\"@type\":\"ListItem\",\"position\":3,\"name\":\"P\u00c3O PALEO LOW CARB &#8220;S\/GL\u00daTEN&#8221; PACHAMAMA\"}]},{\"@type\":\"WebSite\",\"@id\":\"https:\/\/biocabaz.pt\/web\/#website\",\"url\":\"https:\/\/biocabaz.pt\/web\/\",\"name\":\"BIOCABAZ - CABAZES BIOL\u00d3GICOS\",\"description\":\"O melhor que a terra d\u00e1 \u00e9 para si\",\"potentialAction\":[{\"@type\":\"SearchAction\",\"target\":{\"@type\":\"EntryPoint\",\"urlTemplate\":\"https:\/\/biocabaz.pt\/web\/?s={search_term_string}\"},\"query-input\":{\"@type\":\"PropertyValueSpecification\",\"valueRequired\":true,\"valueName\":\"search_term_string\"}}],\"inLanguage\":\"pt-PT\"}]}<\/script>\n<!-- \/ Yoast SEO plugin. -->","yoast_head_json":{"title":"P\u00c3O PALEO LOW CARB \"S\/GL\u00daTEN\" PACHAMAMA","description":"pao paleo low carb Pachamama","robots":{"index":"index","follow":"follow","max-snippet":"max-snippet:-1","max-image-preview":"max-image-preview:large","max-video-preview":"max-video-preview:-1"},"canonical":"https:\/\/biocabaz.pt\/web\/produto\/pao-paleo-low-carb-sgluten-pachamama\/","og_locale":"pt_PT","og_type":"article","og_title":"[:en]PACHAMAMA ORGANIC PALEO LOW CARB BREAD (GLUTEN FREE )[:pt]P\u00c3O PALEO LOW CARB \"S\/GL\u00daTEN\" PACHAMAMA[:] - BIOCABAZ - CABAZES BIOL\u00d3GICOS","og_description":"pao paleo low carb Pachamama","og_url":"https:\/\/biocabaz.pt\/web\/produto\/pao-paleo-low-carb-sgluten-pachamama\/","og_site_name":"BIOCABAZ - CABAZES BIOL\u00d3GICOS","article_modified_time":"2026-03-28T09:09:28+00:00","og_image":[{"width":500,"height":466,"url":"https:\/\/www.biocabaz.pt\/web\/wp-conteudos\/uploads\/2018\/05\/pao-paleo.jpg","type":"image\/jpeg"}],"twitter_card":"summary_large_image","twitter_misc":{"Est. reading time":"1 minuto"},"schema":{"@context":"https:\/\/schema.org","@graph":[{"@type":"WebPage","@id":"https:\/\/biocabaz.pt\/web\/produto\/pao-paleo-low-carb-sgluten-pachamama\/","url":"https:\/\/biocabaz.pt\/web\/produto\/pao-paleo-low-carb-sgluten-pachamama\/","name":"P\u00c3O PALEO LOW CARB \"S\/GL\u00daTEN\" PACHAMAMA","isPartOf":{"@id":"https:\/\/biocabaz.pt\/web\/#website"},"primaryImageOfPage":{"@id":"https:\/\/biocabaz.pt\/web\/produto\/pao-paleo-low-carb-sgluten-pachamama\/#primaryimage"},"image":{"@id":"https:\/\/biocabaz.pt\/web\/produto\/pao-paleo-low-carb-sgluten-pachamama\/#primaryimage"},"thumbnailUrl":"https:\/\/www.biocabaz.pt\/web\/wp-conteudos\/uploads\/2018\/05\/pao-paleo.jpg","datePublished":"2018-05-27T09:56:18+00:00","dateModified":"2026-03-28T09:09:28+00:00","description":"pao paleo low carb Pachamama","breadcrumb":{"@id":"https:\/\/biocabaz.pt\/web\/produto\/pao-paleo-low-carb-sgluten-pachamama\/#breadcrumb"},"inLanguage":"pt-PT","potentialAction":[{"@type":"ReadAction","target":["https:\/\/biocabaz.pt\/web\/produto\/pao-paleo-low-carb-sgluten-pachamama\/"]}]},{"@type":"ImageObject","inLanguage":"pt-PT","@id":"https:\/\/biocabaz.pt\/web\/produto\/pao-paleo-low-carb-sgluten-pachamama\/#primaryimage","url":"https:\/\/www.biocabaz.pt\/web\/wp-conteudos\/uploads\/2018\/05\/pao-paleo.jpg","contentUrl":"https:\/\/www.biocabaz.pt\/web\/wp-conteudos\/uploads\/2018\/05\/pao-paleo.jpg","width":500,"height":466,"caption":"pao paleo low carb"},{"@type":"BreadcrumbList","@id":"https:\/\/biocabaz.pt\/web\/produto\/pao-paleo-low-carb-sgluten-pachamama\/#breadcrumb","itemListElement":[{"@type":"ListItem","position":1,"name":"Home","item":"https:\/\/biocabaz.pt\/web\/"},{"@type":"ListItem","position":2,"name":"Shop","item":"https:\/\/biocabaz.pt\/web\/en\/shop\/"},{"@type":"ListItem","position":3,"name":"P\u00c3O PALEO LOW CARB &#8220;S\/GL\u00daTEN&#8221; PACHAMAMA"}]},{"@type":"WebSite","@id":"https:\/\/biocabaz.pt\/web\/#website","url":"https:\/\/biocabaz.pt\/web\/","name":"BIOCABAZ - CABAZES BIOL\u00d3GICOS","description":"O melhor que a terra d\u00e1 \u00e9 para si","potentialAction":[{"@type":"SearchAction","target":{"@type":"EntryPoint","urlTemplate":"https:\/\/biocabaz.pt\/web\/?s={search_term_string}"},"query-input":{"@type":"PropertyValueSpecification","valueRequired":true,"valueName":"search_term_string"}}],"inLanguage":"pt-PT"}]}},"_links":{"self":[{"href":"https:\/\/biocabaz.pt\/web\/wp-json\/wp\/v2\/product\/6905","targetHints":{"allow":["GET"]}}],"collection":[{"href":"https:\/\/biocabaz.pt\/web\/wp-json\/wp\/v2\/product"}],"about":[{"href":"https:\/\/biocabaz.pt\/web\/wp-json\/wp\/v2\/types\/product"}],"replies":[{"embeddable":true,"href":"https:\/\/biocabaz.pt\/web\/wp-json\/wp\/v2\/comments?post=6905"}],"wp:featuredmedia":[{"embeddable":true,"href":"https:\/\/biocabaz.pt\/web\/wp-json\/wp\/v2\/media\/6919"}],"wp:attachment":[{"href":"https:\/\/biocabaz.pt\/web\/wp-json\/wp\/v2\/media?parent=6905"}],"wp:term":[{"taxonomy":"product_cat","embeddable":true,"href":"https:\/\/biocabaz.pt\/web\/wp-json\/wp\/v2\/product_cat?post=6905"},{"taxonomy":"product_tag","embeddable":true,"href":"https:\/\/biocabaz.pt\/web\/wp-json\/wp\/v2\/product_tag?post=6905"}],"curies":[{"name":"wp","href":"https:\/\/api.w.org\/{rel}","templated":true}]}}