{"id":644,"date":"2016-04-08T09:56:23","date_gmt":"2016-04-08T09:56:23","guid":{"rendered":"http:\/\/www.biocabaz.com\/web\/produto\/and-iogurte-natural-37-150g\/"},"modified":"2023-04-15T14:33:37","modified_gmt":"2023-04-15T14:33:37","slug":"and-iogurte-natural-37-150g","status":"publish","type":"product","link":"https:\/\/biocabaz.pt\/web\/produto\/and-iogurte-natural-37-150g\/","title":{"rendered":"IOGURTE NATURAL 3,7% BIO 150G ANDECHSER"},"content":{"rendered":"<p><strong>Descri\u00e7\u00e3o <\/strong><br \/>\n\t\t\t\tIngredientes: iogurte suave*, 3,7% gordura*<br \/>\n*de agricultura biol\u00f3gica controlada.<\/p>\n<p><strong>Dados Nutricionais<\/strong><br \/>\n\t\t\t\tDeclara\u00e7\u00e3o Nutricional por 100g:<br \/> Energia: 304 kj \/ 73 kcal;<br \/> L\u00edpidos: 3,8g \u2013 dos quais \u00e1cidos gordos saturados: 2,4g \u2013 dos quais carboidratos: 5,3g &#8211; dos quais a\u00e7\u00facar: 5,3g;<br \/> Prote\u00edna: 4,3g;<br \/> Sal: 0,15g (teor de sal natural do leite);<br \/> C\u00e1lcio: 158mg (abrange 20% da rda).<\/p>\n<p><strong>Modo Utiliza\u00e7\u00e3o<\/strong><br \/>Conservar em no frio entre 4\u00ba a 8\u00baC.<\/p>\n","protected":false},"excerpt":{"rendered":"<p>Descri\u00e7\u00e3o Ingredientes: iogurte suave*, 3,7% gordura* *de agricultura biol\u00f3gica controlada. Dados Nutricionais Declara\u00e7\u00e3o Nutricional por 100g: Energia: 304 kj \/ 73 kcal; L\u00edpidos: 3,8g \u2013 dos quais \u00e1cidos gordos saturados: 2,4g \u2013 dos quais carboidratos: 5,3g &#8211; dos quais a\u00e7\u00facar: 5,3g; Prote\u00edna: 4,3g; Sal: 0,15g (teor de sal natural do leite); C\u00e1lcio: 158mg (abrange 20% [&hellip;]<\/p>\n","protected":false},"featured_media":2854,"comment_status":"closed","ping_status":"closed","template":"","meta":[],"product_cat":[52],"product_tag":[],"class_list":["post-644","product","type-product","status-publish","has-post-thumbnail","hentry","product_cat-iogurtes"],"bundle_layout":"","bundled_by":[],"bundled_items":[],"yoast_head":"<!-- This site is optimized with the Yoast SEO plugin v26.3 - https:\/\/yoast.com\/wordpress\/plugins\/seo\/ -->\n<title>IOGURTE NATURAL 3,7% BIO 150G ANDECHSER<\/title>\n<meta name=\"description\" content=\"IOGURTE NATURAL 3,7% BIO 150G ANDECHSER\" \/>\n<meta name=\"robots\" content=\"index, follow, max-snippet:-1, max-image-preview:large, max-video-preview:-1\" \/>\n<link rel=\"canonical\" href=\"https:\/\/biocabaz.pt\/web\/produto\/and-iogurte-natural-37-150g\/\" \/>\n<meta property=\"og:locale\" content=\"pt_PT\" \/>\n<meta property=\"og:locale:alternate\" content=\"en_US\" \/>\n<meta property=\"og:type\" content=\"article\" \/>\n<meta property=\"og:title\" content=\"IOGURTE NATURAL 3,7% BIO 150G ANDECHSER\" \/>\n<meta property=\"og:description\" content=\"IOGURTE NATURAL 3,7% BIO 150G ANDECHSER\" \/>\n<meta property=\"og:url\" content=\"https:\/\/biocabaz.pt\/web\/produto\/and-iogurte-natural-37-150g\/\" \/>\n<meta property=\"og:site_name\" content=\"BIOCABAZ - CABAZES BIOL\u00d3GICOS\" \/>\n<meta property=\"article:modified_time\" content=\"2023-04-15T14:33:37+00:00\" \/>\n<meta property=\"og:image\" content=\"https:\/\/www.biocabaz.pt\/web\/wp-conteudos\/uploads\/2016\/04\/iogurte.png\" \/>\n\t<meta property=\"og:image:width\" content=\"377\" \/>\n\t<meta property=\"og:image:height\" content=\"457\" \/>\n\t<meta property=\"og:image:type\" content=\"image\/png\" \/>\n<meta name=\"twitter:card\" content=\"summary_large_image\" \/>\n<meta name=\"twitter:label1\" content=\"Est. reading time\" \/>\n\t<meta name=\"twitter:data1\" content=\"1 minuto\" \/>\n<script type=\"application\/ld+json\" class=\"yoast-schema-graph\">{\"@context\":\"https:\/\/schema.org\",\"@graph\":[{\"@type\":\"WebPage\",\"@id\":\"https:\/\/biocabaz.pt\/web\/produto\/and-iogurte-natural-37-150g\/\",\"url\":\"https:\/\/biocabaz.pt\/web\/produto\/and-iogurte-natural-37-150g\/\",\"name\":\"IOGURTE NATURAL 3,7% BIO 150G ANDECHSER\",\"isPartOf\":{\"@id\":\"https:\/\/biocabaz.pt\/web\/en\/#website\"},\"primaryImageOfPage\":{\"@id\":\"https:\/\/biocabaz.pt\/web\/produto\/and-iogurte-natural-37-150g\/#primaryimage\"},\"image\":{\"@id\":\"https:\/\/biocabaz.pt\/web\/produto\/and-iogurte-natural-37-150g\/#primaryimage\"},\"thumbnailUrl\":\"https:\/\/www.biocabaz.pt\/web\/wp-conteudos\/uploads\/2016\/04\/iogurte.png\",\"datePublished\":\"2016-04-08T09:56:23+00:00\",\"dateModified\":\"2023-04-15T14:33:37+00:00\",\"description\":\"IOGURTE NATURAL 3,7% BIO 150G ANDECHSER\",\"breadcrumb\":{\"@id\":\"https:\/\/biocabaz.pt\/web\/produto\/and-iogurte-natural-37-150g\/#breadcrumb\"},\"inLanguage\":\"pt-PT\",\"potentialAction\":[{\"@type\":\"ReadAction\",\"target\":[\"https:\/\/biocabaz.pt\/web\/produto\/and-iogurte-natural-37-150g\/\"]}]},{\"@type\":\"ImageObject\",\"inLanguage\":\"pt-PT\",\"@id\":\"https:\/\/biocabaz.pt\/web\/produto\/and-iogurte-natural-37-150g\/#primaryimage\",\"url\":\"https:\/\/www.biocabaz.pt\/web\/wp-conteudos\/uploads\/2016\/04\/iogurte.png\",\"contentUrl\":\"https:\/\/www.biocabaz.pt\/web\/wp-conteudos\/uploads\/2016\/04\/iogurte.png\",\"width\":377,\"height\":457,\"caption\":\"IOGURTE NATURAL 3,7% BIO 150G ANDECHSER\"},{\"@type\":\"BreadcrumbList\",\"@id\":\"https:\/\/biocabaz.pt\/web\/produto\/and-iogurte-natural-37-150g\/#breadcrumb\",\"itemListElement\":[{\"@type\":\"ListItem\",\"position\":1,\"name\":\"Home\",\"item\":\"https:\/\/biocabaz.pt\/web\/en\/\"},{\"@type\":\"ListItem\",\"position\":2,\"name\":\"Shop\",\"item\":\"https:\/\/biocabaz.pt\/web\/en\/shop\/\"},{\"@type\":\"ListItem\",\"position\":3,\"name\":\"IOGURTE NATURAL 3,7% BIO 150G ANDECHSER\"}]},{\"@type\":\"WebSite\",\"@id\":\"https:\/\/biocabaz.pt\/web\/en\/#website\",\"url\":\"https:\/\/biocabaz.pt\/web\/en\/\",\"name\":\"BIOCABAZ - CABAZES BIOL\u00d3GICOS\",\"description\":\"O melhor que a terra d\u00e1 \u00e9 para si\",\"potentialAction\":[{\"@type\":\"SearchAction\",\"target\":{\"@type\":\"EntryPoint\",\"urlTemplate\":\"https:\/\/biocabaz.pt\/web\/en\/?s={search_term_string}\"},\"query-input\":{\"@type\":\"PropertyValueSpecification\",\"valueRequired\":true,\"valueName\":\"search_term_string\"}}],\"inLanguage\":\"pt-PT\"}]}<\/script>\n<!-- \/ Yoast SEO plugin. -->","yoast_head_json":{"title":"IOGURTE NATURAL 3,7% BIO 150G ANDECHSER","description":"IOGURTE NATURAL 3,7% BIO 150G ANDECHSER","robots":{"index":"index","follow":"follow","max-snippet":"max-snippet:-1","max-image-preview":"max-image-preview:large","max-video-preview":"max-video-preview:-1"},"canonical":"https:\/\/biocabaz.pt\/web\/produto\/and-iogurte-natural-37-150g\/","og_locale":"pt_PT","og_type":"article","og_title":"[:en]ANDECHSER MILD ORGANIC YOGURT 3.7% 150GR[:pt]IOGURTE NATURAL 3,7% BIO 150G ANDECHSER[:] - BIOCABAZ - CABAZES BIOL\u00d3GICOS","og_description":"IOGURTE NATURAL 3,7% BIO 150G ANDECHSER","og_url":"https:\/\/biocabaz.pt\/web\/produto\/and-iogurte-natural-37-150g\/","og_site_name":"BIOCABAZ - CABAZES BIOL\u00d3GICOS","article_modified_time":"2023-04-15T14:33:37+00:00","og_image":[{"width":377,"height":457,"url":"https:\/\/www.biocabaz.pt\/web\/wp-conteudos\/uploads\/2016\/04\/iogurte.png","type":"image\/png"}],"twitter_card":"summary_large_image","twitter_misc":{"Est. reading time":"1 minuto"},"schema":{"@context":"https:\/\/schema.org","@graph":[{"@type":"WebPage","@id":"https:\/\/biocabaz.pt\/web\/produto\/and-iogurte-natural-37-150g\/","url":"https:\/\/biocabaz.pt\/web\/produto\/and-iogurte-natural-37-150g\/","name":"IOGURTE NATURAL 3,7% BIO 150G ANDECHSER","isPartOf":{"@id":"https:\/\/biocabaz.pt\/web\/en\/#website"},"primaryImageOfPage":{"@id":"https:\/\/biocabaz.pt\/web\/produto\/and-iogurte-natural-37-150g\/#primaryimage"},"image":{"@id":"https:\/\/biocabaz.pt\/web\/produto\/and-iogurte-natural-37-150g\/#primaryimage"},"thumbnailUrl":"https:\/\/www.biocabaz.pt\/web\/wp-conteudos\/uploads\/2016\/04\/iogurte.png","datePublished":"2016-04-08T09:56:23+00:00","dateModified":"2023-04-15T14:33:37+00:00","description":"IOGURTE NATURAL 3,7% BIO 150G ANDECHSER","breadcrumb":{"@id":"https:\/\/biocabaz.pt\/web\/produto\/and-iogurte-natural-37-150g\/#breadcrumb"},"inLanguage":"pt-PT","potentialAction":[{"@type":"ReadAction","target":["https:\/\/biocabaz.pt\/web\/produto\/and-iogurte-natural-37-150g\/"]}]},{"@type":"ImageObject","inLanguage":"pt-PT","@id":"https:\/\/biocabaz.pt\/web\/produto\/and-iogurte-natural-37-150g\/#primaryimage","url":"https:\/\/www.biocabaz.pt\/web\/wp-conteudos\/uploads\/2016\/04\/iogurte.png","contentUrl":"https:\/\/www.biocabaz.pt\/web\/wp-conteudos\/uploads\/2016\/04\/iogurte.png","width":377,"height":457,"caption":"IOGURTE NATURAL 3,7% BIO 150G ANDECHSER"},{"@type":"BreadcrumbList","@id":"https:\/\/biocabaz.pt\/web\/produto\/and-iogurte-natural-37-150g\/#breadcrumb","itemListElement":[{"@type":"ListItem","position":1,"name":"Home","item":"https:\/\/biocabaz.pt\/web\/en\/"},{"@type":"ListItem","position":2,"name":"Shop","item":"https:\/\/biocabaz.pt\/web\/en\/shop\/"},{"@type":"ListItem","position":3,"name":"IOGURTE NATURAL 3,7% BIO 150G ANDECHSER"}]},{"@type":"WebSite","@id":"https:\/\/biocabaz.pt\/web\/en\/#website","url":"https:\/\/biocabaz.pt\/web\/en\/","name":"BIOCABAZ - CABAZES BIOL\u00d3GICOS","description":"O melhor que a terra d\u00e1 \u00e9 para si","potentialAction":[{"@type":"SearchAction","target":{"@type":"EntryPoint","urlTemplate":"https:\/\/biocabaz.pt\/web\/en\/?s={search_term_string}"},"query-input":{"@type":"PropertyValueSpecification","valueRequired":true,"valueName":"search_term_string"}}],"inLanguage":"pt-PT"}]}},"_links":{"self":[{"href":"https:\/\/biocabaz.pt\/web\/wp-json\/wp\/v2\/product\/644","targetHints":{"allow":["GET"]}}],"collection":[{"href":"https:\/\/biocabaz.pt\/web\/wp-json\/wp\/v2\/product"}],"about":[{"href":"https:\/\/biocabaz.pt\/web\/wp-json\/wp\/v2\/types\/product"}],"replies":[{"embeddable":true,"href":"https:\/\/biocabaz.pt\/web\/wp-json\/wp\/v2\/comments?post=644"}],"wp:featuredmedia":[{"embeddable":true,"href":"https:\/\/biocabaz.pt\/web\/wp-json\/wp\/v2\/media\/2854"}],"wp:attachment":[{"href":"https:\/\/biocabaz.pt\/web\/wp-json\/wp\/v2\/media?parent=644"}],"wp:term":[{"taxonomy":"product_cat","embeddable":true,"href":"https:\/\/biocabaz.pt\/web\/wp-json\/wp\/v2\/product_cat?post=644"},{"taxonomy":"product_tag","embeddable":true,"href":"https:\/\/biocabaz.pt\/web\/wp-json\/wp\/v2\/product_tag?post=644"}],"curies":[{"name":"wp","href":"https:\/\/api.w.org\/{rel}","templated":true}]}}