{"id":580,"date":"2016-04-08T09:49:45","date_gmt":"2016-04-08T09:49:45","guid":{"rendered":"http:\/\/www.biocabaz.com\/web\/produto\/amendoa-miolo-100g\/"},"modified":"2024-04-10T19:42:11","modified_gmt":"2024-04-10T19:42:11","slug":"amendoa-miolo-100g","status":"publish","type":"product","link":"https:\/\/biocabaz.pt\/web\/produto\/amendoa-miolo-100g\/","title":{"rendered":"MIOLO DE AM\u00caNDOA BIO"},"content":{"rendered":"<p><strong>Descri\u00e7\u00e3o <\/strong><br \/>\n\t\t\t\tIngredientes: Am\u00eandoa de produ\u00e7\u00e3o biol\u00f3gica. Poder\u00e1 conter vest\u00edgios de outros frutos de casca rija. Alto teor em gorduras insaturadas. Fonte de fibra, prote\u00edna e c\u00e1lcio.<\/p>\n<p><strong>Dados Nutricionais<\/strong><br \/>\n\t\t\t\tDeclara\u00e7\u00e3o Nutricional por 100g (%DR*): Energia: 2533kJ\/613kcal (30,6%);<br \/> L\u00edpidos: 52,5g (75%) &#8211; dos quais saturados: 4,0g (20%) &#8211; dos quais monoinsaturados: 33,4g &#8211; dos quais polinsaturados: 12,7g;<br \/> Hidratos de Carbono: 8,7g (3,4%) &#8211; dos quais a\u00e7\u00facares: 4,6g (5,1%);<br \/> Fibra: 9,9g (39,6%);<br \/> Prote\u00ednas: 21,4g (42,8%);<br \/> Sal: 0,05g (0,8%);<br \/> C\u00e1lcio: 252 mg (31% VRN). * Dose de refer\u00eancia para um adulto m\u00e9dio (8400kJ\/2000kcal). VRN- Valor de refer\u00eancia do nutriente.<\/p>\n<p><strong>Modo Utiliza\u00e7\u00e3o<\/strong><br \/>Pronto a consumir como snack no intervalo das refei\u00e7\u00f5es ou na elabora\u00e7\u00e3o das suas receitas favoritas. Conservar em local seco e fresco.<\/p>\n","protected":false},"excerpt":{"rendered":"<p>Descri\u00e7\u00e3o Ingredientes: Am\u00eandoa de produ\u00e7\u00e3o biol\u00f3gica. Poder\u00e1 conter vest\u00edgios de outros frutos de casca rija. Alto teor em gorduras insaturadas. Fonte de fibra, prote\u00edna e c\u00e1lcio. Dados Nutricionais Declara\u00e7\u00e3o Nutricional por 100g (%DR*): Energia: 2533kJ\/613kcal (30,6%); L\u00edpidos: 52,5g (75%) &#8211; dos quais saturados: 4,0g (20%) &#8211; dos quais monoinsaturados: 33,4g &#8211; dos quais polinsaturados: 12,7g; [&hellip;]<\/p>\n","protected":false},"featured_media":1348,"comment_status":"open","ping_status":"closed","template":"","meta":[],"product_cat":[51],"product_tag":[],"class_list":["post-580","product","type-product","status-publish","has-post-thumbnail","hentry","product_cat-frutos-secos"],"bundle_layout":"","bundled_by":[],"bundled_items":[],"yoast_head":"<!-- This site is optimized with the Yoast SEO plugin v26.3 - https:\/\/yoast.com\/wordpress\/plugins\/seo\/ -->\n<title>MIOLO DE AM\u00caNDOA BIO<\/title>\n<meta name=\"robots\" content=\"index, follow, max-snippet:-1, max-image-preview:large, max-video-preview:-1\" \/>\n<link rel=\"canonical\" href=\"https:\/\/biocabaz.pt\/web\/produto\/amendoa-miolo-100g\/\" \/>\n<meta property=\"og:locale\" content=\"pt_PT\" \/>\n<meta property=\"og:locale:alternate\" content=\"en_US\" \/>\n<meta property=\"og:type\" content=\"article\" \/>\n<meta property=\"og:title\" content=\"MIOLO DE AM\u00caNDOA BIO\" \/>\n<meta property=\"og:description\" content=\"Descri\u00e7\u00e3o Ingredientes: Am\u00eandoa de produ\u00e7\u00e3o biol\u00f3gica. Poder\u00e1 conter vest\u00edgios de outros frutos de casca rija. Alto teor em gorduras insaturadas. Fonte de fibra, prote\u00edna e c\u00e1lcio. Dados Nutricionais Declara\u00e7\u00e3o Nutricional por 100g (%DR*): Energia: 2533kJ\/613kcal (30,6%); L\u00edpidos: 52,5g (75%) &#8211; dos quais saturados: 4,0g (20%) &#8211; dos quais monoinsaturados: 33,4g &#8211; dos quais polinsaturados: 12,7g; [&hellip;]\" \/>\n<meta property=\"og:url\" content=\"https:\/\/biocabaz.pt\/web\/produto\/amendoa-miolo-100g\/\" \/>\n<meta property=\"og:site_name\" content=\"BIOCABAZ - CABAZES BIOL\u00d3GICOS\" \/>\n<meta property=\"article:modified_time\" content=\"2024-04-10T19:42:11+00:00\" \/>\n<meta property=\"og:image\" content=\"https:\/\/www.biocabaz.pt\/web\/wp-conteudos\/uploads\/2016\/04\/secos-amendoaP-e1574205234302.jpg\" \/>\n\t<meta property=\"og:image:width\" content=\"500\" \/>\n\t<meta property=\"og:image:height\" content=\"494\" \/>\n\t<meta property=\"og:image:type\" content=\"image\/jpeg\" \/>\n<meta name=\"twitter:card\" content=\"summary_large_image\" \/>\n<meta name=\"twitter:label1\" content=\"Est. reading time\" \/>\n\t<meta name=\"twitter:data1\" content=\"1 minuto\" \/>\n<script type=\"application\/ld+json\" class=\"yoast-schema-graph\">{\"@context\":\"https:\/\/schema.org\",\"@graph\":[{\"@type\":\"WebPage\",\"@id\":\"https:\/\/biocabaz.pt\/web\/en\/produto\/amendoa-miolo-100g\/\",\"url\":\"https:\/\/biocabaz.pt\/web\/en\/produto\/amendoa-miolo-100g\/\",\"name\":\"MIOLO DE AM\u00caNDOA BIO\",\"isPartOf\":{\"@id\":\"https:\/\/biocabaz.pt\/web\/#website\"},\"primaryImageOfPage\":{\"@id\":\"https:\/\/biocabaz.pt\/web\/en\/produto\/amendoa-miolo-100g\/#primaryimage\"},\"image\":{\"@id\":\"https:\/\/biocabaz.pt\/web\/en\/produto\/amendoa-miolo-100g\/#primaryimage\"},\"thumbnailUrl\":\"https:\/\/www.biocabaz.pt\/web\/wp-conteudos\/uploads\/2016\/04\/secos-amendoaP-e1574205234302.jpg\",\"datePublished\":\"2016-04-08T09:49:45+00:00\",\"dateModified\":\"2024-04-10T19:42:11+00:00\",\"breadcrumb\":{\"@id\":\"https:\/\/biocabaz.pt\/web\/en\/produto\/amendoa-miolo-100g\/#breadcrumb\"},\"inLanguage\":\"pt-PT\",\"potentialAction\":[{\"@type\":\"ReadAction\",\"target\":[\"https:\/\/biocabaz.pt\/web\/en\/produto\/amendoa-miolo-100g\/\"]}]},{\"@type\":\"ImageObject\",\"inLanguage\":\"pt-PT\",\"@id\":\"https:\/\/biocabaz.pt\/web\/en\/produto\/amendoa-miolo-100g\/#primaryimage\",\"url\":\"https:\/\/www.biocabaz.pt\/web\/wp-conteudos\/uploads\/2016\/04\/secos-amendoaP-e1574205234302.jpg\",\"contentUrl\":\"https:\/\/www.biocabaz.pt\/web\/wp-conteudos\/uploads\/2016\/04\/secos-amendoaP-e1574205234302.jpg\",\"width\":500,\"height\":494,\"caption\":\"miolo de amendoa bio\"},{\"@type\":\"BreadcrumbList\",\"@id\":\"https:\/\/biocabaz.pt\/web\/en\/produto\/amendoa-miolo-100g\/#breadcrumb\",\"itemListElement\":[{\"@type\":\"ListItem\",\"position\":1,\"name\":\"Home\",\"item\":\"https:\/\/biocabaz.pt\/web\/\"},{\"@type\":\"ListItem\",\"position\":2,\"name\":\"Loja\",\"item\":\"https:\/\/biocabaz.pt\/web\/shop\/\"},{\"@type\":\"ListItem\",\"position\":3,\"name\":\"ORGANIC ALMOND WITH SKIN\"}]},{\"@type\":\"WebSite\",\"@id\":\"https:\/\/biocabaz.pt\/web\/#website\",\"url\":\"https:\/\/biocabaz.pt\/web\/\",\"name\":\"BIOCABAZ - CABAZES BIOL\u00d3GICOS\",\"description\":\"O melhor que a terra d\u00e1 \u00e9 para si\",\"potentialAction\":[{\"@type\":\"SearchAction\",\"target\":{\"@type\":\"EntryPoint\",\"urlTemplate\":\"https:\/\/biocabaz.pt\/web\/?s={search_term_string}\"},\"query-input\":{\"@type\":\"PropertyValueSpecification\",\"valueRequired\":true,\"valueName\":\"search_term_string\"}}],\"inLanguage\":\"pt-PT\"}]}<\/script>\n<!-- \/ Yoast SEO plugin. -->","yoast_head_json":{"title":"MIOLO DE AM\u00caNDOA BIO","robots":{"index":"index","follow":"follow","max-snippet":"max-snippet:-1","max-image-preview":"max-image-preview:large","max-video-preview":"max-video-preview:-1"},"canonical":"https:\/\/biocabaz.pt\/web\/produto\/amendoa-miolo-100g\/","og_locale":"pt_PT","og_type":"article","og_title":"[:en]ORGANIC ALMOND WITH SKIN[:pt]MIOLO DE AM\u00caNDOA BIO[:] - BIOCABAZ - CABAZES BIOL\u00d3GICOS","og_description":"Descri\u00e7\u00e3o Ingredientes: Am\u00eandoa de produ\u00e7\u00e3o biol\u00f3gica. Poder\u00e1 conter vest\u00edgios de outros frutos de casca rija. Alto teor em gorduras insaturadas. Fonte de fibra, prote\u00edna e c\u00e1lcio. Dados Nutricionais Declara\u00e7\u00e3o Nutricional por 100g (%DR*): Energia: 2533kJ\/613kcal (30,6%); L\u00edpidos: 52,5g (75%) &#8211; dos quais saturados: 4,0g (20%) &#8211; dos quais monoinsaturados: 33,4g &#8211; dos quais polinsaturados: 12,7g; [&hellip;]","og_url":"https:\/\/biocabaz.pt\/web\/produto\/amendoa-miolo-100g\/","og_site_name":"BIOCABAZ - CABAZES BIOL\u00d3GICOS","article_modified_time":"2024-04-10T19:42:11+00:00","og_image":[{"width":500,"height":494,"url":"https:\/\/www.biocabaz.pt\/web\/wp-conteudos\/uploads\/2016\/04\/secos-amendoaP-e1574205234302.jpg","type":"image\/jpeg"}],"twitter_card":"summary_large_image","twitter_misc":{"Est. reading time":"1 minuto"},"schema":{"@context":"https:\/\/schema.org","@graph":[{"@type":"WebPage","@id":"https:\/\/biocabaz.pt\/web\/en\/produto\/amendoa-miolo-100g\/","url":"https:\/\/biocabaz.pt\/web\/en\/produto\/amendoa-miolo-100g\/","name":"MIOLO DE AM\u00caNDOA BIO","isPartOf":{"@id":"https:\/\/biocabaz.pt\/web\/#website"},"primaryImageOfPage":{"@id":"https:\/\/biocabaz.pt\/web\/en\/produto\/amendoa-miolo-100g\/#primaryimage"},"image":{"@id":"https:\/\/biocabaz.pt\/web\/en\/produto\/amendoa-miolo-100g\/#primaryimage"},"thumbnailUrl":"https:\/\/www.biocabaz.pt\/web\/wp-conteudos\/uploads\/2016\/04\/secos-amendoaP-e1574205234302.jpg","datePublished":"2016-04-08T09:49:45+00:00","dateModified":"2024-04-10T19:42:11+00:00","breadcrumb":{"@id":"https:\/\/biocabaz.pt\/web\/en\/produto\/amendoa-miolo-100g\/#breadcrumb"},"inLanguage":"pt-PT","potentialAction":[{"@type":"ReadAction","target":["https:\/\/biocabaz.pt\/web\/en\/produto\/amendoa-miolo-100g\/"]}]},{"@type":"ImageObject","inLanguage":"pt-PT","@id":"https:\/\/biocabaz.pt\/web\/en\/produto\/amendoa-miolo-100g\/#primaryimage","url":"https:\/\/www.biocabaz.pt\/web\/wp-conteudos\/uploads\/2016\/04\/secos-amendoaP-e1574205234302.jpg","contentUrl":"https:\/\/www.biocabaz.pt\/web\/wp-conteudos\/uploads\/2016\/04\/secos-amendoaP-e1574205234302.jpg","width":500,"height":494,"caption":"miolo de amendoa bio"},{"@type":"BreadcrumbList","@id":"https:\/\/biocabaz.pt\/web\/en\/produto\/amendoa-miolo-100g\/#breadcrumb","itemListElement":[{"@type":"ListItem","position":1,"name":"Home","item":"https:\/\/biocabaz.pt\/web\/"},{"@type":"ListItem","position":2,"name":"Loja","item":"https:\/\/biocabaz.pt\/web\/shop\/"},{"@type":"ListItem","position":3,"name":"ORGANIC ALMOND WITH SKIN"}]},{"@type":"WebSite","@id":"https:\/\/biocabaz.pt\/web\/#website","url":"https:\/\/biocabaz.pt\/web\/","name":"BIOCABAZ - CABAZES BIOL\u00d3GICOS","description":"O melhor que a terra d\u00e1 \u00e9 para si","potentialAction":[{"@type":"SearchAction","target":{"@type":"EntryPoint","urlTemplate":"https:\/\/biocabaz.pt\/web\/?s={search_term_string}"},"query-input":{"@type":"PropertyValueSpecification","valueRequired":true,"valueName":"search_term_string"}}],"inLanguage":"pt-PT"}]}},"_links":{"self":[{"href":"https:\/\/biocabaz.pt\/web\/wp-json\/wp\/v2\/product\/580","targetHints":{"allow":["GET"]}}],"collection":[{"href":"https:\/\/biocabaz.pt\/web\/wp-json\/wp\/v2\/product"}],"about":[{"href":"https:\/\/biocabaz.pt\/web\/wp-json\/wp\/v2\/types\/product"}],"replies":[{"embeddable":true,"href":"https:\/\/biocabaz.pt\/web\/wp-json\/wp\/v2\/comments?post=580"}],"wp:featuredmedia":[{"embeddable":true,"href":"https:\/\/biocabaz.pt\/web\/wp-json\/wp\/v2\/media\/1348"}],"wp:attachment":[{"href":"https:\/\/biocabaz.pt\/web\/wp-json\/wp\/v2\/media?parent=580"}],"wp:term":[{"taxonomy":"product_cat","embeddable":true,"href":"https:\/\/biocabaz.pt\/web\/wp-json\/wp\/v2\/product_cat?post=580"},{"taxonomy":"product_tag","embeddable":true,"href":"https:\/\/biocabaz.pt\/web\/wp-json\/wp\/v2\/product_tag?post=580"}],"curies":[{"name":"wp","href":"https:\/\/api.w.org\/{rel}","templated":true}]}}