{"id":55421,"date":"2020-10-30T11:27:27","date_gmt":"2020-10-30T11:27:27","guid":{"rendered":"https:\/\/www.biocabaz.pt\/web\/?post_type=product&#038;p=55421"},"modified":"2022-10-02T08:14:22","modified_gmt":"2022-10-02T08:14:22","slug":"papas-de-aveia-doypack-manga-maca-s-gluten","status":"publish","type":"product","link":"https:\/\/biocabaz.pt\/web\/produto\/papas-de-aveia-doypack-manga-maca-s-gluten\/","title":{"rendered":"Papas de Aveia\/Doypack Manga &#038; Ma\u00e7\u00e3 S\/Gl\u00faten"},"content":{"rendered":"<h3><strong>DESCRI\u00c7\u00c3O<\/strong><\/h3>\n<p>Papas de aveia com leite de coco sem lactose, Manga e Ma\u00e7\u00e3 BIO 100g. Sem gl\u00faten.Ingredientes: Leite Coco* (40%), Ma\u00e7\u00e3* (40%), Manga* (16%), Flocos de aveia sem gl\u00faten*(4%), Concentrado de Sumo de Lim\u00e3o*. *De produ\u00e7\u00e3o biol\u00f3gica. Sem conservantes, aromas ou a\u00e7\u00facares adicionados. Cont\u00e9m a\u00e7\u00facares naturalmente presentes. IT-BIO-007, Agricultura UE\/n\u00e3o UE.<\/p>\n<h3><strong>DADOS NUTRICIONAIS<\/strong><\/h3>\n<p>Declara\u00e7\u00e3o Nutricional por 100g: Energia- 544kJ\/131kcal; L\u00edpidos- 8,4g, dos quais saturados- 6,9g; Hidratos de Carbono-11,6g, dos quais a\u00e7\u00facares- 8,1g; Fibra- 1,4g; Prote\u00ednas- 1,4g; Sal- 0,03g.<\/p>\n<h3><strong>MODO DE UTILIZA\u00c7\u00c3O<\/strong><\/h3>\n<p>Pronto a consumir a qualquer hora do dia ou como complemento \u00e0 sua refei\u00e7\u00e3o. CONVERSAR EM LOCAL SECO E FRESCO. UMA VEZ ABERTA A EMBALAGEM CONSERVAR NO FRIGOR\u00cdFICO E CONSUMIR EM 24 HORAS. N\u00e3o permita que as crian\u00e7as brinquem com a tampa sem supervis\u00e3o.<\/p>\n","protected":false},"excerpt":{"rendered":"<p>DESCRI\u00c7\u00c3O Papas de aveia com leite de coco sem lactose, Manga e Ma\u00e7\u00e3 BIO 100g. Sem gl\u00faten.Ingredientes: Leite Coco* (40%), Ma\u00e7\u00e3* (40%), Manga* (16%), Flocos de aveia sem gl\u00faten*(4%), Concentrado de Sumo de Lim\u00e3o*. *De produ\u00e7\u00e3o biol\u00f3gica. Sem conservantes, aromas ou a\u00e7\u00facares adicionados. Cont\u00e9m a\u00e7\u00facares naturalmente presentes. IT-BIO-007, Agricultura UE\/n\u00e3o UE. DADOS NUTRICIONAIS Declara\u00e7\u00e3o Nutricional [&hellip;]<\/p>\n","protected":false},"featured_media":55422,"comment_status":"closed","ping_status":"closed","template":"","meta":[],"product_cat":[61,54],"product_tag":[],"class_list":["post-55421","product","type-product","status-publish","has-post-thumbnail","hentry","product_cat-sumos-snacks","product_cat-alimentos-sem-gluten"],"bundle_layout":"","bundled_by":[],"bundled_items":[],"yoast_head":"<!-- This site is optimized with the Yoast SEO plugin v26.3 - https:\/\/yoast.com\/wordpress\/plugins\/seo\/ -->\n<title>Papas de Aveia\/Doypack Manga &amp; Ma\u00e7\u00e3 S\/Gl\u00faten<\/title>\n<meta name=\"description\" content=\"Papas de Aveia\/Doypack Manga &amp; Ma\u00e7\u00e3 S\/Gl\u00faten\" \/>\n<meta name=\"robots\" content=\"index, follow, max-snippet:-1, max-image-preview:large, max-video-preview:-1\" \/>\n<link rel=\"canonical\" href=\"https:\/\/biocabaz.pt\/web\/produto\/papas-de-aveia-doypack-manga-maca-s-gluten\/\" \/>\n<meta property=\"og:locale\" content=\"pt_PT\" \/>\n<meta property=\"og:locale:alternate\" content=\"en_US\" \/>\n<meta property=\"og:type\" content=\"article\" \/>\n<meta property=\"og:title\" content=\"Papas de Aveia\/Doypack Manga &amp; Ma\u00e7\u00e3 S\/Gl\u00faten\" \/>\n<meta property=\"og:description\" content=\"Papas de Aveia\/Doypack Manga &amp; Ma\u00e7\u00e3 S\/Gl\u00faten\" \/>\n<meta property=\"og:url\" content=\"https:\/\/biocabaz.pt\/web\/produto\/papas-de-aveia-doypack-manga-maca-s-gluten\/\" \/>\n<meta property=\"og:site_name\" content=\"BIOCABAZ - CABAZES BIOL\u00d3GICOS\" \/>\n<meta property=\"article:modified_time\" content=\"2022-10-02T08:14:22+00:00\" \/>\n<meta property=\"og:image\" content=\"https:\/\/www.biocabaz.pt\/web\/wp-conteudos\/uploads\/2020\/10\/papas-de-aveiadoypack-manga-maca-sgluten-e1604057205115.jpg\" \/>\n\t<meta property=\"og:image:width\" content=\"500\" \/>\n\t<meta property=\"og:image:height\" content=\"500\" \/>\n\t<meta property=\"og:image:type\" content=\"image\/jpeg\" \/>\n<meta name=\"twitter:card\" content=\"summary_large_image\" \/>\n<meta name=\"twitter:label1\" content=\"Est. reading time\" \/>\n\t<meta name=\"twitter:data1\" content=\"1 minuto\" \/>\n<script type=\"application\/ld+json\" class=\"yoast-schema-graph\">{\"@context\":\"https:\/\/schema.org\",\"@graph\":[{\"@type\":\"WebPage\",\"@id\":\"https:\/\/biocabaz.pt\/web\/en\/produto\/papas-de-aveia-doypack-manga-maca-s-gluten\/\",\"url\":\"https:\/\/biocabaz.pt\/web\/en\/produto\/papas-de-aveia-doypack-manga-maca-s-gluten\/\",\"name\":\"Papas de Aveia\/Doypack Manga & Ma\u00e7\u00e3 S\/Gl\u00faten\",\"isPartOf\":{\"@id\":\"https:\/\/biocabaz.pt\/web\/#website\"},\"primaryImageOfPage\":{\"@id\":\"https:\/\/biocabaz.pt\/web\/en\/produto\/papas-de-aveia-doypack-manga-maca-s-gluten\/#primaryimage\"},\"image\":{\"@id\":\"https:\/\/biocabaz.pt\/web\/en\/produto\/papas-de-aveia-doypack-manga-maca-s-gluten\/#primaryimage\"},\"thumbnailUrl\":\"https:\/\/www.biocabaz.pt\/web\/wp-conteudos\/uploads\/2020\/10\/papas-de-aveiadoypack-manga-maca-sgluten-e1604057205115.jpg\",\"datePublished\":\"2020-10-30T11:27:27+00:00\",\"dateModified\":\"2022-10-02T08:14:22+00:00\",\"description\":\"Papas de Aveia\/Doypack Manga & Ma\u00e7\u00e3 S\/Gl\u00faten\",\"breadcrumb\":{\"@id\":\"https:\/\/biocabaz.pt\/web\/en\/produto\/papas-de-aveia-doypack-manga-maca-s-gluten\/#breadcrumb\"},\"inLanguage\":\"pt-PT\",\"potentialAction\":[{\"@type\":\"ReadAction\",\"target\":[\"https:\/\/biocabaz.pt\/web\/en\/produto\/papas-de-aveia-doypack-manga-maca-s-gluten\/\"]}]},{\"@type\":\"ImageObject\",\"inLanguage\":\"pt-PT\",\"@id\":\"https:\/\/biocabaz.pt\/web\/en\/produto\/papas-de-aveia-doypack-manga-maca-s-gluten\/#primaryimage\",\"url\":\"https:\/\/www.biocabaz.pt\/web\/wp-conteudos\/uploads\/2020\/10\/papas-de-aveiadoypack-manga-maca-sgluten-e1604057205115.jpg\",\"contentUrl\":\"https:\/\/www.biocabaz.pt\/web\/wp-conteudos\/uploads\/2020\/10\/papas-de-aveiadoypack-manga-maca-sgluten-e1604057205115.jpg\",\"width\":500,\"height\":500,\"caption\":\"Papas de Aveia\/Doypack Manga & Ma\u00e7\u00e3 S\/Gl\u00faten\"},{\"@type\":\"BreadcrumbList\",\"@id\":\"https:\/\/biocabaz.pt\/web\/en\/produto\/papas-de-aveia-doypack-manga-maca-s-gluten\/#breadcrumb\",\"itemListElement\":[{\"@type\":\"ListItem\",\"position\":1,\"name\":\"Home\",\"item\":\"https:\/\/biocabaz.pt\/web\/\"},{\"@type\":\"ListItem\",\"position\":2,\"name\":\"Loja\",\"item\":\"https:\/\/biocabaz.pt\/web\/shop\/\"},{\"@type\":\"ListItem\",\"position\":3,\"name\":\"DOYPACK GLUTEN-FREE MANGA OATS AND APPLE\"}]},{\"@type\":\"WebSite\",\"@id\":\"https:\/\/biocabaz.pt\/web\/#website\",\"url\":\"https:\/\/biocabaz.pt\/web\/\",\"name\":\"BIOCABAZ - CABAZES BIOL\u00d3GICOS\",\"description\":\"O melhor que a terra d\u00e1 \u00e9 para si\",\"potentialAction\":[{\"@type\":\"SearchAction\",\"target\":{\"@type\":\"EntryPoint\",\"urlTemplate\":\"https:\/\/biocabaz.pt\/web\/?s={search_term_string}\"},\"query-input\":{\"@type\":\"PropertyValueSpecification\",\"valueRequired\":true,\"valueName\":\"search_term_string\"}}],\"inLanguage\":\"pt-PT\"}]}<\/script>\n<!-- \/ Yoast SEO plugin. -->","yoast_head_json":{"title":"Papas de Aveia\/Doypack Manga & Ma\u00e7\u00e3 S\/Gl\u00faten","description":"Papas de Aveia\/Doypack Manga & Ma\u00e7\u00e3 S\/Gl\u00faten","robots":{"index":"index","follow":"follow","max-snippet":"max-snippet:-1","max-image-preview":"max-image-preview:large","max-video-preview":"max-video-preview:-1"},"canonical":"https:\/\/biocabaz.pt\/web\/produto\/papas-de-aveia-doypack-manga-maca-s-gluten\/","og_locale":"pt_PT","og_type":"article","og_title":"[:en]DOYPACK GLUTEN-FREE MANGA OATS AND APPLE[:pt]Papas de Aveia\/Doypack Manga & Ma\u00e7\u00e3 S\/Gl\u00faten[:] - BIOCABAZ - CABAZES BIOL\u00d3GICOS","og_description":"Papas de Aveia\/Doypack Manga & Ma\u00e7\u00e3 S\/Gl\u00faten","og_url":"https:\/\/biocabaz.pt\/web\/produto\/papas-de-aveia-doypack-manga-maca-s-gluten\/","og_site_name":"BIOCABAZ - CABAZES BIOL\u00d3GICOS","article_modified_time":"2022-10-02T08:14:22+00:00","og_image":[{"width":500,"height":500,"url":"https:\/\/www.biocabaz.pt\/web\/wp-conteudos\/uploads\/2020\/10\/papas-de-aveiadoypack-manga-maca-sgluten-e1604057205115.jpg","type":"image\/jpeg"}],"twitter_card":"summary_large_image","twitter_misc":{"Est. reading time":"1 minuto"},"schema":{"@context":"https:\/\/schema.org","@graph":[{"@type":"WebPage","@id":"https:\/\/biocabaz.pt\/web\/en\/produto\/papas-de-aveia-doypack-manga-maca-s-gluten\/","url":"https:\/\/biocabaz.pt\/web\/en\/produto\/papas-de-aveia-doypack-manga-maca-s-gluten\/","name":"Papas de Aveia\/Doypack Manga & Ma\u00e7\u00e3 S\/Gl\u00faten","isPartOf":{"@id":"https:\/\/biocabaz.pt\/web\/#website"},"primaryImageOfPage":{"@id":"https:\/\/biocabaz.pt\/web\/en\/produto\/papas-de-aveia-doypack-manga-maca-s-gluten\/#primaryimage"},"image":{"@id":"https:\/\/biocabaz.pt\/web\/en\/produto\/papas-de-aveia-doypack-manga-maca-s-gluten\/#primaryimage"},"thumbnailUrl":"https:\/\/www.biocabaz.pt\/web\/wp-conteudos\/uploads\/2020\/10\/papas-de-aveiadoypack-manga-maca-sgluten-e1604057205115.jpg","datePublished":"2020-10-30T11:27:27+00:00","dateModified":"2022-10-02T08:14:22+00:00","description":"Papas de Aveia\/Doypack Manga & Ma\u00e7\u00e3 S\/Gl\u00faten","breadcrumb":{"@id":"https:\/\/biocabaz.pt\/web\/en\/produto\/papas-de-aveia-doypack-manga-maca-s-gluten\/#breadcrumb"},"inLanguage":"pt-PT","potentialAction":[{"@type":"ReadAction","target":["https:\/\/biocabaz.pt\/web\/en\/produto\/papas-de-aveia-doypack-manga-maca-s-gluten\/"]}]},{"@type":"ImageObject","inLanguage":"pt-PT","@id":"https:\/\/biocabaz.pt\/web\/en\/produto\/papas-de-aveia-doypack-manga-maca-s-gluten\/#primaryimage","url":"https:\/\/www.biocabaz.pt\/web\/wp-conteudos\/uploads\/2020\/10\/papas-de-aveiadoypack-manga-maca-sgluten-e1604057205115.jpg","contentUrl":"https:\/\/www.biocabaz.pt\/web\/wp-conteudos\/uploads\/2020\/10\/papas-de-aveiadoypack-manga-maca-sgluten-e1604057205115.jpg","width":500,"height":500,"caption":"Papas de Aveia\/Doypack Manga & Ma\u00e7\u00e3 S\/Gl\u00faten"},{"@type":"BreadcrumbList","@id":"https:\/\/biocabaz.pt\/web\/en\/produto\/papas-de-aveia-doypack-manga-maca-s-gluten\/#breadcrumb","itemListElement":[{"@type":"ListItem","position":1,"name":"Home","item":"https:\/\/biocabaz.pt\/web\/"},{"@type":"ListItem","position":2,"name":"Loja","item":"https:\/\/biocabaz.pt\/web\/shop\/"},{"@type":"ListItem","position":3,"name":"DOYPACK GLUTEN-FREE MANGA OATS AND APPLE"}]},{"@type":"WebSite","@id":"https:\/\/biocabaz.pt\/web\/#website","url":"https:\/\/biocabaz.pt\/web\/","name":"BIOCABAZ - CABAZES BIOL\u00d3GICOS","description":"O melhor que a terra d\u00e1 \u00e9 para si","potentialAction":[{"@type":"SearchAction","target":{"@type":"EntryPoint","urlTemplate":"https:\/\/biocabaz.pt\/web\/?s={search_term_string}"},"query-input":{"@type":"PropertyValueSpecification","valueRequired":true,"valueName":"search_term_string"}}],"inLanguage":"pt-PT"}]}},"_links":{"self":[{"href":"https:\/\/biocabaz.pt\/web\/wp-json\/wp\/v2\/product\/55421","targetHints":{"allow":["GET"]}}],"collection":[{"href":"https:\/\/biocabaz.pt\/web\/wp-json\/wp\/v2\/product"}],"about":[{"href":"https:\/\/biocabaz.pt\/web\/wp-json\/wp\/v2\/types\/product"}],"replies":[{"embeddable":true,"href":"https:\/\/biocabaz.pt\/web\/wp-json\/wp\/v2\/comments?post=55421"}],"wp:featuredmedia":[{"embeddable":true,"href":"https:\/\/biocabaz.pt\/web\/wp-json\/wp\/v2\/media\/55422"}],"wp:attachment":[{"href":"https:\/\/biocabaz.pt\/web\/wp-json\/wp\/v2\/media?parent=55421"}],"wp:term":[{"taxonomy":"product_cat","embeddable":true,"href":"https:\/\/biocabaz.pt\/web\/wp-json\/wp\/v2\/product_cat?post=55421"},{"taxonomy":"product_tag","embeddable":true,"href":"https:\/\/biocabaz.pt\/web\/wp-json\/wp\/v2\/product_tag?post=55421"}],"curies":[{"name":"wp","href":"https:\/\/api.w.org\/{rel}","templated":true}]}}