{"id":548,"date":"2016-04-06T18:43:37","date_gmt":"2016-04-06T18:43:37","guid":{"rendered":"http:\/\/www.biocabaz.com\/web\/produto\/cerveja-mullers-lagerbier-demeter-033l\/"},"modified":"2023-06-30T13:57:46","modified_gmt":"2023-06-30T13:57:46","slug":"cerveja-mullers-lagerbier-demeter-033l","status":"publish","type":"product","link":"https:\/\/biocabaz.pt\/web\/produto\/cerveja-mullers-lagerbier-demeter-033l\/","title":{"rendered":"CERVEJA MULLER&#8217;S LAGERBIER DEMETER BIO 0,33L"},"content":{"rendered":"<p><strong>Descri\u00e7\u00e3o <\/strong><br \/>\n\t\t\t\tIngredientes: \u00e1gua; malte de cevada*, l\u00fapulo*, levedura*, *de agricultura biol\u00f3gica. N\u00e3o filtrado \u2013 pode apresentar um ligeiro sedimento.<\/p>\n<p><strong>Dados Nutricionais<\/strong><br \/>\n\t\t\t\tTeor alco\u00f3lico: 4,6%.<\/p>\n<p><strong>Modo Utiliza\u00e7\u00e3o<\/strong><br \/>Conservar em local fresco e seco. <\/p>\n","protected":false},"excerpt":{"rendered":"<p>Descri\u00e7\u00e3o Ingredientes: \u00e1gua; malte de cevada*, l\u00fapulo*, levedura*, *de agricultura biol\u00f3gica. N\u00e3o filtrado \u2013 pode apresentar um ligeiro sedimento. Dados Nutricionais Teor alco\u00f3lico: 4,6%. Modo Utiliza\u00e7\u00e3oConservar em local fresco e seco.<\/p>\n","protected":false},"featured_media":1359,"comment_status":"open","ping_status":"closed","template":"","meta":[],"product_cat":[40],"product_tag":[],"class_list":["post-548","product","type-product","status-publish","has-post-thumbnail","hentry","product_cat-cerveja"],"bundle_layout":"","bundled_by":[],"bundled_items":[],"yoast_head":"<!-- This site is optimized with the Yoast SEO plugin v26.3 - https:\/\/yoast.com\/wordpress\/plugins\/seo\/ -->\n<title>CERVEJA MULLER&#039;S LAGERBIER DEMETER BIO 0,33L<\/title>\n<meta name=\"robots\" content=\"index, follow, max-snippet:-1, max-image-preview:large, max-video-preview:-1\" \/>\n<link rel=\"canonical\" href=\"https:\/\/biocabaz.pt\/web\/produto\/cerveja-mullers-lagerbier-demeter-033l\/\" \/>\n<meta property=\"og:locale\" content=\"pt_PT\" \/>\n<meta property=\"og:locale:alternate\" content=\"en_US\" \/>\n<meta property=\"og:type\" content=\"article\" \/>\n<meta property=\"og:title\" content=\"CERVEJA MULLER&#039;S LAGERBIER DEMETER BIO 0,33L\" \/>\n<meta property=\"og:description\" content=\"Descri\u00e7\u00e3o Ingredientes: \u00e1gua; malte de cevada*, l\u00fapulo*, levedura*, *de agricultura biol\u00f3gica. N\u00e3o filtrado \u2013 pode apresentar um ligeiro sedimento. Dados Nutricionais Teor alco\u00f3lico: 4,6%. Modo Utiliza\u00e7\u00e3oConservar em local fresco e seco.\" \/>\n<meta property=\"og:url\" content=\"https:\/\/biocabaz.pt\/web\/produto\/cerveja-mullers-lagerbier-demeter-033l\/\" \/>\n<meta property=\"og:site_name\" content=\"BIOCABAZ - CABAZES BIOL\u00d3GICOS\" \/>\n<meta property=\"article:modified_time\" content=\"2023-06-30T13:57:46+00:00\" \/>\n<meta property=\"og:image\" content=\"https:\/\/www.biocabaz.pt\/web\/wp-conteudos\/uploads\/2016\/04\/muller-lagerbier.jpg\" \/>\n\t<meta property=\"og:image:width\" content=\"600\" \/>\n\t<meta property=\"og:image:height\" content=\"800\" \/>\n\t<meta property=\"og:image:type\" content=\"image\/jpeg\" \/>\n<meta name=\"twitter:card\" content=\"summary_large_image\" \/>\n<script type=\"application\/ld+json\" class=\"yoast-schema-graph\">{\"@context\":\"https:\/\/schema.org\",\"@graph\":[{\"@type\":\"WebPage\",\"@id\":\"https:\/\/biocabaz.pt\/web\/en\/produto\/cerveja-mullers-lagerbier-demeter-033l\/\",\"url\":\"https:\/\/biocabaz.pt\/web\/en\/produto\/cerveja-mullers-lagerbier-demeter-033l\/\",\"name\":\"CERVEJA MULLER'S LAGERBIER DEMETER BIO 0,33L\",\"isPartOf\":{\"@id\":\"https:\/\/www.biocabaz.pt\/web\/en\/#website\"},\"primaryImageOfPage\":{\"@id\":\"https:\/\/biocabaz.pt\/web\/en\/produto\/cerveja-mullers-lagerbier-demeter-033l\/#primaryimage\"},\"image\":{\"@id\":\"https:\/\/biocabaz.pt\/web\/en\/produto\/cerveja-mullers-lagerbier-demeter-033l\/#primaryimage\"},\"thumbnailUrl\":\"https:\/\/www.biocabaz.pt\/web\/wp-conteudos\/uploads\/2016\/04\/muller-lagerbier.jpg\",\"datePublished\":\"2016-04-06T18:43:37+00:00\",\"dateModified\":\"2023-06-30T13:57:46+00:00\",\"breadcrumb\":{\"@id\":\"https:\/\/biocabaz.pt\/web\/en\/produto\/cerveja-mullers-lagerbier-demeter-033l\/#breadcrumb\"},\"inLanguage\":\"pt-PT\",\"potentialAction\":[{\"@type\":\"ReadAction\",\"target\":[\"https:\/\/biocabaz.pt\/web\/en\/produto\/cerveja-mullers-lagerbier-demeter-033l\/\"]}]},{\"@type\":\"ImageObject\",\"inLanguage\":\"pt-PT\",\"@id\":\"https:\/\/biocabaz.pt\/web\/en\/produto\/cerveja-mullers-lagerbier-demeter-033l\/#primaryimage\",\"url\":\"https:\/\/www.biocabaz.pt\/web\/wp-conteudos\/uploads\/2016\/04\/muller-lagerbier.jpg\",\"contentUrl\":\"https:\/\/www.biocabaz.pt\/web\/wp-conteudos\/uploads\/2016\/04\/muller-lagerbier.jpg\",\"width\":600,\"height\":800},{\"@type\":\"BreadcrumbList\",\"@id\":\"https:\/\/biocabaz.pt\/web\/en\/produto\/cerveja-mullers-lagerbier-demeter-033l\/#breadcrumb\",\"itemListElement\":[{\"@type\":\"ListItem\",\"position\":1,\"name\":\"Home\",\"item\":\"https:\/\/www.biocabaz.pt\/web\/en\/\"},{\"@type\":\"ListItem\",\"position\":2,\"name\":\"Shop\",\"item\":\"https:\/\/www.biocabaz.pt\/web\/en\/shop\/\"},{\"@type\":\"ListItem\",\"position\":3,\"name\":\"DEMETER MULLER\u0092S LAGERBIER ORGANIC BEER 0,33L\"}]},{\"@type\":\"WebSite\",\"@id\":\"https:\/\/www.biocabaz.pt\/web\/en\/#website\",\"url\":\"https:\/\/www.biocabaz.pt\/web\/en\/\",\"name\":\"BIOCABAZ - CABAZES BIOL\u00d3GICOS\",\"description\":\"O melhor que a terra d\u00e1 \u00e9 para si\",\"potentialAction\":[{\"@type\":\"SearchAction\",\"target\":{\"@type\":\"EntryPoint\",\"urlTemplate\":\"https:\/\/www.biocabaz.pt\/web\/en\/?s={search_term_string}\"},\"query-input\":{\"@type\":\"PropertyValueSpecification\",\"valueRequired\":true,\"valueName\":\"search_term_string\"}}],\"inLanguage\":\"pt-PT\"}]}<\/script>\n<!-- \/ Yoast SEO plugin. -->","yoast_head_json":{"title":"CERVEJA MULLER'S LAGERBIER DEMETER BIO 0,33L","robots":{"index":"index","follow":"follow","max-snippet":"max-snippet:-1","max-image-preview":"max-image-preview:large","max-video-preview":"max-video-preview:-1"},"canonical":"https:\/\/biocabaz.pt\/web\/produto\/cerveja-mullers-lagerbier-demeter-033l\/","og_locale":"pt_PT","og_type":"article","og_title":"[:en]DEMETER MULLER\u0092S LAGERBIER ORGANIC BEER 0,33L[:pt]CERVEJA MULLER'S LAGERBIER DEMETER BIO 0,33L[:] - BIOCABAZ - CABAZES BIOL\u00d3GICOS","og_description":"Descri\u00e7\u00e3o Ingredientes: \u00e1gua; malte de cevada*, l\u00fapulo*, levedura*, *de agricultura biol\u00f3gica. N\u00e3o filtrado \u2013 pode apresentar um ligeiro sedimento. Dados Nutricionais Teor alco\u00f3lico: 4,6%. Modo Utiliza\u00e7\u00e3oConservar em local fresco e seco.","og_url":"https:\/\/biocabaz.pt\/web\/produto\/cerveja-mullers-lagerbier-demeter-033l\/","og_site_name":"BIOCABAZ - CABAZES BIOL\u00d3GICOS","article_modified_time":"2023-06-30T13:57:46+00:00","og_image":[{"width":600,"height":800,"url":"https:\/\/www.biocabaz.pt\/web\/wp-conteudos\/uploads\/2016\/04\/muller-lagerbier.jpg","type":"image\/jpeg"}],"twitter_card":"summary_large_image","schema":{"@context":"https:\/\/schema.org","@graph":[{"@type":"WebPage","@id":"https:\/\/biocabaz.pt\/web\/en\/produto\/cerveja-mullers-lagerbier-demeter-033l\/","url":"https:\/\/biocabaz.pt\/web\/en\/produto\/cerveja-mullers-lagerbier-demeter-033l\/","name":"CERVEJA MULLER'S LAGERBIER DEMETER BIO 0,33L","isPartOf":{"@id":"https:\/\/www.biocabaz.pt\/web\/en\/#website"},"primaryImageOfPage":{"@id":"https:\/\/biocabaz.pt\/web\/en\/produto\/cerveja-mullers-lagerbier-demeter-033l\/#primaryimage"},"image":{"@id":"https:\/\/biocabaz.pt\/web\/en\/produto\/cerveja-mullers-lagerbier-demeter-033l\/#primaryimage"},"thumbnailUrl":"https:\/\/www.biocabaz.pt\/web\/wp-conteudos\/uploads\/2016\/04\/muller-lagerbier.jpg","datePublished":"2016-04-06T18:43:37+00:00","dateModified":"2023-06-30T13:57:46+00:00","breadcrumb":{"@id":"https:\/\/biocabaz.pt\/web\/en\/produto\/cerveja-mullers-lagerbier-demeter-033l\/#breadcrumb"},"inLanguage":"pt-PT","potentialAction":[{"@type":"ReadAction","target":["https:\/\/biocabaz.pt\/web\/en\/produto\/cerveja-mullers-lagerbier-demeter-033l\/"]}]},{"@type":"ImageObject","inLanguage":"pt-PT","@id":"https:\/\/biocabaz.pt\/web\/en\/produto\/cerveja-mullers-lagerbier-demeter-033l\/#primaryimage","url":"https:\/\/www.biocabaz.pt\/web\/wp-conteudos\/uploads\/2016\/04\/muller-lagerbier.jpg","contentUrl":"https:\/\/www.biocabaz.pt\/web\/wp-conteudos\/uploads\/2016\/04\/muller-lagerbier.jpg","width":600,"height":800},{"@type":"BreadcrumbList","@id":"https:\/\/biocabaz.pt\/web\/en\/produto\/cerveja-mullers-lagerbier-demeter-033l\/#breadcrumb","itemListElement":[{"@type":"ListItem","position":1,"name":"Home","item":"https:\/\/www.biocabaz.pt\/web\/en\/"},{"@type":"ListItem","position":2,"name":"Shop","item":"https:\/\/www.biocabaz.pt\/web\/en\/shop\/"},{"@type":"ListItem","position":3,"name":"DEMETER MULLER\u0092S LAGERBIER ORGANIC BEER 0,33L"}]},{"@type":"WebSite","@id":"https:\/\/www.biocabaz.pt\/web\/en\/#website","url":"https:\/\/www.biocabaz.pt\/web\/en\/","name":"BIOCABAZ - CABAZES BIOL\u00d3GICOS","description":"O melhor que a terra d\u00e1 \u00e9 para si","potentialAction":[{"@type":"SearchAction","target":{"@type":"EntryPoint","urlTemplate":"https:\/\/www.biocabaz.pt\/web\/en\/?s={search_term_string}"},"query-input":{"@type":"PropertyValueSpecification","valueRequired":true,"valueName":"search_term_string"}}],"inLanguage":"pt-PT"}]}},"_links":{"self":[{"href":"https:\/\/biocabaz.pt\/web\/wp-json\/wp\/v2\/product\/548","targetHints":{"allow":["GET"]}}],"collection":[{"href":"https:\/\/biocabaz.pt\/web\/wp-json\/wp\/v2\/product"}],"about":[{"href":"https:\/\/biocabaz.pt\/web\/wp-json\/wp\/v2\/types\/product"}],"replies":[{"embeddable":true,"href":"https:\/\/biocabaz.pt\/web\/wp-json\/wp\/v2\/comments?post=548"}],"wp:featuredmedia":[{"embeddable":true,"href":"https:\/\/biocabaz.pt\/web\/wp-json\/wp\/v2\/media\/1359"}],"wp:attachment":[{"href":"https:\/\/biocabaz.pt\/web\/wp-json\/wp\/v2\/media?parent=548"}],"wp:term":[{"taxonomy":"product_cat","embeddable":true,"href":"https:\/\/biocabaz.pt\/web\/wp-json\/wp\/v2\/product_cat?post=548"},{"taxonomy":"product_tag","embeddable":true,"href":"https:\/\/biocabaz.pt\/web\/wp-json\/wp\/v2\/product_tag?post=548"}],"curies":[{"name":"wp","href":"https:\/\/api.w.org\/{rel}","templated":true}]}}