{"id":529,"date":"2016-04-05T11:34:12","date_gmt":"2016-04-05T11:34:12","guid":{"rendered":"http:\/\/www.biocabaz.com\/web\/?post_type=product&#038;p=529"},"modified":"2023-02-20T11:36:11","modified_gmt":"2023-02-20T11:36:11","slug":"espumante-branco-bruto-075l-vinha-da-malhada-2012-2","status":"publish","type":"product","link":"https:\/\/biocabaz.pt\/web\/produto\/espumante-branco-bruto-075l-vinha-da-malhada-2012-2\/","title":{"rendered":"ESPUMANTE BRANCO BRUTO BIO 0,75L VINHA DA MALHADA 2012"},"content":{"rendered":"<p><strong>Descri\u00e7\u00e3o <\/strong><br \/>\n\t\t\t\tIngredientes: Espumante Bruto Branco. Desengace e esmagamento. Fermenta\u00e7\u00e3o em cuba de inox com temperatura controlada. Cor: citrina. Aroma: Elegante e complexo. Sabor equilibrado com boa presen\u00e7a. <\/p>\n<p><strong>Dados Nutricionais<\/strong><br \/>\n\t\t\t\tTeor alco\u00f3lico: 12,5%.<\/p>\n<p><strong>Modo Utiliza\u00e7\u00e3o<\/strong><br \/>Servir a 6\u00baC a 8\u00baC.<\/p>\n","protected":false},"excerpt":{"rendered":"<p>Descri\u00e7\u00e3o Ingredientes: Espumante Bruto Branco. Desengace e esmagamento. Fermenta\u00e7\u00e3o em cuba de inox com temperatura controlada. Cor: citrina. Aroma: Elegante e complexo. Sabor equilibrado com boa presen\u00e7a. Dados Nutricionais Teor alco\u00f3lico: 12,5%. Modo Utiliza\u00e7\u00e3oServir a 6\u00baC a 8\u00baC.<\/p>\n","protected":false},"featured_media":530,"comment_status":"open","ping_status":"closed","template":"","meta":[],"product_cat":[39],"product_tag":[],"class_list":["post-529","product","type-product","status-publish","has-post-thumbnail","hentry","product_cat-vinho"],"bundle_layout":"","bundled_by":[],"bundled_items":[],"yoast_head":"<!-- This site is optimized with the Yoast SEO plugin v26.3 - https:\/\/yoast.com\/wordpress\/plugins\/seo\/ -->\n<title>ESPUMANTE BRANCO BRUTO BIO 0,75L VINHA DA MALHADA 2012<\/title>\n<meta name=\"robots\" content=\"index, follow, max-snippet:-1, max-image-preview:large, max-video-preview:-1\" \/>\n<link rel=\"canonical\" href=\"https:\/\/www.biocabaz.pt\/web\/produto\/espumante-branco-bruto-075l-vinha-da-malhada-2012-2\/\" \/>\n<meta property=\"og:locale\" content=\"pt_PT\" \/>\n<meta property=\"og:locale:alternate\" content=\"en_US\" \/>\n<meta property=\"og:type\" content=\"article\" \/>\n<meta property=\"og:title\" content=\"ESPUMANTE BRANCO BRUTO BIO 0,75L VINHA DA MALHADA 2012\" \/>\n<meta property=\"og:description\" content=\"Descri\u00e7\u00e3o Ingredientes: Espumante Bruto Branco. Desengace e esmagamento. Fermenta\u00e7\u00e3o em cuba de inox com temperatura controlada. Cor: citrina. Aroma: Elegante e complexo. Sabor equilibrado com boa presen\u00e7a. Dados Nutricionais Teor alco\u00f3lico: 12,5%. Modo Utiliza\u00e7\u00e3oServir a 6\u00baC a 8\u00baC.\" \/>\n<meta property=\"og:url\" content=\"https:\/\/biocabaz.pt\/web\/produto\/espumante-branco-bruto-075l-vinha-da-malhada-2012-2\/\" \/>\n<meta property=\"og:site_name\" content=\"BIOCABAZ - CABAZES BIOL\u00d3GICOS\" \/>\n<meta property=\"article:modified_time\" content=\"2023-02-20T11:36:11+00:00\" \/>\n<meta property=\"og:image\" content=\"https:\/\/www.biocabaz.pt\/web\/wp-conteudos\/uploads\/2016\/04\/Espumante-Vinha-da-Malhada.jpg\" \/>\n\t<meta property=\"og:image:width\" content=\"394\" \/>\n\t<meta property=\"og:image:height\" content=\"1024\" \/>\n\t<meta property=\"og:image:type\" content=\"image\/jpeg\" \/>\n<meta name=\"twitter:card\" content=\"summary_large_image\" \/>\n<script type=\"application\/ld+json\" class=\"yoast-schema-graph\">{\"@context\":\"https:\/\/schema.org\",\"@graph\":[{\"@type\":\"WebPage\",\"@id\":\"https:\/\/www.biocabaz.pt\/web\/produto\/espumante-branco-bruto-075l-vinha-da-malhada-2012-2\/\",\"url\":\"https:\/\/www.biocabaz.pt\/web\/produto\/espumante-branco-bruto-075l-vinha-da-malhada-2012-2\/\",\"name\":\"ESPUMANTE BRANCO BRUTO BIO 0,75L VINHA DA MALHADA 2012\",\"isPartOf\":{\"@id\":\"https:\/\/biocabaz.pt\/web\/en\/#website\"},\"primaryImageOfPage\":{\"@id\":\"https:\/\/www.biocabaz.pt\/web\/produto\/espumante-branco-bruto-075l-vinha-da-malhada-2012-2\/#primaryimage\"},\"image\":{\"@id\":\"https:\/\/www.biocabaz.pt\/web\/produto\/espumante-branco-bruto-075l-vinha-da-malhada-2012-2\/#primaryimage\"},\"thumbnailUrl\":\"https:\/\/www.biocabaz.pt\/web\/wp-conteudos\/uploads\/2016\/04\/Espumante-Vinha-da-Malhada.jpg\",\"datePublished\":\"2016-04-05T11:34:12+00:00\",\"dateModified\":\"2023-02-20T11:36:11+00:00\",\"breadcrumb\":{\"@id\":\"https:\/\/www.biocabaz.pt\/web\/produto\/espumante-branco-bruto-075l-vinha-da-malhada-2012-2\/#breadcrumb\"},\"inLanguage\":\"pt-PT\",\"potentialAction\":[{\"@type\":\"ReadAction\",\"target\":[\"https:\/\/www.biocabaz.pt\/web\/produto\/espumante-branco-bruto-075l-vinha-da-malhada-2012-2\/\"]}]},{\"@type\":\"ImageObject\",\"inLanguage\":\"pt-PT\",\"@id\":\"https:\/\/www.biocabaz.pt\/web\/produto\/espumante-branco-bruto-075l-vinha-da-malhada-2012-2\/#primaryimage\",\"url\":\"https:\/\/www.biocabaz.pt\/web\/wp-conteudos\/uploads\/2016\/04\/Espumante-Vinha-da-Malhada.jpg\",\"contentUrl\":\"https:\/\/www.biocabaz.pt\/web\/wp-conteudos\/uploads\/2016\/04\/Espumante-Vinha-da-Malhada.jpg\",\"width\":394,\"height\":1024},{\"@type\":\"BreadcrumbList\",\"@id\":\"https:\/\/www.biocabaz.pt\/web\/produto\/espumante-branco-bruto-075l-vinha-da-malhada-2012-2\/#breadcrumb\",\"itemListElement\":[{\"@type\":\"ListItem\",\"position\":1,\"name\":\"Home\",\"item\":\"https:\/\/biocabaz.pt\/web\/en\/\"},{\"@type\":\"ListItem\",\"position\":2,\"name\":\"Loja\",\"item\":\"https:\/\/biocabaz.pt\/web\/shop\/\"},{\"@type\":\"ListItem\",\"position\":3,\"name\":\"ESPUMANTE BRANCO BRUTO BIO 0,75L VINHA DA MALHADA 2012\"}]},{\"@type\":\"WebSite\",\"@id\":\"https:\/\/biocabaz.pt\/web\/en\/#website\",\"url\":\"https:\/\/biocabaz.pt\/web\/en\/\",\"name\":\"BIOCABAZ - CABAZES BIOL\u00d3GICOS\",\"description\":\"O melhor que a terra d\u00e1 \u00e9 para si\",\"potentialAction\":[{\"@type\":\"SearchAction\",\"target\":{\"@type\":\"EntryPoint\",\"urlTemplate\":\"https:\/\/biocabaz.pt\/web\/en\/?s={search_term_string}\"},\"query-input\":{\"@type\":\"PropertyValueSpecification\",\"valueRequired\":true,\"valueName\":\"search_term_string\"}}],\"inLanguage\":\"pt-PT\"}]}<\/script>\n<!-- \/ Yoast SEO plugin. -->","yoast_head_json":{"title":"ESPUMANTE BRANCO BRUTO BIO 0,75L VINHA DA MALHADA 2012","robots":{"index":"index","follow":"follow","max-snippet":"max-snippet:-1","max-image-preview":"max-image-preview:large","max-video-preview":"max-video-preview:-1"},"canonical":"https:\/\/www.biocabaz.pt\/web\/produto\/espumante-branco-bruto-075l-vinha-da-malhada-2012-2\/","og_locale":"pt_PT","og_type":"article","og_title":"[:en]VINHA DA MALHADA ORGANIC WHITE SPARKLING WINE 2012[:pt]ESPUMANTE BRANCO BRUTO BIO 0,75L VINHA DA MALHADA 2012[:] - BIOCABAZ - CABAZES BIOL\u00d3GICOS","og_description":"Descri\u00e7\u00e3o Ingredientes: Espumante Bruto Branco. Desengace e esmagamento. Fermenta\u00e7\u00e3o em cuba de inox com temperatura controlada. Cor: citrina. Aroma: Elegante e complexo. Sabor equilibrado com boa presen\u00e7a. Dados Nutricionais Teor alco\u00f3lico: 12,5%. Modo Utiliza\u00e7\u00e3oServir a 6\u00baC a 8\u00baC.","og_url":"https:\/\/biocabaz.pt\/web\/produto\/espumante-branco-bruto-075l-vinha-da-malhada-2012-2\/","og_site_name":"BIOCABAZ - CABAZES BIOL\u00d3GICOS","article_modified_time":"2023-02-20T11:36:11+00:00","og_image":[{"width":394,"height":1024,"url":"https:\/\/www.biocabaz.pt\/web\/wp-conteudos\/uploads\/2016\/04\/Espumante-Vinha-da-Malhada.jpg","type":"image\/jpeg"}],"twitter_card":"summary_large_image","schema":{"@context":"https:\/\/schema.org","@graph":[{"@type":"WebPage","@id":"https:\/\/www.biocabaz.pt\/web\/produto\/espumante-branco-bruto-075l-vinha-da-malhada-2012-2\/","url":"https:\/\/www.biocabaz.pt\/web\/produto\/espumante-branco-bruto-075l-vinha-da-malhada-2012-2\/","name":"ESPUMANTE BRANCO BRUTO BIO 0,75L VINHA DA MALHADA 2012","isPartOf":{"@id":"https:\/\/biocabaz.pt\/web\/en\/#website"},"primaryImageOfPage":{"@id":"https:\/\/www.biocabaz.pt\/web\/produto\/espumante-branco-bruto-075l-vinha-da-malhada-2012-2\/#primaryimage"},"image":{"@id":"https:\/\/www.biocabaz.pt\/web\/produto\/espumante-branco-bruto-075l-vinha-da-malhada-2012-2\/#primaryimage"},"thumbnailUrl":"https:\/\/www.biocabaz.pt\/web\/wp-conteudos\/uploads\/2016\/04\/Espumante-Vinha-da-Malhada.jpg","datePublished":"2016-04-05T11:34:12+00:00","dateModified":"2023-02-20T11:36:11+00:00","breadcrumb":{"@id":"https:\/\/www.biocabaz.pt\/web\/produto\/espumante-branco-bruto-075l-vinha-da-malhada-2012-2\/#breadcrumb"},"inLanguage":"pt-PT","potentialAction":[{"@type":"ReadAction","target":["https:\/\/www.biocabaz.pt\/web\/produto\/espumante-branco-bruto-075l-vinha-da-malhada-2012-2\/"]}]},{"@type":"ImageObject","inLanguage":"pt-PT","@id":"https:\/\/www.biocabaz.pt\/web\/produto\/espumante-branco-bruto-075l-vinha-da-malhada-2012-2\/#primaryimage","url":"https:\/\/www.biocabaz.pt\/web\/wp-conteudos\/uploads\/2016\/04\/Espumante-Vinha-da-Malhada.jpg","contentUrl":"https:\/\/www.biocabaz.pt\/web\/wp-conteudos\/uploads\/2016\/04\/Espumante-Vinha-da-Malhada.jpg","width":394,"height":1024},{"@type":"BreadcrumbList","@id":"https:\/\/www.biocabaz.pt\/web\/produto\/espumante-branco-bruto-075l-vinha-da-malhada-2012-2\/#breadcrumb","itemListElement":[{"@type":"ListItem","position":1,"name":"Home","item":"https:\/\/biocabaz.pt\/web\/en\/"},{"@type":"ListItem","position":2,"name":"Loja","item":"https:\/\/biocabaz.pt\/web\/shop\/"},{"@type":"ListItem","position":3,"name":"ESPUMANTE BRANCO BRUTO BIO 0,75L VINHA DA MALHADA 2012"}]},{"@type":"WebSite","@id":"https:\/\/biocabaz.pt\/web\/en\/#website","url":"https:\/\/biocabaz.pt\/web\/en\/","name":"BIOCABAZ - CABAZES BIOL\u00d3GICOS","description":"O melhor que a terra d\u00e1 \u00e9 para si","potentialAction":[{"@type":"SearchAction","target":{"@type":"EntryPoint","urlTemplate":"https:\/\/biocabaz.pt\/web\/en\/?s={search_term_string}"},"query-input":{"@type":"PropertyValueSpecification","valueRequired":true,"valueName":"search_term_string"}}],"inLanguage":"pt-PT"}]}},"_links":{"self":[{"href":"https:\/\/biocabaz.pt\/web\/wp-json\/wp\/v2\/product\/529","targetHints":{"allow":["GET"]}}],"collection":[{"href":"https:\/\/biocabaz.pt\/web\/wp-json\/wp\/v2\/product"}],"about":[{"href":"https:\/\/biocabaz.pt\/web\/wp-json\/wp\/v2\/types\/product"}],"replies":[{"embeddable":true,"href":"https:\/\/biocabaz.pt\/web\/wp-json\/wp\/v2\/comments?post=529"}],"wp:featuredmedia":[{"embeddable":true,"href":"https:\/\/biocabaz.pt\/web\/wp-json\/wp\/v2\/media\/530"}],"wp:attachment":[{"href":"https:\/\/biocabaz.pt\/web\/wp-json\/wp\/v2\/media?parent=529"}],"wp:term":[{"taxonomy":"product_cat","embeddable":true,"href":"https:\/\/biocabaz.pt\/web\/wp-json\/wp\/v2\/product_cat?post=529"},{"taxonomy":"product_tag","embeddable":true,"href":"https:\/\/biocabaz.pt\/web\/wp-json\/wp\/v2\/product_tag?post=529"}],"curies":[{"name":"wp","href":"https:\/\/api.w.org\/{rel}","templated":true}]}}