{"id":5195,"date":"2017-12-01T12:56:50","date_gmt":"2017-12-01T12:56:50","guid":{"rendered":"https:\/\/www.biocabaz.pt\/web\/produto\/nau-de-cacau-sao-tome-cpimenta-da-jamaica-66-cacau\/"},"modified":"2025-06-11T14:36:56","modified_gmt":"2025-06-11T14:36:56","slug":"nau-de-cacau-sao-tome-cpimenta-da-jamaica-66-cacau","status":"publish","type":"product","link":"https:\/\/biocabaz.pt\/web\/produto\/nau-de-cacau-sao-tome-cpimenta-da-jamaica-66-cacau\/","title":{"rendered":"CHOCOLATE NAU CACAU S\u00c3O TOM\u00c9 C\/PIMENTA DA JAMAICA 66%"},"content":{"rendered":"<p><strong>Descri\u00e7\u00e3o <\/strong><br \/>\n\t\t\t\tIngredientes: pasta de cacau S\u00e3o Tom\u00e9 e Pr\u00edncipe,* a\u00e7\u00facar de cana*, manteiga de cacau*, pimenta da Jamaica*, emulsionante: lecitina de girassol (<1%), extrato de baunilha* (<1%). *Proveniente de agricultura biol\u00f3gica.<\/p>\n<p><strong>Dados Nutricionais<\/strong><br \/>\n\t\t\t\tDeclara\u00e7\u00e3o Nutricional por 100g:<br \/> Energia: 2389 kJ \/ 571 kcal;<br \/> L\u00edpidos: 41g &#8211; dos quais saturados: 24g;<br \/> Hidratos de carbono: 39g &#8211; dos quais a\u00e7\u00facares: 33g;<br \/> Fibra: 9,58g;<br \/> Prote\u00ednas: 7,5g;<br \/> Sal: 0,009g.<\/p>\n<p><strong>Modo Utiliza\u00e7\u00e3o<\/strong><br \/>Conservar em local seco e fresco.<\/p>\n","protected":false},"excerpt":{"rendered":"<p>Descri\u00e7\u00e3o Ingredientes: pasta de cacau S\u00e3o Tom\u00e9 e Pr\u00edncipe,* a\u00e7\u00facar de cana*, manteiga de cacau*, pimenta da Jamaica*, emulsionante: lecitina de girassol (<\/p>\n","protected":false},"featured_media":5198,"comment_status":"closed","ping_status":"closed","template":"","meta":[],"product_cat":[31],"product_tag":[],"class_list":["post-5195","product","type-product","status-publish","has-post-thumbnail","hentry","product_cat-chocolates"],"bundle_layout":"","bundled_by":[],"bundled_items":[],"yoast_head":"<!-- This site is optimized with the Yoast SEO plugin v26.3 - https:\/\/yoast.com\/wordpress\/plugins\/seo\/ -->\n<title>CHOCOLATE NAU CACAU S\u00c3O TOM\u00c9 C\/PIMENTA DA JAMAICA 66%<\/title>\n<meta name=\"description\" content=\"NAU DE CACAU SAO TOME C\/PIMENTA DA JAMAICA 66% CACAU\" \/>\n<meta name=\"robots\" content=\"index, follow, max-snippet:-1, max-image-preview:large, max-video-preview:-1\" \/>\n<link rel=\"canonical\" href=\"https:\/\/biocabaz.pt\/web\/produto\/nau-de-cacau-sao-tome-cpimenta-da-jamaica-66-cacau\/\" \/>\n<meta property=\"og:locale\" content=\"pt_PT\" \/>\n<meta property=\"og:locale:alternate\" content=\"en_US\" \/>\n<meta property=\"og:type\" content=\"article\" \/>\n<meta property=\"og:title\" content=\"CHOCOLATE NAU CACAU S\u00c3O TOM\u00c9 C\/PIMENTA DA JAMAICA 66%\" \/>\n<meta property=\"og:description\" content=\"NAU DE CACAU SAO TOME C\/PIMENTA DA JAMAICA 66% CACAU\" \/>\n<meta property=\"og:url\" content=\"https:\/\/biocabaz.pt\/web\/produto\/nau-de-cacau-sao-tome-cpimenta-da-jamaica-66-cacau\/\" \/>\n<meta property=\"og:site_name\" content=\"BIOCABAZ - CABAZES BIOL\u00d3GICOS\" \/>\n<meta property=\"article:modified_time\" content=\"2025-06-11T14:36:56+00:00\" \/>\n<meta property=\"og:image\" content=\"https:\/\/www.biocabaz.pt\/web\/wp-conteudos\/uploads\/2017\/12\/nau-do-cacau-jamaica-1.jpg\" \/>\n\t<meta property=\"og:image:width\" content=\"800\" \/>\n\t<meta property=\"og:image:height\" content=\"800\" \/>\n\t<meta property=\"og:image:type\" content=\"image\/jpeg\" \/>\n<meta name=\"twitter:card\" content=\"summary_large_image\" \/>\n<meta name=\"twitter:label1\" content=\"Est. reading time\" \/>\n\t<meta name=\"twitter:data1\" content=\"1 minuto\" \/>\n<script type=\"application\/ld+json\" class=\"yoast-schema-graph\">{\"@context\":\"https:\/\/schema.org\",\"@graph\":[{\"@type\":\"WebPage\",\"@id\":\"https:\/\/biocabaz.pt\/web\/produto\/nau-de-cacau-sao-tome-cpimenta-da-jamaica-66-cacau\/\",\"url\":\"https:\/\/biocabaz.pt\/web\/produto\/nau-de-cacau-sao-tome-cpimenta-da-jamaica-66-cacau\/\",\"name\":\"CHOCOLATE NAU CACAU S\u00c3O TOM\u00c9 C\/PIMENTA DA JAMAICA 66%\",\"isPartOf\":{\"@id\":\"https:\/\/biocabaz.pt\/web\/#website\"},\"primaryImageOfPage\":{\"@id\":\"https:\/\/biocabaz.pt\/web\/produto\/nau-de-cacau-sao-tome-cpimenta-da-jamaica-66-cacau\/#primaryimage\"},\"image\":{\"@id\":\"https:\/\/biocabaz.pt\/web\/produto\/nau-de-cacau-sao-tome-cpimenta-da-jamaica-66-cacau\/#primaryimage\"},\"thumbnailUrl\":\"https:\/\/www.biocabaz.pt\/web\/wp-conteudos\/uploads\/2017\/12\/nau-do-cacau-jamaica-1.jpg\",\"datePublished\":\"2017-12-01T12:56:50+00:00\",\"dateModified\":\"2025-06-11T14:36:56+00:00\",\"description\":\"NAU DE CACAU SAO TOME C\/PIMENTA DA JAMAICA 66% CACAU\",\"breadcrumb\":{\"@id\":\"https:\/\/biocabaz.pt\/web\/produto\/nau-de-cacau-sao-tome-cpimenta-da-jamaica-66-cacau\/#breadcrumb\"},\"inLanguage\":\"pt-PT\",\"potentialAction\":[{\"@type\":\"ReadAction\",\"target\":[\"https:\/\/biocabaz.pt\/web\/produto\/nau-de-cacau-sao-tome-cpimenta-da-jamaica-66-cacau\/\"]}]},{\"@type\":\"ImageObject\",\"inLanguage\":\"pt-PT\",\"@id\":\"https:\/\/biocabaz.pt\/web\/produto\/nau-de-cacau-sao-tome-cpimenta-da-jamaica-66-cacau\/#primaryimage\",\"url\":\"https:\/\/www.biocabaz.pt\/web\/wp-conteudos\/uploads\/2017\/12\/nau-do-cacau-jamaica-1.jpg\",\"contentUrl\":\"https:\/\/www.biocabaz.pt\/web\/wp-conteudos\/uploads\/2017\/12\/nau-do-cacau-jamaica-1.jpg\",\"width\":800,\"height\":800,\"caption\":\"NAU DE CACAU SAO TOME C\/PIMENTA DA JAMAICA 66% CACAU\"},{\"@type\":\"BreadcrumbList\",\"@id\":\"https:\/\/biocabaz.pt\/web\/produto\/nau-de-cacau-sao-tome-cpimenta-da-jamaica-66-cacau\/#breadcrumb\",\"itemListElement\":[{\"@type\":\"ListItem\",\"position\":1,\"name\":\"Home\",\"item\":\"https:\/\/biocabaz.pt\/web\/\"},{\"@type\":\"ListItem\",\"position\":2,\"name\":\"Loja\",\"item\":\"https:\/\/biocabaz.pt\/web\/shop\/\"},{\"@type\":\"ListItem\",\"position\":3,\"name\":\"CHOCOLATE NAU CACAU S\u00c3O TOM\u00c9 C\/PIMENTA DA JAMAICA 66%\"}]},{\"@type\":\"WebSite\",\"@id\":\"https:\/\/biocabaz.pt\/web\/#website\",\"url\":\"https:\/\/biocabaz.pt\/web\/\",\"name\":\"BIOCABAZ - CABAZES BIOL\u00d3GICOS\",\"description\":\"O melhor que a terra d\u00e1 \u00e9 para si\",\"potentialAction\":[{\"@type\":\"SearchAction\",\"target\":{\"@type\":\"EntryPoint\",\"urlTemplate\":\"https:\/\/biocabaz.pt\/web\/?s={search_term_string}\"},\"query-input\":{\"@type\":\"PropertyValueSpecification\",\"valueRequired\":true,\"valueName\":\"search_term_string\"}}],\"inLanguage\":\"pt-PT\"}]}<\/script>\n<!-- \/ Yoast SEO plugin. -->","yoast_head_json":{"title":"CHOCOLATE NAU CACAU S\u00c3O TOM\u00c9 C\/PIMENTA DA JAMAICA 66%","description":"NAU DE CACAU SAO TOME C\/PIMENTA DA JAMAICA 66% CACAU","robots":{"index":"index","follow":"follow","max-snippet":"max-snippet:-1","max-image-preview":"max-image-preview:large","max-video-preview":"max-video-preview:-1"},"canonical":"https:\/\/biocabaz.pt\/web\/produto\/nau-de-cacau-sao-tome-cpimenta-da-jamaica-66-cacau\/","og_locale":"pt_PT","og_type":"article","og_title":"[:en]NAU CACAU S\u00c3O TOM\u00c9 AND PR\u00cdNCIPE CHOCOLATE WITH ALLSPICE (66% COCOA)[:pt]CHOCOLATE NAU CACAU S\u00c3O TOM\u00c9 C\/PIMENTA DA JAMAICA 66%[:] - BIOCABAZ - CABAZES BIOL\u00d3GICOS","og_description":"NAU DE CACAU SAO TOME C\/PIMENTA DA JAMAICA 66% CACAU","og_url":"https:\/\/biocabaz.pt\/web\/produto\/nau-de-cacau-sao-tome-cpimenta-da-jamaica-66-cacau\/","og_site_name":"BIOCABAZ - CABAZES BIOL\u00d3GICOS","article_modified_time":"2025-06-11T14:36:56+00:00","og_image":[{"width":800,"height":800,"url":"https:\/\/www.biocabaz.pt\/web\/wp-conteudos\/uploads\/2017\/12\/nau-do-cacau-jamaica-1.jpg","type":"image\/jpeg"}],"twitter_card":"summary_large_image","twitter_misc":{"Est. reading time":"1 minuto"},"schema":{"@context":"https:\/\/schema.org","@graph":[{"@type":"WebPage","@id":"https:\/\/biocabaz.pt\/web\/produto\/nau-de-cacau-sao-tome-cpimenta-da-jamaica-66-cacau\/","url":"https:\/\/biocabaz.pt\/web\/produto\/nau-de-cacau-sao-tome-cpimenta-da-jamaica-66-cacau\/","name":"CHOCOLATE NAU CACAU S\u00c3O TOM\u00c9 C\/PIMENTA DA JAMAICA 66%","isPartOf":{"@id":"https:\/\/biocabaz.pt\/web\/#website"},"primaryImageOfPage":{"@id":"https:\/\/biocabaz.pt\/web\/produto\/nau-de-cacau-sao-tome-cpimenta-da-jamaica-66-cacau\/#primaryimage"},"image":{"@id":"https:\/\/biocabaz.pt\/web\/produto\/nau-de-cacau-sao-tome-cpimenta-da-jamaica-66-cacau\/#primaryimage"},"thumbnailUrl":"https:\/\/www.biocabaz.pt\/web\/wp-conteudos\/uploads\/2017\/12\/nau-do-cacau-jamaica-1.jpg","datePublished":"2017-12-01T12:56:50+00:00","dateModified":"2025-06-11T14:36:56+00:00","description":"NAU DE CACAU SAO TOME C\/PIMENTA DA JAMAICA 66% CACAU","breadcrumb":{"@id":"https:\/\/biocabaz.pt\/web\/produto\/nau-de-cacau-sao-tome-cpimenta-da-jamaica-66-cacau\/#breadcrumb"},"inLanguage":"pt-PT","potentialAction":[{"@type":"ReadAction","target":["https:\/\/biocabaz.pt\/web\/produto\/nau-de-cacau-sao-tome-cpimenta-da-jamaica-66-cacau\/"]}]},{"@type":"ImageObject","inLanguage":"pt-PT","@id":"https:\/\/biocabaz.pt\/web\/produto\/nau-de-cacau-sao-tome-cpimenta-da-jamaica-66-cacau\/#primaryimage","url":"https:\/\/www.biocabaz.pt\/web\/wp-conteudos\/uploads\/2017\/12\/nau-do-cacau-jamaica-1.jpg","contentUrl":"https:\/\/www.biocabaz.pt\/web\/wp-conteudos\/uploads\/2017\/12\/nau-do-cacau-jamaica-1.jpg","width":800,"height":800,"caption":"NAU DE CACAU SAO TOME C\/PIMENTA DA JAMAICA 66% CACAU"},{"@type":"BreadcrumbList","@id":"https:\/\/biocabaz.pt\/web\/produto\/nau-de-cacau-sao-tome-cpimenta-da-jamaica-66-cacau\/#breadcrumb","itemListElement":[{"@type":"ListItem","position":1,"name":"Home","item":"https:\/\/biocabaz.pt\/web\/"},{"@type":"ListItem","position":2,"name":"Loja","item":"https:\/\/biocabaz.pt\/web\/shop\/"},{"@type":"ListItem","position":3,"name":"CHOCOLATE NAU CACAU S\u00c3O TOM\u00c9 C\/PIMENTA DA JAMAICA 66%"}]},{"@type":"WebSite","@id":"https:\/\/biocabaz.pt\/web\/#website","url":"https:\/\/biocabaz.pt\/web\/","name":"BIOCABAZ - CABAZES BIOL\u00d3GICOS","description":"O melhor que a terra d\u00e1 \u00e9 para si","potentialAction":[{"@type":"SearchAction","target":{"@type":"EntryPoint","urlTemplate":"https:\/\/biocabaz.pt\/web\/?s={search_term_string}"},"query-input":{"@type":"PropertyValueSpecification","valueRequired":true,"valueName":"search_term_string"}}],"inLanguage":"pt-PT"}]}},"_links":{"self":[{"href":"https:\/\/biocabaz.pt\/web\/wp-json\/wp\/v2\/product\/5195","targetHints":{"allow":["GET"]}}],"collection":[{"href":"https:\/\/biocabaz.pt\/web\/wp-json\/wp\/v2\/product"}],"about":[{"href":"https:\/\/biocabaz.pt\/web\/wp-json\/wp\/v2\/types\/product"}],"replies":[{"embeddable":true,"href":"https:\/\/biocabaz.pt\/web\/wp-json\/wp\/v2\/comments?post=5195"}],"wp:featuredmedia":[{"embeddable":true,"href":"https:\/\/biocabaz.pt\/web\/wp-json\/wp\/v2\/media\/5198"}],"wp:attachment":[{"href":"https:\/\/biocabaz.pt\/web\/wp-json\/wp\/v2\/media?parent=5195"}],"wp:term":[{"taxonomy":"product_cat","embeddable":true,"href":"https:\/\/biocabaz.pt\/web\/wp-json\/wp\/v2\/product_cat?post=5195"},{"taxonomy":"product_tag","embeddable":true,"href":"https:\/\/biocabaz.pt\/web\/wp-json\/wp\/v2\/product_tag?post=5195"}],"curies":[{"name":"wp","href":"https:\/\/api.w.org\/{rel}","templated":true}]}}