{"id":5193,"date":"2017-12-01T12:56:49","date_gmt":"2017-12-01T12:56:49","guid":{"rendered":"https:\/\/www.biocabaz.pt\/web\/produto\/nau-de-cacau-republica-dominicana-37-cacau\/"},"modified":"2025-06-11T20:33:37","modified_gmt":"2025-06-11T20:33:37","slug":"nau-de-cacau-republica-dominicana-37-cacau","status":"publish","type":"product","link":"https:\/\/biocabaz.pt\/web\/produto\/nau-de-cacau-republica-dominicana-37-cacau\/","title":{"rendered":"NAU DE CACAU MALAGUETAS PICANTES EQUADOR  81%"},"content":{"rendered":"<p><strong>Ingredientes<\/strong><\/p>\n<ul>\n<li>Pasta de cacau Equador;<\/li>\n<li>A\u00e7\u00facar de cana;<\/li>\n<li>Malaguetas (Capsicum frutescens L.)<\/li>\n<\/ul>\n<p>(Produtos provenientes de agricultura ou produ\u00e7\u00e3o biol\u00f3gica)<\/p>\n<p>.<\/p>\n<p><strong>Dados Nutricionais<\/strong><\/p>\n<ul>\n<li>Valor Energ\u00e9tico por 100g: 2422 kj \/ 579 kcal<\/li>\n<li>L\u00edpidos: 41g (25g dos quais saturados)<\/li>\n<li>Hidratos de Carbono: 40g (dos quais 34g s\u00e3o a\u00e7\u00facares)<\/li>\n<li>Fibras: 10g<\/li>\n<li>Prote\u00ednas: 7,5g<\/li>\n<li>Sal: 0,02 g<\/li>\n<\/ul>\n<p><strong>Modo Utiliza\u00e7\u00e3o<\/strong><br \/>\nConservar em local seco e fresco.<\/p>\n","protected":false},"excerpt":{"rendered":"<p>Ingredientes Pasta de cacau Equador; A\u00e7\u00facar de cana; Malaguetas (Capsicum frutescens L.) (Produtos provenientes de agricultura ou produ\u00e7\u00e3o biol\u00f3gica) . Dados Nutricionais Valor Energ\u00e9tico por 100g: 2422 kj \/ 579 kcal L\u00edpidos: 41g (25g dos quais saturados) Hidratos de Carbono: 40g (dos quais 34g s\u00e3o a\u00e7\u00facares) Fibras: 10g Prote\u00ednas: 7,5g Sal: 0,02 g Modo Utiliza\u00e7\u00e3o [&hellip;]<\/p>\n","protected":false},"featured_media":122876,"comment_status":"closed","ping_status":"closed","template":"","meta":[],"product_cat":[31],"product_tag":[],"class_list":["post-5193","product","type-product","status-publish","has-post-thumbnail","hentry","product_cat-chocolates"],"bundle_layout":"","bundled_by":[],"bundled_items":[],"yoast_head":"<!-- This site is optimized with the Yoast SEO plugin v26.3 - https:\/\/yoast.com\/wordpress\/plugins\/seo\/ -->\n<title>NAU DE CACAU MALAGUETAS PICANTES EQUADOR 81%<\/title>\n<meta name=\"description\" content=\"NAU DE CACAU REPUBLICA DOMINICANA 37%\" \/>\n<meta name=\"robots\" content=\"index, follow, max-snippet:-1, max-image-preview:large, max-video-preview:-1\" \/>\n<link rel=\"canonical\" href=\"https:\/\/biocabaz.pt\/web\/produto\/nau-de-cacau-republica-dominicana-37-cacau\/\" \/>\n<meta property=\"og:locale\" content=\"pt_PT\" \/>\n<meta property=\"og:locale:alternate\" content=\"en_US\" \/>\n<meta property=\"og:type\" content=\"article\" \/>\n<meta property=\"og:title\" content=\"NAU DE CACAU MALAGUETAS PICANTES EQUADOR 81%\" \/>\n<meta property=\"og:description\" content=\"NAU DE CACAU REPUBLICA DOMINICANA 37%\" \/>\n<meta property=\"og:url\" content=\"https:\/\/biocabaz.pt\/web\/produto\/nau-de-cacau-republica-dominicana-37-cacau\/\" \/>\n<meta property=\"og:site_name\" content=\"BIOCABAZ - CABAZES BIOL\u00d3GICOS\" \/>\n<meta property=\"article:modified_time\" content=\"2025-06-11T20:33:37+00:00\" \/>\n<meta property=\"og:image\" content=\"https:\/\/www.biocabaz.pt\/web\/wp-conteudos\/uploads\/2017\/12\/nau-de-cacau-malaguetas-picantes-equador-81.webp\" \/>\n\t<meta property=\"og:image:width\" content=\"1200\" \/>\n\t<meta property=\"og:image:height\" content=\"1500\" \/>\n\t<meta property=\"og:image:type\" content=\"image\/webp\" \/>\n<meta name=\"twitter:card\" content=\"summary_large_image\" \/>\n<meta name=\"twitter:label1\" content=\"Est. reading time\" \/>\n\t<meta name=\"twitter:data1\" content=\"1 minuto\" \/>\n<script type=\"application\/ld+json\" class=\"yoast-schema-graph\">{\"@context\":\"https:\/\/schema.org\",\"@graph\":[{\"@type\":\"WebPage\",\"@id\":\"https:\/\/biocabaz.pt\/web\/produto\/nau-de-cacau-republica-dominicana-37-cacau\/\",\"url\":\"https:\/\/biocabaz.pt\/web\/produto\/nau-de-cacau-republica-dominicana-37-cacau\/\",\"name\":\"NAU DE CACAU MALAGUETAS PICANTES EQUADOR 81%\",\"isPartOf\":{\"@id\":\"https:\/\/biocabaz.pt\/web\/en\/#website\"},\"primaryImageOfPage\":{\"@id\":\"https:\/\/biocabaz.pt\/web\/produto\/nau-de-cacau-republica-dominicana-37-cacau\/#primaryimage\"},\"image\":{\"@id\":\"https:\/\/biocabaz.pt\/web\/produto\/nau-de-cacau-republica-dominicana-37-cacau\/#primaryimage\"},\"thumbnailUrl\":\"https:\/\/www.biocabaz.pt\/web\/wp-conteudos\/uploads\/2017\/12\/nau-de-cacau-malaguetas-picantes-equador-81.webp\",\"datePublished\":\"2017-12-01T12:56:49+00:00\",\"dateModified\":\"2025-06-11T20:33:37+00:00\",\"description\":\"NAU DE CACAU REPUBLICA DOMINICANA 37%\",\"breadcrumb\":{\"@id\":\"https:\/\/biocabaz.pt\/web\/produto\/nau-de-cacau-republica-dominicana-37-cacau\/#breadcrumb\"},\"inLanguage\":\"pt-PT\",\"potentialAction\":[{\"@type\":\"ReadAction\",\"target\":[\"https:\/\/biocabaz.pt\/web\/produto\/nau-de-cacau-republica-dominicana-37-cacau\/\"]}]},{\"@type\":\"ImageObject\",\"inLanguage\":\"pt-PT\",\"@id\":\"https:\/\/biocabaz.pt\/web\/produto\/nau-de-cacau-republica-dominicana-37-cacau\/#primaryimage\",\"url\":\"https:\/\/www.biocabaz.pt\/web\/wp-conteudos\/uploads\/2017\/12\/nau-de-cacau-malaguetas-picantes-equador-81.webp\",\"contentUrl\":\"https:\/\/www.biocabaz.pt\/web\/wp-conteudos\/uploads\/2017\/12\/nau-de-cacau-malaguetas-picantes-equador-81.webp\",\"width\":1200,\"height\":1500,\"caption\":\"NAU DE CACAU MALAGUETAS PICANTES EQUADOR 81%\"},{\"@type\":\"BreadcrumbList\",\"@id\":\"https:\/\/biocabaz.pt\/web\/produto\/nau-de-cacau-republica-dominicana-37-cacau\/#breadcrumb\",\"itemListElement\":[{\"@type\":\"ListItem\",\"position\":1,\"name\":\"Home\",\"item\":\"https:\/\/biocabaz.pt\/web\/en\/\"},{\"@type\":\"ListItem\",\"position\":2,\"name\":\"Shop\",\"item\":\"https:\/\/biocabaz.pt\/web\/en\/shop\/\"},{\"@type\":\"ListItem\",\"position\":3,\"name\":\"NAU DE CACAU MALAGUETAS PICANTES EQUADOR 81%\"}]},{\"@type\":\"WebSite\",\"@id\":\"https:\/\/biocabaz.pt\/web\/en\/#website\",\"url\":\"https:\/\/biocabaz.pt\/web\/en\/\",\"name\":\"BIOCABAZ - CABAZES BIOL\u00d3GICOS\",\"description\":\"O melhor que a terra d\u00e1 \u00e9 para si\",\"potentialAction\":[{\"@type\":\"SearchAction\",\"target\":{\"@type\":\"EntryPoint\",\"urlTemplate\":\"https:\/\/biocabaz.pt\/web\/en\/?s={search_term_string}\"},\"query-input\":{\"@type\":\"PropertyValueSpecification\",\"valueRequired\":true,\"valueName\":\"search_term_string\"}}],\"inLanguage\":\"pt-PT\"}]}<\/script>\n<!-- \/ Yoast SEO plugin. -->","yoast_head_json":{"title":"NAU DE CACAU MALAGUETAS PICANTES EQUADOR 81%","description":"NAU DE CACAU REPUBLICA DOMINICANA 37%","robots":{"index":"index","follow":"follow","max-snippet":"max-snippet:-1","max-image-preview":"max-image-preview:large","max-video-preview":"max-video-preview:-1"},"canonical":"https:\/\/biocabaz.pt\/web\/produto\/nau-de-cacau-republica-dominicana-37-cacau\/","og_locale":"pt_PT","og_type":"article","og_title":"[:en]NAU CACAU DOMINICAN REPUBLIC CHOCOLATE (37% COCOA)[:pt]NAU DE CACAU MALAGUETAS PICANTES EQUADOR 81%[:] - BIOCABAZ - CABAZES BIOL\u00d3GICOS","og_description":"NAU DE CACAU REPUBLICA DOMINICANA 37%","og_url":"https:\/\/biocabaz.pt\/web\/produto\/nau-de-cacau-republica-dominicana-37-cacau\/","og_site_name":"BIOCABAZ - CABAZES BIOL\u00d3GICOS","article_modified_time":"2025-06-11T20:33:37+00:00","og_image":[{"width":1200,"height":1500,"url":"https:\/\/www.biocabaz.pt\/web\/wp-conteudos\/uploads\/2017\/12\/nau-de-cacau-malaguetas-picantes-equador-81.webp","type":"image\/webp"}],"twitter_card":"summary_large_image","twitter_misc":{"Est. reading time":"1 minuto"},"schema":{"@context":"https:\/\/schema.org","@graph":[{"@type":"WebPage","@id":"https:\/\/biocabaz.pt\/web\/produto\/nau-de-cacau-republica-dominicana-37-cacau\/","url":"https:\/\/biocabaz.pt\/web\/produto\/nau-de-cacau-republica-dominicana-37-cacau\/","name":"NAU DE CACAU MALAGUETAS PICANTES EQUADOR 81%","isPartOf":{"@id":"https:\/\/biocabaz.pt\/web\/en\/#website"},"primaryImageOfPage":{"@id":"https:\/\/biocabaz.pt\/web\/produto\/nau-de-cacau-republica-dominicana-37-cacau\/#primaryimage"},"image":{"@id":"https:\/\/biocabaz.pt\/web\/produto\/nau-de-cacau-republica-dominicana-37-cacau\/#primaryimage"},"thumbnailUrl":"https:\/\/www.biocabaz.pt\/web\/wp-conteudos\/uploads\/2017\/12\/nau-de-cacau-malaguetas-picantes-equador-81.webp","datePublished":"2017-12-01T12:56:49+00:00","dateModified":"2025-06-11T20:33:37+00:00","description":"NAU DE CACAU REPUBLICA DOMINICANA 37%","breadcrumb":{"@id":"https:\/\/biocabaz.pt\/web\/produto\/nau-de-cacau-republica-dominicana-37-cacau\/#breadcrumb"},"inLanguage":"pt-PT","potentialAction":[{"@type":"ReadAction","target":["https:\/\/biocabaz.pt\/web\/produto\/nau-de-cacau-republica-dominicana-37-cacau\/"]}]},{"@type":"ImageObject","inLanguage":"pt-PT","@id":"https:\/\/biocabaz.pt\/web\/produto\/nau-de-cacau-republica-dominicana-37-cacau\/#primaryimage","url":"https:\/\/www.biocabaz.pt\/web\/wp-conteudos\/uploads\/2017\/12\/nau-de-cacau-malaguetas-picantes-equador-81.webp","contentUrl":"https:\/\/www.biocabaz.pt\/web\/wp-conteudos\/uploads\/2017\/12\/nau-de-cacau-malaguetas-picantes-equador-81.webp","width":1200,"height":1500,"caption":"NAU DE CACAU MALAGUETAS PICANTES EQUADOR 81%"},{"@type":"BreadcrumbList","@id":"https:\/\/biocabaz.pt\/web\/produto\/nau-de-cacau-republica-dominicana-37-cacau\/#breadcrumb","itemListElement":[{"@type":"ListItem","position":1,"name":"Home","item":"https:\/\/biocabaz.pt\/web\/en\/"},{"@type":"ListItem","position":2,"name":"Shop","item":"https:\/\/biocabaz.pt\/web\/en\/shop\/"},{"@type":"ListItem","position":3,"name":"NAU DE CACAU MALAGUETAS PICANTES EQUADOR 81%"}]},{"@type":"WebSite","@id":"https:\/\/biocabaz.pt\/web\/en\/#website","url":"https:\/\/biocabaz.pt\/web\/en\/","name":"BIOCABAZ - CABAZES BIOL\u00d3GICOS","description":"O melhor que a terra d\u00e1 \u00e9 para si","potentialAction":[{"@type":"SearchAction","target":{"@type":"EntryPoint","urlTemplate":"https:\/\/biocabaz.pt\/web\/en\/?s={search_term_string}"},"query-input":{"@type":"PropertyValueSpecification","valueRequired":true,"valueName":"search_term_string"}}],"inLanguage":"pt-PT"}]}},"_links":{"self":[{"href":"https:\/\/biocabaz.pt\/web\/wp-json\/wp\/v2\/product\/5193","targetHints":{"allow":["GET"]}}],"collection":[{"href":"https:\/\/biocabaz.pt\/web\/wp-json\/wp\/v2\/product"}],"about":[{"href":"https:\/\/biocabaz.pt\/web\/wp-json\/wp\/v2\/types\/product"}],"replies":[{"embeddable":true,"href":"https:\/\/biocabaz.pt\/web\/wp-json\/wp\/v2\/comments?post=5193"}],"wp:featuredmedia":[{"embeddable":true,"href":"https:\/\/biocabaz.pt\/web\/wp-json\/wp\/v2\/media\/122876"}],"wp:attachment":[{"href":"https:\/\/biocabaz.pt\/web\/wp-json\/wp\/v2\/media?parent=5193"}],"wp:term":[{"taxonomy":"product_cat","embeddable":true,"href":"https:\/\/biocabaz.pt\/web\/wp-json\/wp\/v2\/product_cat?post=5193"},{"taxonomy":"product_tag","embeddable":true,"href":"https:\/\/biocabaz.pt\/web\/wp-json\/wp\/v2\/product_tag?post=5193"}],"curies":[{"name":"wp","href":"https:\/\/api.w.org\/{rel}","templated":true}]}}