{"id":4896,"date":"2017-10-22T11:53:58","date_gmt":"2017-10-22T11:53:58","guid":{"rendered":"https:\/\/www.biocabaz.pt\/web\/produto\/filete-atum-santa-catarina-bio-frasco\/"},"modified":"2025-06-12T09:26:09","modified_gmt":"2025-06-12T09:26:09","slug":"filete-atum-em-azeite-santa-catarina-bio-frasco","status":"publish","type":"product","link":"https:\/\/biocabaz.pt\/web\/produto\/filete-atum-em-azeite-santa-catarina-bio-frasco\/","title":{"rendered":"FILETE ATUM EM AZEITE SANTA CATARINA BIO FRASCO"},"content":{"rendered":"<p><strong>Descri\u00e7\u00e3o <\/strong><br \/>\n\t\t\t\tIngredientes: Atum em filete (Bonito Katsuwonus pelamis, Patudo Thunnus obesus ou Albacora Thunnus albacares), azeite virgem de oliveira e sal. <\/p>\n<p><strong>Dados Nutricionais<\/strong><br \/>\n\t\t\t\tDeclara\u00e7\u00e3o Nutricional por 100g:<br \/> Energia: 743kJ \/ 177kcal;<br \/> L\u00edpidos: 13g &#8211; dos quais \u00e1cidos gordos saturados: 1g;<br \/> Prote\u00ednas: 31g;<br \/> Sal: 1,5g <\/p>\n<p><strong>Modo Utiliza\u00e7\u00e3o<\/strong><br \/>Conservar em local seco e fresco.<\/p>\n","protected":false},"excerpt":{"rendered":"<p>Descri\u00e7\u00e3o Ingredientes: Atum em filete (Bonito Katsuwonus pelamis, Patudo Thunnus obesus ou Albacora Thunnus albacares), azeite virgem de oliveira e sal. Dados Nutricionais Declara\u00e7\u00e3o Nutricional por 100g: Energia: 743kJ \/ 177kcal; L\u00edpidos: 13g &#8211; dos quais \u00e1cidos gordos saturados: 1g; Prote\u00ednas: 31g; Sal: 1,5g Modo Utiliza\u00e7\u00e3oConservar em local seco e fresco.<\/p>\n","protected":false},"featured_media":11399,"comment_status":"closed","ping_status":"closed","template":"","meta":[],"product_cat":[24],"product_tag":[],"class_list":["post-4896","product","type-product","status-publish","has-post-thumbnail","hentry","product_cat-conservas"],"bundle_layout":"","bundled_by":[],"bundled_items":[],"yoast_head":"<!-- This site is optimized with the Yoast SEO plugin v26.3 - https:\/\/yoast.com\/wordpress\/plugins\/seo\/ -->\n<title>FILETE ATUM EM AZEITE SANTA CATARINA BIO FRASCO<\/title>\n<meta name=\"description\" content=\"FILETE ATUM EM AZEITE SANTA CATARINA BIO FRASCO\" \/>\n<meta name=\"robots\" content=\"index, follow, max-snippet:-1, max-image-preview:large, max-video-preview:-1\" \/>\n<link rel=\"canonical\" href=\"https:\/\/biocabaz.pt\/web\/produto\/filete-atum-em-azeite-santa-catarina-bio-frasco\/\" \/>\n<meta property=\"og:locale\" content=\"pt_PT\" \/>\n<meta property=\"og:locale:alternate\" content=\"en_US\" \/>\n<meta property=\"og:type\" content=\"article\" \/>\n<meta property=\"og:title\" content=\"FILETE ATUM EM AZEITE SANTA CATARINA BIO FRASCO\" \/>\n<meta property=\"og:description\" content=\"FILETE ATUM EM AZEITE SANTA CATARINA BIO FRASCO\" \/>\n<meta property=\"og:url\" content=\"https:\/\/biocabaz.pt\/web\/produto\/filete-atum-em-azeite-santa-catarina-bio-frasco\/\" \/>\n<meta property=\"og:site_name\" content=\"BIOCABAZ - CABAZES BIOL\u00d3GICOS\" \/>\n<meta property=\"article:modified_time\" content=\"2025-06-12T09:26:09+00:00\" \/>\n<meta property=\"og:image\" content=\"https:\/\/www.biocabaz.pt\/web\/wp-conteudos\/uploads\/2017\/10\/FILETE-ATUM-EM-AZEITE-SANTA-CATARINA-BIO-FRASCO.jpg\" \/>\n\t<meta property=\"og:image:width\" content=\"600\" \/>\n\t<meta property=\"og:image:height\" content=\"600\" \/>\n\t<meta property=\"og:image:type\" content=\"image\/jpeg\" \/>\n<meta name=\"twitter:card\" content=\"summary_large_image\" \/>\n<meta name=\"twitter:label1\" content=\"Est. reading time\" \/>\n\t<meta name=\"twitter:data1\" content=\"1 minuto\" \/>\n<script type=\"application\/ld+json\" class=\"yoast-schema-graph\">{\"@context\":\"https:\/\/schema.org\",\"@graph\":[{\"@type\":\"WebPage\",\"@id\":\"https:\/\/biocabaz.pt\/web\/en\/produto\/filete-atum-em-azeite-santa-catarina-bio-frasco\/\",\"url\":\"https:\/\/biocabaz.pt\/web\/en\/produto\/filete-atum-em-azeite-santa-catarina-bio-frasco\/\",\"name\":\"FILETE ATUM EM AZEITE SANTA CATARINA BIO FRASCO\",\"isPartOf\":{\"@id\":\"https:\/\/www.biocabaz.pt\/web\/#website\"},\"primaryImageOfPage\":{\"@id\":\"https:\/\/biocabaz.pt\/web\/en\/produto\/filete-atum-em-azeite-santa-catarina-bio-frasco\/#primaryimage\"},\"image\":{\"@id\":\"https:\/\/biocabaz.pt\/web\/en\/produto\/filete-atum-em-azeite-santa-catarina-bio-frasco\/#primaryimage\"},\"thumbnailUrl\":\"https:\/\/www.biocabaz.pt\/web\/wp-conteudos\/uploads\/2017\/10\/FILETE-ATUM-EM-AZEITE-SANTA-CATARINA-BIO-FRASCO.jpg\",\"datePublished\":\"2017-10-22T11:53:58+00:00\",\"dateModified\":\"2025-06-12T09:26:09+00:00\",\"description\":\"FILETE ATUM EM AZEITE SANTA CATARINA BIO FRASCO\",\"breadcrumb\":{\"@id\":\"https:\/\/biocabaz.pt\/web\/en\/produto\/filete-atum-em-azeite-santa-catarina-bio-frasco\/#breadcrumb\"},\"inLanguage\":\"pt-PT\",\"potentialAction\":[{\"@type\":\"ReadAction\",\"target\":[\"https:\/\/biocabaz.pt\/web\/en\/produto\/filete-atum-em-azeite-santa-catarina-bio-frasco\/\"]}]},{\"@type\":\"ImageObject\",\"inLanguage\":\"pt-PT\",\"@id\":\"https:\/\/biocabaz.pt\/web\/en\/produto\/filete-atum-em-azeite-santa-catarina-bio-frasco\/#primaryimage\",\"url\":\"https:\/\/www.biocabaz.pt\/web\/wp-conteudos\/uploads\/2017\/10\/FILETE-ATUM-EM-AZEITE-SANTA-CATARINA-BIO-FRASCO.jpg\",\"contentUrl\":\"https:\/\/www.biocabaz.pt\/web\/wp-conteudos\/uploads\/2017\/10\/FILETE-ATUM-EM-AZEITE-SANTA-CATARINA-BIO-FRASCO.jpg\",\"width\":600,\"height\":600,\"caption\":\"FILETE ATUM EM AZEITE SANTA CATARINA BIO FRASCO\"},{\"@type\":\"BreadcrumbList\",\"@id\":\"https:\/\/biocabaz.pt\/web\/en\/produto\/filete-atum-em-azeite-santa-catarina-bio-frasco\/#breadcrumb\",\"itemListElement\":[{\"@type\":\"ListItem\",\"position\":1,\"name\":\"Home\",\"item\":\"https:\/\/www.biocabaz.pt\/web\/\"},{\"@type\":\"ListItem\",\"position\":2,\"name\":\"Loja\",\"item\":\"https:\/\/www.biocabaz.pt\/web\/shop\/\"},{\"@type\":\"ListItem\",\"position\":3,\"name\":\"SANTA CATARINA TUNA FILLET IN ORGANIC OLIVE OIL &#8211; BOTTLE\"}]},{\"@type\":\"WebSite\",\"@id\":\"https:\/\/www.biocabaz.pt\/web\/#website\",\"url\":\"https:\/\/www.biocabaz.pt\/web\/\",\"name\":\"BIOCABAZ - CABAZES BIOL\u00d3GICOS\",\"description\":\"O melhor que a terra d\u00e1 \u00e9 para si\",\"potentialAction\":[{\"@type\":\"SearchAction\",\"target\":{\"@type\":\"EntryPoint\",\"urlTemplate\":\"https:\/\/www.biocabaz.pt\/web\/?s={search_term_string}\"},\"query-input\":{\"@type\":\"PropertyValueSpecification\",\"valueRequired\":true,\"valueName\":\"search_term_string\"}}],\"inLanguage\":\"pt-PT\"}]}<\/script>\n<!-- \/ Yoast SEO plugin. -->","yoast_head_json":{"title":"FILETE ATUM EM AZEITE SANTA CATARINA BIO FRASCO","description":"FILETE ATUM EM AZEITE SANTA CATARINA BIO FRASCO","robots":{"index":"index","follow":"follow","max-snippet":"max-snippet:-1","max-image-preview":"max-image-preview:large","max-video-preview":"max-video-preview:-1"},"canonical":"https:\/\/biocabaz.pt\/web\/produto\/filete-atum-em-azeite-santa-catarina-bio-frasco\/","og_locale":"pt_PT","og_type":"article","og_title":"[:en]SANTA CATARINA TUNA FILLET IN ORGANIC OLIVE OIL - BOTTLE[:pt]FILETE ATUM EM AZEITE SANTA CATARINA BIO FRASCO[:] - BIOCABAZ - CABAZES BIOL\u00d3GICOS","og_description":"FILETE ATUM EM AZEITE SANTA CATARINA BIO FRASCO","og_url":"https:\/\/biocabaz.pt\/web\/produto\/filete-atum-em-azeite-santa-catarina-bio-frasco\/","og_site_name":"BIOCABAZ - CABAZES BIOL\u00d3GICOS","article_modified_time":"2025-06-12T09:26:09+00:00","og_image":[{"width":600,"height":600,"url":"https:\/\/www.biocabaz.pt\/web\/wp-conteudos\/uploads\/2017\/10\/FILETE-ATUM-EM-AZEITE-SANTA-CATARINA-BIO-FRASCO.jpg","type":"image\/jpeg"}],"twitter_card":"summary_large_image","twitter_misc":{"Est. reading time":"1 minuto"},"schema":{"@context":"https:\/\/schema.org","@graph":[{"@type":"WebPage","@id":"https:\/\/biocabaz.pt\/web\/en\/produto\/filete-atum-em-azeite-santa-catarina-bio-frasco\/","url":"https:\/\/biocabaz.pt\/web\/en\/produto\/filete-atum-em-azeite-santa-catarina-bio-frasco\/","name":"FILETE ATUM EM AZEITE SANTA CATARINA BIO FRASCO","isPartOf":{"@id":"https:\/\/www.biocabaz.pt\/web\/#website"},"primaryImageOfPage":{"@id":"https:\/\/biocabaz.pt\/web\/en\/produto\/filete-atum-em-azeite-santa-catarina-bio-frasco\/#primaryimage"},"image":{"@id":"https:\/\/biocabaz.pt\/web\/en\/produto\/filete-atum-em-azeite-santa-catarina-bio-frasco\/#primaryimage"},"thumbnailUrl":"https:\/\/www.biocabaz.pt\/web\/wp-conteudos\/uploads\/2017\/10\/FILETE-ATUM-EM-AZEITE-SANTA-CATARINA-BIO-FRASCO.jpg","datePublished":"2017-10-22T11:53:58+00:00","dateModified":"2025-06-12T09:26:09+00:00","description":"FILETE ATUM EM AZEITE SANTA CATARINA BIO FRASCO","breadcrumb":{"@id":"https:\/\/biocabaz.pt\/web\/en\/produto\/filete-atum-em-azeite-santa-catarina-bio-frasco\/#breadcrumb"},"inLanguage":"pt-PT","potentialAction":[{"@type":"ReadAction","target":["https:\/\/biocabaz.pt\/web\/en\/produto\/filete-atum-em-azeite-santa-catarina-bio-frasco\/"]}]},{"@type":"ImageObject","inLanguage":"pt-PT","@id":"https:\/\/biocabaz.pt\/web\/en\/produto\/filete-atum-em-azeite-santa-catarina-bio-frasco\/#primaryimage","url":"https:\/\/www.biocabaz.pt\/web\/wp-conteudos\/uploads\/2017\/10\/FILETE-ATUM-EM-AZEITE-SANTA-CATARINA-BIO-FRASCO.jpg","contentUrl":"https:\/\/www.biocabaz.pt\/web\/wp-conteudos\/uploads\/2017\/10\/FILETE-ATUM-EM-AZEITE-SANTA-CATARINA-BIO-FRASCO.jpg","width":600,"height":600,"caption":"FILETE ATUM EM AZEITE SANTA CATARINA BIO FRASCO"},{"@type":"BreadcrumbList","@id":"https:\/\/biocabaz.pt\/web\/en\/produto\/filete-atum-em-azeite-santa-catarina-bio-frasco\/#breadcrumb","itemListElement":[{"@type":"ListItem","position":1,"name":"Home","item":"https:\/\/www.biocabaz.pt\/web\/"},{"@type":"ListItem","position":2,"name":"Loja","item":"https:\/\/www.biocabaz.pt\/web\/shop\/"},{"@type":"ListItem","position":3,"name":"SANTA CATARINA TUNA FILLET IN ORGANIC OLIVE OIL &#8211; BOTTLE"}]},{"@type":"WebSite","@id":"https:\/\/www.biocabaz.pt\/web\/#website","url":"https:\/\/www.biocabaz.pt\/web\/","name":"BIOCABAZ - CABAZES BIOL\u00d3GICOS","description":"O melhor que a terra d\u00e1 \u00e9 para si","potentialAction":[{"@type":"SearchAction","target":{"@type":"EntryPoint","urlTemplate":"https:\/\/www.biocabaz.pt\/web\/?s={search_term_string}"},"query-input":{"@type":"PropertyValueSpecification","valueRequired":true,"valueName":"search_term_string"}}],"inLanguage":"pt-PT"}]}},"_links":{"self":[{"href":"https:\/\/biocabaz.pt\/web\/wp-json\/wp\/v2\/product\/4896","targetHints":{"allow":["GET"]}}],"collection":[{"href":"https:\/\/biocabaz.pt\/web\/wp-json\/wp\/v2\/product"}],"about":[{"href":"https:\/\/biocabaz.pt\/web\/wp-json\/wp\/v2\/types\/product"}],"replies":[{"embeddable":true,"href":"https:\/\/biocabaz.pt\/web\/wp-json\/wp\/v2\/comments?post=4896"}],"wp:featuredmedia":[{"embeddable":true,"href":"https:\/\/biocabaz.pt\/web\/wp-json\/wp\/v2\/media\/11399"}],"wp:attachment":[{"href":"https:\/\/biocabaz.pt\/web\/wp-json\/wp\/v2\/media?parent=4896"}],"wp:term":[{"taxonomy":"product_cat","embeddable":true,"href":"https:\/\/biocabaz.pt\/web\/wp-json\/wp\/v2\/product_cat?post=4896"},{"taxonomy":"product_tag","embeddable":true,"href":"https:\/\/biocabaz.pt\/web\/wp-json\/wp\/v2\/product_tag?post=4896"}],"curies":[{"name":"wp","href":"https:\/\/api.w.org\/{rel}","templated":true}]}}