{"id":47148,"date":"2020-06-20T04:34:03","date_gmt":"2020-06-20T04:34:03","guid":{"rendered":"https:\/\/www.biocabaz.pt\/web\/?post_type=product&#038;p=47148"},"modified":"2023-04-19T18:58:31","modified_gmt":"2023-04-19T18:58:31","slug":"alheira-de-cog-shitake-c-frango-do-campo-e-peru-bio-nacional","status":"publish","type":"product","link":"https:\/\/biocabaz.pt\/web\/produto\/alheira-de-cog-shitake-c-frango-do-campo-e-peru-bio-nacional\/","title":{"rendered":"ALHEIRA DE COGUMELO SHITAKE C\/ FRANGO DO CAMPO E PERU BIO NACIONAL"},"content":{"rendered":"<p>Origem Guarda<\/p>\n","protected":false},"excerpt":{"rendered":"<p>Ingredientes: <br \/><b>Dados Nutricionais:<\/b> Declara\u00e7\u00e3o Nutricional por 100g: Energia: KJ\/Kcal; L\u00edpidos: g; dos quais saturados: g; Hidratos de carbono: g; dos quais a\u00e7\u00facares: g; Prote\u00ednas: g; Sal: g.<\/p>\n","protected":false},"featured_media":47149,"comment_status":"closed","ping_status":"closed","template":"","meta":[],"product_cat":[77],"product_tag":[],"class_list":["post-47148","product","type-product","status-publish","has-post-thumbnail","hentry","product_cat-charcutaria"],"bundle_layout":"","bundled_by":[],"bundled_items":[],"yoast_head":"<!-- This site is optimized with the Yoast SEO plugin v26.3 - https:\/\/yoast.com\/wordpress\/plugins\/seo\/ -->\n<title>ALHEIRA DE COGUMELO SHITAKE C\/ FRANGO DO CAMPO E PERU BIO NACIONAL<\/title>\n<meta name=\"description\" content=\"ALHEIRA DE COG SHITAKE FRANGO DO CAMPO PERU BIO\" \/>\n<meta name=\"robots\" content=\"index, follow, max-snippet:-1, max-image-preview:large, max-video-preview:-1\" \/>\n<link rel=\"canonical\" href=\"https:\/\/biocabaz.pt\/web\/produto\/alheira-de-cog-shitake-c-frango-do-campo-e-peru-bio-nacional\/\" \/>\n<meta property=\"og:locale\" content=\"pt_PT\" \/>\n<meta property=\"og:locale:alternate\" content=\"en_US\" \/>\n<meta property=\"og:type\" content=\"article\" \/>\n<meta property=\"og:title\" content=\"ALHEIRA DE COGUMELO SHITAKE C\/ FRANGO DO CAMPO E PERU BIO NACIONAL\" \/>\n<meta property=\"og:description\" content=\"ALHEIRA DE COG SHITAKE FRANGO DO CAMPO PERU BIO\" \/>\n<meta property=\"og:url\" content=\"https:\/\/biocabaz.pt\/web\/produto\/alheira-de-cog-shitake-c-frango-do-campo-e-peru-bio-nacional\/\" \/>\n<meta property=\"og:site_name\" content=\"BIOCABAZ - CABAZES BIOL\u00d3GICOS\" \/>\n<meta property=\"article:modified_time\" content=\"2023-04-19T18:58:31+00:00\" \/>\n<meta property=\"og:image\" content=\"https:\/\/www.biocabaz.pt\/web\/wp-conteudos\/uploads\/2020\/06\/alheira-de-cog-shitake-frango-do-campo-peru-bio--e1592627608918.jpeg\" \/>\n\t<meta property=\"og:image:width\" content=\"600\" \/>\n\t<meta property=\"og:image:height\" content=\"1165\" \/>\n\t<meta property=\"og:image:type\" content=\"image\/jpeg\" \/>\n<meta name=\"twitter:card\" content=\"summary_large_image\" \/>\n<script type=\"application\/ld+json\" class=\"yoast-schema-graph\">{\"@context\":\"https:\/\/schema.org\",\"@graph\":[{\"@type\":\"WebPage\",\"@id\":\"https:\/\/biocabaz.pt\/web\/en\/produto\/alheira-de-cog-shitake-c-frango-do-campo-e-peru-bio-nacional\/\",\"url\":\"https:\/\/biocabaz.pt\/web\/en\/produto\/alheira-de-cog-shitake-c-frango-do-campo-e-peru-bio-nacional\/\",\"name\":\"ALHEIRA DE COGUMELO SHITAKE C\/ FRANGO DO CAMPO E PERU BIO NACIONAL\",\"isPartOf\":{\"@id\":\"https:\/\/biocabaz.pt\/web\/#website\"},\"primaryImageOfPage\":{\"@id\":\"https:\/\/biocabaz.pt\/web\/en\/produto\/alheira-de-cog-shitake-c-frango-do-campo-e-peru-bio-nacional\/#primaryimage\"},\"image\":{\"@id\":\"https:\/\/biocabaz.pt\/web\/en\/produto\/alheira-de-cog-shitake-c-frango-do-campo-e-peru-bio-nacional\/#primaryimage\"},\"thumbnailUrl\":\"https:\/\/www.biocabaz.pt\/web\/wp-conteudos\/uploads\/2020\/06\/alheira-de-cog-shitake-frango-do-campo-peru-bio--e1592627608918.jpeg\",\"datePublished\":\"2020-06-20T04:34:03+00:00\",\"dateModified\":\"2023-04-19T18:58:31+00:00\",\"description\":\"ALHEIRA DE COG SHITAKE FRANGO DO CAMPO PERU BIO\",\"breadcrumb\":{\"@id\":\"https:\/\/biocabaz.pt\/web\/en\/produto\/alheira-de-cog-shitake-c-frango-do-campo-e-peru-bio-nacional\/#breadcrumb\"},\"inLanguage\":\"pt-PT\",\"potentialAction\":[{\"@type\":\"ReadAction\",\"target\":[\"https:\/\/biocabaz.pt\/web\/en\/produto\/alheira-de-cog-shitake-c-frango-do-campo-e-peru-bio-nacional\/\"]}]},{\"@type\":\"ImageObject\",\"inLanguage\":\"pt-PT\",\"@id\":\"https:\/\/biocabaz.pt\/web\/en\/produto\/alheira-de-cog-shitake-c-frango-do-campo-e-peru-bio-nacional\/#primaryimage\",\"url\":\"https:\/\/www.biocabaz.pt\/web\/wp-conteudos\/uploads\/2020\/06\/alheira-de-cog-shitake-frango-do-campo-peru-bio--e1592627608918.jpeg\",\"contentUrl\":\"https:\/\/www.biocabaz.pt\/web\/wp-conteudos\/uploads\/2020\/06\/alheira-de-cog-shitake-frango-do-campo-peru-bio--e1592627608918.jpeg\",\"width\":600,\"height\":1165,\"caption\":\"ALHEIRA DE COG SHITAKE FRANGO DO CAMPO PERU BIO\"},{\"@type\":\"BreadcrumbList\",\"@id\":\"https:\/\/biocabaz.pt\/web\/en\/produto\/alheira-de-cog-shitake-c-frango-do-campo-e-peru-bio-nacional\/#breadcrumb\",\"itemListElement\":[{\"@type\":\"ListItem\",\"position\":1,\"name\":\"Home\",\"item\":\"https:\/\/biocabaz.pt\/web\/\"},{\"@type\":\"ListItem\",\"position\":2,\"name\":\"Loja\",\"item\":\"https:\/\/biocabaz.pt\/web\/shop\/\"},{\"@type\":\"ListItem\",\"position\":3,\"name\":\"PORTUGUESE ORGANIC SHIITAKE MUSHROOM AND POULTRY \u201cALHEIRA\u201d\"}]},{\"@type\":\"WebSite\",\"@id\":\"https:\/\/biocabaz.pt\/web\/#website\",\"url\":\"https:\/\/biocabaz.pt\/web\/\",\"name\":\"BIOCABAZ - CABAZES BIOL\u00d3GICOS\",\"description\":\"O melhor que a terra d\u00e1 \u00e9 para si\",\"potentialAction\":[{\"@type\":\"SearchAction\",\"target\":{\"@type\":\"EntryPoint\",\"urlTemplate\":\"https:\/\/biocabaz.pt\/web\/?s={search_term_string}\"},\"query-input\":{\"@type\":\"PropertyValueSpecification\",\"valueRequired\":true,\"valueName\":\"search_term_string\"}}],\"inLanguage\":\"pt-PT\"}]}<\/script>\n<!-- \/ Yoast SEO plugin. -->","yoast_head_json":{"title":"ALHEIRA DE COGUMELO SHITAKE C\/ FRANGO DO CAMPO E PERU BIO NACIONAL","description":"ALHEIRA DE COG SHITAKE FRANGO DO CAMPO PERU BIO","robots":{"index":"index","follow":"follow","max-snippet":"max-snippet:-1","max-image-preview":"max-image-preview:large","max-video-preview":"max-video-preview:-1"},"canonical":"https:\/\/biocabaz.pt\/web\/produto\/alheira-de-cog-shitake-c-frango-do-campo-e-peru-bio-nacional\/","og_locale":"pt_PT","og_type":"article","og_title":"[:pt]ALHEIRA DE COGUMELO SHITAKE C\/ FRANGO DO CAMPO E PERU BIO NACIONAL[:en]PORTUGUESE ORGANIC SHIITAKE MUSHROOM AND POULTRY \u201cALHEIRA\u201d[:] - BIOCABAZ - CABAZES BIOL\u00d3GICOS","og_description":"ALHEIRA DE COG SHITAKE FRANGO DO CAMPO PERU BIO","og_url":"https:\/\/biocabaz.pt\/web\/produto\/alheira-de-cog-shitake-c-frango-do-campo-e-peru-bio-nacional\/","og_site_name":"BIOCABAZ - CABAZES BIOL\u00d3GICOS","article_modified_time":"2023-04-19T18:58:31+00:00","og_image":[{"width":600,"height":1165,"url":"https:\/\/www.biocabaz.pt\/web\/wp-conteudos\/uploads\/2020\/06\/alheira-de-cog-shitake-frango-do-campo-peru-bio--e1592627608918.jpeg","type":"image\/jpeg"}],"twitter_card":"summary_large_image","schema":{"@context":"https:\/\/schema.org","@graph":[{"@type":"WebPage","@id":"https:\/\/biocabaz.pt\/web\/en\/produto\/alheira-de-cog-shitake-c-frango-do-campo-e-peru-bio-nacional\/","url":"https:\/\/biocabaz.pt\/web\/en\/produto\/alheira-de-cog-shitake-c-frango-do-campo-e-peru-bio-nacional\/","name":"ALHEIRA DE COGUMELO SHITAKE C\/ FRANGO DO CAMPO E PERU BIO NACIONAL","isPartOf":{"@id":"https:\/\/biocabaz.pt\/web\/#website"},"primaryImageOfPage":{"@id":"https:\/\/biocabaz.pt\/web\/en\/produto\/alheira-de-cog-shitake-c-frango-do-campo-e-peru-bio-nacional\/#primaryimage"},"image":{"@id":"https:\/\/biocabaz.pt\/web\/en\/produto\/alheira-de-cog-shitake-c-frango-do-campo-e-peru-bio-nacional\/#primaryimage"},"thumbnailUrl":"https:\/\/www.biocabaz.pt\/web\/wp-conteudos\/uploads\/2020\/06\/alheira-de-cog-shitake-frango-do-campo-peru-bio--e1592627608918.jpeg","datePublished":"2020-06-20T04:34:03+00:00","dateModified":"2023-04-19T18:58:31+00:00","description":"ALHEIRA DE COG SHITAKE FRANGO DO CAMPO PERU BIO","breadcrumb":{"@id":"https:\/\/biocabaz.pt\/web\/en\/produto\/alheira-de-cog-shitake-c-frango-do-campo-e-peru-bio-nacional\/#breadcrumb"},"inLanguage":"pt-PT","potentialAction":[{"@type":"ReadAction","target":["https:\/\/biocabaz.pt\/web\/en\/produto\/alheira-de-cog-shitake-c-frango-do-campo-e-peru-bio-nacional\/"]}]},{"@type":"ImageObject","inLanguage":"pt-PT","@id":"https:\/\/biocabaz.pt\/web\/en\/produto\/alheira-de-cog-shitake-c-frango-do-campo-e-peru-bio-nacional\/#primaryimage","url":"https:\/\/www.biocabaz.pt\/web\/wp-conteudos\/uploads\/2020\/06\/alheira-de-cog-shitake-frango-do-campo-peru-bio--e1592627608918.jpeg","contentUrl":"https:\/\/www.biocabaz.pt\/web\/wp-conteudos\/uploads\/2020\/06\/alheira-de-cog-shitake-frango-do-campo-peru-bio--e1592627608918.jpeg","width":600,"height":1165,"caption":"ALHEIRA DE COG SHITAKE FRANGO DO CAMPO PERU BIO"},{"@type":"BreadcrumbList","@id":"https:\/\/biocabaz.pt\/web\/en\/produto\/alheira-de-cog-shitake-c-frango-do-campo-e-peru-bio-nacional\/#breadcrumb","itemListElement":[{"@type":"ListItem","position":1,"name":"Home","item":"https:\/\/biocabaz.pt\/web\/"},{"@type":"ListItem","position":2,"name":"Loja","item":"https:\/\/biocabaz.pt\/web\/shop\/"},{"@type":"ListItem","position":3,"name":"PORTUGUESE ORGANIC SHIITAKE MUSHROOM AND POULTRY \u201cALHEIRA\u201d"}]},{"@type":"WebSite","@id":"https:\/\/biocabaz.pt\/web\/#website","url":"https:\/\/biocabaz.pt\/web\/","name":"BIOCABAZ - CABAZES BIOL\u00d3GICOS","description":"O melhor que a terra d\u00e1 \u00e9 para si","potentialAction":[{"@type":"SearchAction","target":{"@type":"EntryPoint","urlTemplate":"https:\/\/biocabaz.pt\/web\/?s={search_term_string}"},"query-input":{"@type":"PropertyValueSpecification","valueRequired":true,"valueName":"search_term_string"}}],"inLanguage":"pt-PT"}]}},"_links":{"self":[{"href":"https:\/\/biocabaz.pt\/web\/wp-json\/wp\/v2\/product\/47148","targetHints":{"allow":["GET"]}}],"collection":[{"href":"https:\/\/biocabaz.pt\/web\/wp-json\/wp\/v2\/product"}],"about":[{"href":"https:\/\/biocabaz.pt\/web\/wp-json\/wp\/v2\/types\/product"}],"replies":[{"embeddable":true,"href":"https:\/\/biocabaz.pt\/web\/wp-json\/wp\/v2\/comments?post=47148"}],"wp:featuredmedia":[{"embeddable":true,"href":"https:\/\/biocabaz.pt\/web\/wp-json\/wp\/v2\/media\/47149"}],"wp:attachment":[{"href":"https:\/\/biocabaz.pt\/web\/wp-json\/wp\/v2\/media?parent=47148"}],"wp:term":[{"taxonomy":"product_cat","embeddable":true,"href":"https:\/\/biocabaz.pt\/web\/wp-json\/wp\/v2\/product_cat?post=47148"},{"taxonomy":"product_tag","embeddable":true,"href":"https:\/\/biocabaz.pt\/web\/wp-json\/wp\/v2\/product_tag?post=47148"}],"curies":[{"name":"wp","href":"https:\/\/api.w.org\/{rel}","templated":true}]}}