{"id":3925,"date":"2017-05-28T11:37:00","date_gmt":"2017-05-28T11:37:00","guid":{"rendered":"http:\/\/www.biocabaz.pt\/web\/produto\/leite-em-po-cabra-3-bio-400gr-hole\/"},"modified":"2023-04-17T11:45:13","modified_gmt":"2023-04-17T11:45:13","slug":"leite-em-po-cabra-3-bio-400gr-hole","status":"publish","type":"product","link":"https:\/\/biocabaz.pt\/web\/produto\/leite-em-po-cabra-3-bio-400gr-hole\/","title":{"rendered":"LEITE EM P\u00d3 CABRA 3 BIO 400GR HOLLE"},"content":{"rendered":"<p><strong>Descri\u00e7\u00e3o <\/strong><br \/>\n\t\t\t\tIngredientes: LEITE de cabra em p\u00f3* 41%, maltodextrina*, LACTOSE*, gorduras vegetais* (gordura de palma, \u00f3leo de colza, \u00f3leo de girassol), amido*, vitamina C, carbonato de c\u00e1lcio, citrato de s\u00f3dio, L-ciste\u00edna, L-triptofano, , L-Isoleucina, vitamina E, sulfato de ferro, sulfato de zinco, D-pantotenato de c\u00e1lcio, niacina, sulfato de cobre, vitamina A, vitamina B1, vitamina B2, vitamina B6, sulfato de mangan\u00e9sio, iodeto de pot\u00e1ssio, \u00e1cido f\u00f3lico, vitamina K, selenato de s\u00f3dio, biotina, vitamina D, vitamina B12. *de agricultura biol\u00f3gica.<\/p>\n<p><strong>Dados Nutricionais<\/strong><br \/>\n\t\t\t\tDeclara\u00e7\u00e3o Nutricional por 100ml de f\u00f3rmula pronta: Energia;<br \/> 281kj \/67kcal;<br \/> L\u00edpidos: 3,3g &#8211; dos quais \u00e1cidos gordos saturados: 1,7g;<br \/> Hidratos de carbono: 7,9g &#8211; dos quais a\u00e7\u00facares: 3,8g;<br \/> Prote\u00ednas: 1,5g;<br \/> Sal: 0,05g;<br \/> Vitamina A: 69,3\u00b5g;<br \/> Vitamina D: 1,2\u00b5g;<br \/> Vitamina C: 13mg;<br \/> Vitamina E: 1,4mg;<br \/> Vitamina K: 7,9\u00b5g;<br \/> Tiamina: 0,074mg;<br \/> Riboflavina;<br \/> 0,13mg;<br \/> Niacina: 0,61mg;<br \/> Vitamina B6: 0,056mg;<br \/> \u00c1cido f\u00f3lico: 19,6\u00b5g;<br \/> Vitamina B12: 0,14\u00b5g;<br \/> Biotina: 2,7\u00b5g;<br \/> \u00c1cido pantot\u00e9nico: 0,55mg;<br \/> S\u00f3dio: 18,4mg;<br \/> Pot\u00e1ssio: 82,8mg;<br \/> Cloreto: 69,4mg;<br \/> C\u00e1lcio: 57,3mg;<br \/> F\u00f3sforo: 44,9mg;<br \/> Magn\u00e9sio: 6,03mg;<br \/> Ferro: 0,68mg;<br \/> Zinco: 0,56mg;<br \/> Cobre: 0,054mg;<br \/> Mangan\u00eas: 0,013mg;<br \/> Fluoreto: 0,0071mg;<br \/> Sel\u00e9nio: 1,9\u00b5g;<br \/> Iodo: 22,4\u00b5g.<\/p>\n<p><strong>Modo Utiliza\u00e7\u00e3o<\/strong><br \/>O leite materno \u00e9 o alimento ideal para o seu beb\u00e9. Consulte o pediatra ou o m\u00e9dico caso o seu beb\u00e9 precise de uma f\u00f3rmula adicional ou se n\u00e3o puder amamentar. No caso de alergia ao leite de vaca n\u00e3o dar este preparado \u00e0 base de leite de cabra. O leite de cabra cont\u00e9m prote\u00ednas estruturalmente semelhantes \u00e0s do leite de vaca. Neste caso deve aconselhar-se com o pediatra. Faz parte de uma alimenta\u00e7\u00e3o mista de biber\u00e3o e papa ap\u00f3s o 6\u00ba m\u00eas e at\u00e9 ao final do 3\u00ba ano de vida. Siga exactamente as instru\u00e7\u00f5es de prepara\u00e7\u00e3o. Utilize apenas a colher medidora que acompanha o produto. Siga as instru\u00e7\u00f5es de dosagem. Uma prepara\u00e7\u00e3o incorreta pode ter consequ\u00eancias para a sa\u00fade do beb\u00e9. Prepare o alimento na hora. N\u00e3o aproveite restos. Proteja os dentes do seu beb\u00e9 contra c\u00e1ries, n\u00e3o o deixando utilizar o biber\u00e3o como chupeta. N\u00e3o aquecer no microondas (perigo de sobreaquecimento). PREPARA\u00c7\u00d5ES POSS\u00cdVEIS A PARTIR DO 10\u00ba M\u00caS: Ferver o biber\u00e3o e a tetina de 3 a 5 minutos antes de utilizar. Ferver a \u00e1gua indicada na tabela e deixar arrefecer at\u00e9 aproximadamente os 50\u00baC. De seguida, despejar metade da \u00e1gua no biber\u00e3o. Encher a colher medidora. Retirar o excesso de leite do medidor com a parte de tr\u00e1s de uma faca e adicionar ao biber\u00e3o (ver tabela). Agitar bem. Adicionar a restante \u00e1gua e voltar a agitar bem. Deixar arrefecer at\u00e9 os 37\u00ba. Embalado em atmosfera protetora. Conservar em local seco e fresco. Uma vez aberto, consumir no prazo de 2 semanas.<\/p>\n","protected":false},"excerpt":{"rendered":"<h3 class=\"title\">Leite de transi\u00e7\u00e3o biol\u00f3gico 3 \u00e0 base de leite de cabra<\/h3>\n<p>Adequado a partir do 10.\u00ba m\u00eas at\u00e9 ao fim do 3.\u00ba ano de vida como parte integrante de uma dieta mista de refei\u00e7\u00f5es de biber\u00e3o e papas.<br \/>\nUtiliza\u00e7\u00e3o a seguir ao leite de transi\u00e7\u00e3o biol\u00f3gico 2 da Holle \u00e0 base de leite de cabra ou em qualquer altura em vez de outro leite de transi\u00e7\u00e3o.<br \/>\nO leite de transi\u00e7\u00e3o biol\u00f3gico 3 da Holle \u00e0 base de leite de cabra tamb\u00e9m pode ser usado para a prepara\u00e7\u00e3o das papas de cereais biol\u00f3gicas da Holle.<\/p>\n","protected":false},"featured_media":3934,"comment_status":"closed","ping_status":"closed","template":"","meta":[],"product_cat":[59],"product_tag":[],"class_list":["post-3925","product","type-product","status-publish","has-post-thumbnail","hentry","product_cat-leites"],"bundle_layout":"","bundled_by":[],"bundled_items":[],"yoast_head":"<!-- This site is optimized with the Yoast SEO plugin v26.3 - https:\/\/yoast.com\/wordpress\/plugins\/seo\/ -->\n<title>LEITE EM P\u00d3 CABRA 3 BIO 400GR HOLLE<\/title>\n<meta name=\"robots\" content=\"index, follow, max-snippet:-1, max-image-preview:large, max-video-preview:-1\" \/>\n<link rel=\"canonical\" href=\"https:\/\/www.biocabaz.pt\/web\/en\/produto\/leite-em-po-cabra-3-bio-400gr-hole\/\" \/>\n<meta property=\"og:locale\" content=\"pt_PT\" \/>\n<meta property=\"og:locale:alternate\" content=\"en_US\" \/>\n<meta property=\"og:type\" content=\"article\" \/>\n<meta property=\"og:title\" content=\"LEITE EM P\u00d3 CABRA 3 BIO 400GR HOLLE\" \/>\n<meta property=\"og:description\" content=\"Leite de transi\u00e7\u00e3o biol\u00f3gico 3 \u00e0 base de leite de cabra Adequado a partir do 10.\u00ba m\u00eas at\u00e9 ao fim do 3.\u00ba ano de vida como parte integrante de uma dieta mista de refei\u00e7\u00f5es de biber\u00e3o e papas. Utiliza\u00e7\u00e3o a seguir ao leite de transi\u00e7\u00e3o biol\u00f3gico 2 da Holle \u00e0 base de leite de cabra ou em qualquer altura em vez de outro leite de transi\u00e7\u00e3o. O leite de transi\u00e7\u00e3o biol\u00f3gico 3 da Holle \u00e0 base de leite de cabra tamb\u00e9m pode ser usado para a prepara\u00e7\u00e3o das papas de cereais biol\u00f3gicas da Holle.\" \/>\n<meta property=\"og:url\" content=\"https:\/\/biocabaz.pt\/web\/produto\/leite-em-po-cabra-3-bio-400gr-hole\/\" \/>\n<meta property=\"og:site_name\" content=\"BIOCABAZ - CABAZES BIOL\u00d3GICOS\" \/>\n<meta property=\"article:modified_time\" content=\"2023-04-17T11:45:13+00:00\" \/>\n<meta property=\"og:image\" content=\"https:\/\/www.biocabaz.pt\/web\/wp-conteudos\/uploads\/2017\/05\/PS_ZIEGENMILCH_I-SP_FM3_frontal_XXL_I-SP-21_01011672dpi_RGB_3000x3000.png\" \/>\n\t<meta property=\"og:image:width\" content=\"600\" \/>\n\t<meta property=\"og:image:height\" content=\"600\" \/>\n\t<meta property=\"og:image:type\" content=\"image\/png\" \/>\n<meta name=\"twitter:card\" content=\"summary_large_image\" \/>\n<meta name=\"twitter:label1\" content=\"Est. reading time\" \/>\n\t<meta name=\"twitter:data1\" content=\"4 minutos\" \/>\n<script type=\"application\/ld+json\" class=\"yoast-schema-graph\">{\"@context\":\"https:\/\/schema.org\",\"@graph\":[{\"@type\":\"WebPage\",\"@id\":\"https:\/\/www.biocabaz.pt\/web\/en\/produto\/leite-em-po-cabra-3-bio-400gr-hole\/\",\"url\":\"https:\/\/www.biocabaz.pt\/web\/en\/produto\/leite-em-po-cabra-3-bio-400gr-hole\/\",\"name\":\"LEITE EM P\u00d3 CABRA 3 BIO 400GR HOLLE\",\"isPartOf\":{\"@id\":\"https:\/\/biocabaz.pt\/web\/#website\"},\"primaryImageOfPage\":{\"@id\":\"https:\/\/www.biocabaz.pt\/web\/en\/produto\/leite-em-po-cabra-3-bio-400gr-hole\/#primaryimage\"},\"image\":{\"@id\":\"https:\/\/www.biocabaz.pt\/web\/en\/produto\/leite-em-po-cabra-3-bio-400gr-hole\/#primaryimage\"},\"thumbnailUrl\":\"https:\/\/www.biocabaz.pt\/web\/wp-conteudos\/uploads\/2017\/05\/PS_ZIEGENMILCH_I-SP_FM3_frontal_XXL_I-SP-21_01011672dpi_RGB_3000x3000.png\",\"datePublished\":\"2017-05-28T11:37:00+00:00\",\"dateModified\":\"2023-04-17T11:45:13+00:00\",\"breadcrumb\":{\"@id\":\"https:\/\/www.biocabaz.pt\/web\/en\/produto\/leite-em-po-cabra-3-bio-400gr-hole\/#breadcrumb\"},\"inLanguage\":\"pt-PT\",\"potentialAction\":[{\"@type\":\"ReadAction\",\"target\":[\"https:\/\/www.biocabaz.pt\/web\/en\/produto\/leite-em-po-cabra-3-bio-400gr-hole\/\"]}]},{\"@type\":\"ImageObject\",\"inLanguage\":\"pt-PT\",\"@id\":\"https:\/\/www.biocabaz.pt\/web\/en\/produto\/leite-em-po-cabra-3-bio-400gr-hole\/#primaryimage\",\"url\":\"https:\/\/www.biocabaz.pt\/web\/wp-conteudos\/uploads\/2017\/05\/PS_ZIEGENMILCH_I-SP_FM3_frontal_XXL_I-SP-21_01011672dpi_RGB_3000x3000.png\",\"contentUrl\":\"https:\/\/www.biocabaz.pt\/web\/wp-conteudos\/uploads\/2017\/05\/PS_ZIEGENMILCH_I-SP_FM3_frontal_XXL_I-SP-21_01011672dpi_RGB_3000x3000.png\",\"width\":600,\"height\":600,\"caption\":\"Leite cabra BIO Holle\"},{\"@type\":\"BreadcrumbList\",\"@id\":\"https:\/\/www.biocabaz.pt\/web\/en\/produto\/leite-em-po-cabra-3-bio-400gr-hole\/#breadcrumb\",\"itemListElement\":[{\"@type\":\"ListItem\",\"position\":1,\"name\":\"Home\",\"item\":\"https:\/\/biocabaz.pt\/web\/\"},{\"@type\":\"ListItem\",\"position\":2,\"name\":\"Loja\",\"item\":\"https:\/\/biocabaz.pt\/web\/shop\/\"},{\"@type\":\"ListItem\",\"position\":3,\"name\":\"HOLLE ORGANIC INFANT GOAT MILK FOLLOW-ON FORMULA 3 400GR\"}]},{\"@type\":\"WebSite\",\"@id\":\"https:\/\/biocabaz.pt\/web\/#website\",\"url\":\"https:\/\/biocabaz.pt\/web\/\",\"name\":\"BIOCABAZ - CABAZES BIOL\u00d3GICOS\",\"description\":\"O melhor que a terra d\u00e1 \u00e9 para si\",\"potentialAction\":[{\"@type\":\"SearchAction\",\"target\":{\"@type\":\"EntryPoint\",\"urlTemplate\":\"https:\/\/biocabaz.pt\/web\/?s={search_term_string}\"},\"query-input\":{\"@type\":\"PropertyValueSpecification\",\"valueRequired\":true,\"valueName\":\"search_term_string\"}}],\"inLanguage\":\"pt-PT\"}]}<\/script>\n<!-- \/ Yoast SEO plugin. -->","yoast_head_json":{"title":"LEITE EM P\u00d3 CABRA 3 BIO 400GR HOLLE","robots":{"index":"index","follow":"follow","max-snippet":"max-snippet:-1","max-image-preview":"max-image-preview:large","max-video-preview":"max-video-preview:-1"},"canonical":"https:\/\/www.biocabaz.pt\/web\/en\/produto\/leite-em-po-cabra-3-bio-400gr-hole\/","og_locale":"pt_PT","og_type":"article","og_title":"[:en]HOLLE ORGANIC INFANT GOAT MILK FOLLOW-ON FORMULA 3 400GR[:pt]LEITE EM P\u00d3 CABRA 3 BIO 400GR HOLLE[:] - BIOCABAZ - CABAZES BIOL\u00d3GICOS","og_description":"Leite de transi\u00e7\u00e3o biol\u00f3gico 3 \u00e0 base de leite de cabra Adequado a partir do 10.\u00ba m\u00eas at\u00e9 ao fim do 3.\u00ba ano de vida como parte integrante de uma dieta mista de refei\u00e7\u00f5es de biber\u00e3o e papas. Utiliza\u00e7\u00e3o a seguir ao leite de transi\u00e7\u00e3o biol\u00f3gico 2 da Holle \u00e0 base de leite de cabra ou em qualquer altura em vez de outro leite de transi\u00e7\u00e3o. O leite de transi\u00e7\u00e3o biol\u00f3gico 3 da Holle \u00e0 base de leite de cabra tamb\u00e9m pode ser usado para a prepara\u00e7\u00e3o das papas de cereais biol\u00f3gicas da Holle.","og_url":"https:\/\/biocabaz.pt\/web\/produto\/leite-em-po-cabra-3-bio-400gr-hole\/","og_site_name":"BIOCABAZ - CABAZES BIOL\u00d3GICOS","article_modified_time":"2023-04-17T11:45:13+00:00","og_image":[{"width":600,"height":600,"url":"https:\/\/www.biocabaz.pt\/web\/wp-conteudos\/uploads\/2017\/05\/PS_ZIEGENMILCH_I-SP_FM3_frontal_XXL_I-SP-21_01011672dpi_RGB_3000x3000.png","type":"image\/png"}],"twitter_card":"summary_large_image","twitter_misc":{"Est. reading time":"4 minutos"},"schema":{"@context":"https:\/\/schema.org","@graph":[{"@type":"WebPage","@id":"https:\/\/www.biocabaz.pt\/web\/en\/produto\/leite-em-po-cabra-3-bio-400gr-hole\/","url":"https:\/\/www.biocabaz.pt\/web\/en\/produto\/leite-em-po-cabra-3-bio-400gr-hole\/","name":"LEITE EM P\u00d3 CABRA 3 BIO 400GR HOLLE","isPartOf":{"@id":"https:\/\/biocabaz.pt\/web\/#website"},"primaryImageOfPage":{"@id":"https:\/\/www.biocabaz.pt\/web\/en\/produto\/leite-em-po-cabra-3-bio-400gr-hole\/#primaryimage"},"image":{"@id":"https:\/\/www.biocabaz.pt\/web\/en\/produto\/leite-em-po-cabra-3-bio-400gr-hole\/#primaryimage"},"thumbnailUrl":"https:\/\/www.biocabaz.pt\/web\/wp-conteudos\/uploads\/2017\/05\/PS_ZIEGENMILCH_I-SP_FM3_frontal_XXL_I-SP-21_01011672dpi_RGB_3000x3000.png","datePublished":"2017-05-28T11:37:00+00:00","dateModified":"2023-04-17T11:45:13+00:00","breadcrumb":{"@id":"https:\/\/www.biocabaz.pt\/web\/en\/produto\/leite-em-po-cabra-3-bio-400gr-hole\/#breadcrumb"},"inLanguage":"pt-PT","potentialAction":[{"@type":"ReadAction","target":["https:\/\/www.biocabaz.pt\/web\/en\/produto\/leite-em-po-cabra-3-bio-400gr-hole\/"]}]},{"@type":"ImageObject","inLanguage":"pt-PT","@id":"https:\/\/www.biocabaz.pt\/web\/en\/produto\/leite-em-po-cabra-3-bio-400gr-hole\/#primaryimage","url":"https:\/\/www.biocabaz.pt\/web\/wp-conteudos\/uploads\/2017\/05\/PS_ZIEGENMILCH_I-SP_FM3_frontal_XXL_I-SP-21_01011672dpi_RGB_3000x3000.png","contentUrl":"https:\/\/www.biocabaz.pt\/web\/wp-conteudos\/uploads\/2017\/05\/PS_ZIEGENMILCH_I-SP_FM3_frontal_XXL_I-SP-21_01011672dpi_RGB_3000x3000.png","width":600,"height":600,"caption":"Leite cabra BIO Holle"},{"@type":"BreadcrumbList","@id":"https:\/\/www.biocabaz.pt\/web\/en\/produto\/leite-em-po-cabra-3-bio-400gr-hole\/#breadcrumb","itemListElement":[{"@type":"ListItem","position":1,"name":"Home","item":"https:\/\/biocabaz.pt\/web\/"},{"@type":"ListItem","position":2,"name":"Loja","item":"https:\/\/biocabaz.pt\/web\/shop\/"},{"@type":"ListItem","position":3,"name":"HOLLE ORGANIC INFANT GOAT MILK FOLLOW-ON FORMULA 3 400GR"}]},{"@type":"WebSite","@id":"https:\/\/biocabaz.pt\/web\/#website","url":"https:\/\/biocabaz.pt\/web\/","name":"BIOCABAZ - CABAZES BIOL\u00d3GICOS","description":"O melhor que a terra d\u00e1 \u00e9 para si","potentialAction":[{"@type":"SearchAction","target":{"@type":"EntryPoint","urlTemplate":"https:\/\/biocabaz.pt\/web\/?s={search_term_string}"},"query-input":{"@type":"PropertyValueSpecification","valueRequired":true,"valueName":"search_term_string"}}],"inLanguage":"pt-PT"}]}},"_links":{"self":[{"href":"https:\/\/biocabaz.pt\/web\/wp-json\/wp\/v2\/product\/3925","targetHints":{"allow":["GET"]}}],"collection":[{"href":"https:\/\/biocabaz.pt\/web\/wp-json\/wp\/v2\/product"}],"about":[{"href":"https:\/\/biocabaz.pt\/web\/wp-json\/wp\/v2\/types\/product"}],"replies":[{"embeddable":true,"href":"https:\/\/biocabaz.pt\/web\/wp-json\/wp\/v2\/comments?post=3925"}],"wp:featuredmedia":[{"embeddable":true,"href":"https:\/\/biocabaz.pt\/web\/wp-json\/wp\/v2\/media\/3934"}],"wp:attachment":[{"href":"https:\/\/biocabaz.pt\/web\/wp-json\/wp\/v2\/media?parent=3925"}],"wp:term":[{"taxonomy":"product_cat","embeddable":true,"href":"https:\/\/biocabaz.pt\/web\/wp-json\/wp\/v2\/product_cat?post=3925"},{"taxonomy":"product_tag","embeddable":true,"href":"https:\/\/biocabaz.pt\/web\/wp-json\/wp\/v2\/product_tag?post=3925"}],"curies":[{"name":"wp","href":"https:\/\/api.w.org\/{rel}","templated":true}]}}