{"id":3690,"date":"2017-04-29T09:35:00","date_gmt":"2017-04-29T09:35:00","guid":{"rendered":"http:\/\/www.biocabaz.pt\/web\/produto\/pack-bebida-de-arroz-isola\/"},"modified":"2022-03-11T11:30:24","modified_gmt":"2022-03-11T11:30:24","slug":"pack-bebida-de-arroz-isola","status":"publish","type":"product","link":"https:\/\/biocabaz.pt\/web\/produto\/pack-bebida-de-arroz-isola\/","title":{"rendered":"PACK BEBIDA DE ARROZ ISOLA BIO (5+1)"},"content":{"rendered":"<p><strong>Descri\u00e7\u00e3o <\/strong><br \/>\n\t\t\t\tIngredientes: \u00c1gua, Arroz* (20%), \u00f3leo de girassol prensado a frio * e sal marinho. *Produ\u00e7\u00e3o Biol\u00f3gica.<\/p>\n<p><strong>Dados Nutricionais<\/strong><br \/>\n\t\t\t\tDeclara\u00e7\u00e3o Nutricional por 100ml: Energia: 306kj \/73kcal;<br \/> L\u00edpidos: 1g \u2013 dos quais Saturados: 0,2g &#8211; dos quais Monoinsaturados: 0,2 \u2013 dos quais Polinsaturados: 0,6g;<br \/> Hidratos de Carbono: 15,5g &#8211; dos quais A\u00e7\u00facares: 5,5g;<br \/> Fibra: 0,3g;<br \/> Prote\u00ednas: 0g;<br \/> Sal: 0,08g.<\/p>\n<p><strong>Modo Utiliza\u00e7\u00e3o<\/strong><br \/>Agitar bem antes de beber. Depois de aberto conservar no frigor\u00edfico e consumir dentro de 3-4dias. Conservar em local fresco e seco. <\/p>\n","protected":false},"excerpt":{"rendered":"<p>Na compra do pack a 6\u00aa unidade \u00e9 oferta<\/p>\n<p>&nbsp;<\/p>\n<p>A bebida de Arroz Isola Bio \u00e9 sem gl\u00faten, mata a sede e \u00e9 naturalmente doce.<\/p>\n<p>Pode ser consumida quente ou fria. \u00c9 \u00f3ptima no caf\u00e9 da manh\u00e3 com cereais ou ent\u00e3o misturada no caf\u00e9 ou no ch\u00e1. Na cozinha \u00e9 excelente na prepara\u00e7\u00e3o de vitaminas deliciosas, sobremesas e pratos vegetais.<\/p>\n<p>Sem gl\u00faten \u00a0* \u00a0Biol\u00f3gica \u00a0* \u00a0Vegetal \u00a0* \u00a0Sem lactose \u00a0* \u00a0Sem a\u00e7ucares adicionados<\/p>\n","protected":false},"featured_media":3691,"comment_status":"closed","ping_status":"closed","template":"","meta":[],"product_cat":[19,34],"product_tag":[],"class_list":["post-3690","product","type-product","status-publish","has-post-thumbnail","hentry","product_cat-laticinios-e-substitutos","product_cat-leites-bebidas-vegetais"],"bundle_layout":"","bundled_by":[],"bundled_items":[],"yoast_head":"<!-- This site is optimized with the Yoast SEO plugin v26.3 - https:\/\/yoast.com\/wordpress\/plugins\/seo\/ -->\n<title>PACK BEBIDA DE ARROZ ISOLA BIO (5+1)<\/title>\n<meta name=\"robots\" content=\"index, follow, max-snippet:-1, max-image-preview:large, max-video-preview:-1\" \/>\n<link rel=\"canonical\" href=\"https:\/\/biocabaz.pt\/web\/produto\/pack-bebida-de-arroz-isola\/\" \/>\n<meta property=\"og:locale\" content=\"pt_PT\" \/>\n<meta property=\"og:locale:alternate\" content=\"en_US\" \/>\n<meta property=\"og:type\" content=\"article\" \/>\n<meta property=\"og:title\" content=\"PACK BEBIDA DE ARROZ ISOLA BIO (5+1)\" \/>\n<meta property=\"og:description\" content=\"Na compra do pack a 6\u00aa unidade \u00e9 oferta  &nbsp;  A bebida de Arroz Isola Bio \u00e9 sem gl\u00faten, mata a sede e \u00e9 naturalmente doce.  Pode ser consumida quente ou fria. \u00c9 \u00f3ptima no caf\u00e9 da manh\u00e3 com cereais ou ent\u00e3o misturada no caf\u00e9 ou no ch\u00e1. Na cozinha \u00e9 excelente na prepara\u00e7\u00e3o de vitaminas deliciosas, sobremesas e pratos vegetais.  Sem gl\u00faten \u00a0* \u00a0Biol\u00f3gica \u00a0* \u00a0Vegetal \u00a0* \u00a0Sem lactose \u00a0* \u00a0Sem a\u00e7ucares adicionados\" \/>\n<meta property=\"og:url\" content=\"https:\/\/biocabaz.pt\/web\/produto\/pack-bebida-de-arroz-isola\/\" \/>\n<meta property=\"og:site_name\" content=\"BIOCABAZ - CABAZES BIOL\u00d3GICOS\" \/>\n<meta property=\"article:modified_time\" content=\"2022-03-11T11:30:24+00:00\" \/>\n<meta property=\"og:image\" content=\"https:\/\/www.biocabaz.pt\/web\/wp-conteudos\/uploads\/2017\/04\/pack-isola-arroz.jpg\" \/>\n\t<meta property=\"og:image:width\" content=\"500\" \/>\n\t<meta property=\"og:image:height\" content=\"206\" \/>\n\t<meta property=\"og:image:type\" content=\"image\/jpeg\" \/>\n<meta name=\"twitter:card\" content=\"summary_large_image\" \/>\n<meta name=\"twitter:label1\" content=\"Est. reading time\" \/>\n\t<meta name=\"twitter:data1\" content=\"1 minuto\" \/>\n<script type=\"application\/ld+json\" class=\"yoast-schema-graph\">{\"@context\":\"https:\/\/schema.org\",\"@graph\":[{\"@type\":\"WebPage\",\"@id\":\"https:\/\/biocabaz.pt\/web\/en\/produto\/pack-bebida-de-arroz-isola\/\",\"url\":\"https:\/\/biocabaz.pt\/web\/en\/produto\/pack-bebida-de-arroz-isola\/\",\"name\":\"PACK BEBIDA DE ARROZ ISOLA BIO (5+1)\",\"isPartOf\":{\"@id\":\"https:\/\/www.biocabaz.pt\/web\/en\/#website\"},\"primaryImageOfPage\":{\"@id\":\"https:\/\/biocabaz.pt\/web\/en\/produto\/pack-bebida-de-arroz-isola\/#primaryimage\"},\"image\":{\"@id\":\"https:\/\/biocabaz.pt\/web\/en\/produto\/pack-bebida-de-arroz-isola\/#primaryimage\"},\"thumbnailUrl\":\"https:\/\/www.biocabaz.pt\/web\/wp-conteudos\/uploads\/2017\/04\/pack-isola-arroz.jpg\",\"datePublished\":\"2017-04-29T09:35:00+00:00\",\"dateModified\":\"2022-03-11T11:30:24+00:00\",\"breadcrumb\":{\"@id\":\"https:\/\/biocabaz.pt\/web\/en\/produto\/pack-bebida-de-arroz-isola\/#breadcrumb\"},\"inLanguage\":\"pt-PT\",\"potentialAction\":[{\"@type\":\"ReadAction\",\"target\":[\"https:\/\/biocabaz.pt\/web\/en\/produto\/pack-bebida-de-arroz-isola\/\"]}]},{\"@type\":\"ImageObject\",\"inLanguage\":\"pt-PT\",\"@id\":\"https:\/\/biocabaz.pt\/web\/en\/produto\/pack-bebida-de-arroz-isola\/#primaryimage\",\"url\":\"https:\/\/www.biocabaz.pt\/web\/wp-conteudos\/uploads\/2017\/04\/pack-isola-arroz.jpg\",\"contentUrl\":\"https:\/\/www.biocabaz.pt\/web\/wp-conteudos\/uploads\/2017\/04\/pack-isola-arroz.jpg\",\"width\":500,\"height\":206,\"caption\":\"pack isola bio arroz\"},{\"@type\":\"BreadcrumbList\",\"@id\":\"https:\/\/biocabaz.pt\/web\/en\/produto\/pack-bebida-de-arroz-isola\/#breadcrumb\",\"itemListElement\":[{\"@type\":\"ListItem\",\"position\":1,\"name\":\"Home\",\"item\":\"https:\/\/www.biocabaz.pt\/web\/en\/\"},{\"@type\":\"ListItem\",\"position\":2,\"name\":\"Shop\",\"item\":\"https:\/\/www.biocabaz.pt\/web\/en\/shop\/\"},{\"@type\":\"ListItem\",\"position\":3,\"name\":\"ISOLA ORGANIC RICE ORIGINAL DRINK PACK 5+1\"}]},{\"@type\":\"WebSite\",\"@id\":\"https:\/\/www.biocabaz.pt\/web\/en\/#website\",\"url\":\"https:\/\/www.biocabaz.pt\/web\/en\/\",\"name\":\"BIOCABAZ - CABAZES BIOL\u00d3GICOS\",\"description\":\"O melhor que a terra d\u00e1 \u00e9 para si\",\"potentialAction\":[{\"@type\":\"SearchAction\",\"target\":{\"@type\":\"EntryPoint\",\"urlTemplate\":\"https:\/\/www.biocabaz.pt\/web\/en\/?s={search_term_string}\"},\"query-input\":{\"@type\":\"PropertyValueSpecification\",\"valueRequired\":true,\"valueName\":\"search_term_string\"}}],\"inLanguage\":\"pt-PT\"}]}<\/script>\n<!-- \/ Yoast SEO plugin. -->","yoast_head_json":{"title":"PACK BEBIDA DE ARROZ ISOLA BIO (5+1)","robots":{"index":"index","follow":"follow","max-snippet":"max-snippet:-1","max-image-preview":"max-image-preview:large","max-video-preview":"max-video-preview:-1"},"canonical":"https:\/\/biocabaz.pt\/web\/produto\/pack-bebida-de-arroz-isola\/","og_locale":"pt_PT","og_type":"article","og_title":"[:en]ISOLA ORGANIC RICE ORIGINAL DRINK PACK 5+1[:pt]PACK BEBIDA DE ARROZ ISOLA BIO (5+1)[:] - BIOCABAZ - CABAZES BIOL\u00d3GICOS","og_description":"Na compra do pack a 6\u00aa unidade \u00e9 oferta  &nbsp;  A bebida de Arroz Isola Bio \u00e9 sem gl\u00faten, mata a sede e \u00e9 naturalmente doce.  Pode ser consumida quente ou fria. \u00c9 \u00f3ptima no caf\u00e9 da manh\u00e3 com cereais ou ent\u00e3o misturada no caf\u00e9 ou no ch\u00e1. Na cozinha \u00e9 excelente na prepara\u00e7\u00e3o de vitaminas deliciosas, sobremesas e pratos vegetais.  Sem gl\u00faten \u00a0* \u00a0Biol\u00f3gica \u00a0* \u00a0Vegetal \u00a0* \u00a0Sem lactose \u00a0* \u00a0Sem a\u00e7ucares adicionados","og_url":"https:\/\/biocabaz.pt\/web\/produto\/pack-bebida-de-arroz-isola\/","og_site_name":"BIOCABAZ - CABAZES BIOL\u00d3GICOS","article_modified_time":"2022-03-11T11:30:24+00:00","og_image":[{"width":500,"height":206,"url":"https:\/\/www.biocabaz.pt\/web\/wp-conteudos\/uploads\/2017\/04\/pack-isola-arroz.jpg","type":"image\/jpeg"}],"twitter_card":"summary_large_image","twitter_misc":{"Est. reading time":"1 minuto"},"schema":{"@context":"https:\/\/schema.org","@graph":[{"@type":"WebPage","@id":"https:\/\/biocabaz.pt\/web\/en\/produto\/pack-bebida-de-arroz-isola\/","url":"https:\/\/biocabaz.pt\/web\/en\/produto\/pack-bebida-de-arroz-isola\/","name":"PACK BEBIDA DE ARROZ ISOLA BIO (5+1)","isPartOf":{"@id":"https:\/\/www.biocabaz.pt\/web\/en\/#website"},"primaryImageOfPage":{"@id":"https:\/\/biocabaz.pt\/web\/en\/produto\/pack-bebida-de-arroz-isola\/#primaryimage"},"image":{"@id":"https:\/\/biocabaz.pt\/web\/en\/produto\/pack-bebida-de-arroz-isola\/#primaryimage"},"thumbnailUrl":"https:\/\/www.biocabaz.pt\/web\/wp-conteudos\/uploads\/2017\/04\/pack-isola-arroz.jpg","datePublished":"2017-04-29T09:35:00+00:00","dateModified":"2022-03-11T11:30:24+00:00","breadcrumb":{"@id":"https:\/\/biocabaz.pt\/web\/en\/produto\/pack-bebida-de-arroz-isola\/#breadcrumb"},"inLanguage":"pt-PT","potentialAction":[{"@type":"ReadAction","target":["https:\/\/biocabaz.pt\/web\/en\/produto\/pack-bebida-de-arroz-isola\/"]}]},{"@type":"ImageObject","inLanguage":"pt-PT","@id":"https:\/\/biocabaz.pt\/web\/en\/produto\/pack-bebida-de-arroz-isola\/#primaryimage","url":"https:\/\/www.biocabaz.pt\/web\/wp-conteudos\/uploads\/2017\/04\/pack-isola-arroz.jpg","contentUrl":"https:\/\/www.biocabaz.pt\/web\/wp-conteudos\/uploads\/2017\/04\/pack-isola-arroz.jpg","width":500,"height":206,"caption":"pack isola bio arroz"},{"@type":"BreadcrumbList","@id":"https:\/\/biocabaz.pt\/web\/en\/produto\/pack-bebida-de-arroz-isola\/#breadcrumb","itemListElement":[{"@type":"ListItem","position":1,"name":"Home","item":"https:\/\/www.biocabaz.pt\/web\/en\/"},{"@type":"ListItem","position":2,"name":"Shop","item":"https:\/\/www.biocabaz.pt\/web\/en\/shop\/"},{"@type":"ListItem","position":3,"name":"ISOLA ORGANIC RICE ORIGINAL DRINK PACK 5+1"}]},{"@type":"WebSite","@id":"https:\/\/www.biocabaz.pt\/web\/en\/#website","url":"https:\/\/www.biocabaz.pt\/web\/en\/","name":"BIOCABAZ - CABAZES BIOL\u00d3GICOS","description":"O melhor que a terra d\u00e1 \u00e9 para si","potentialAction":[{"@type":"SearchAction","target":{"@type":"EntryPoint","urlTemplate":"https:\/\/www.biocabaz.pt\/web\/en\/?s={search_term_string}"},"query-input":{"@type":"PropertyValueSpecification","valueRequired":true,"valueName":"search_term_string"}}],"inLanguage":"pt-PT"}]}},"_links":{"self":[{"href":"https:\/\/biocabaz.pt\/web\/wp-json\/wp\/v2\/product\/3690","targetHints":{"allow":["GET"]}}],"collection":[{"href":"https:\/\/biocabaz.pt\/web\/wp-json\/wp\/v2\/product"}],"about":[{"href":"https:\/\/biocabaz.pt\/web\/wp-json\/wp\/v2\/types\/product"}],"replies":[{"embeddable":true,"href":"https:\/\/biocabaz.pt\/web\/wp-json\/wp\/v2\/comments?post=3690"}],"wp:featuredmedia":[{"embeddable":true,"href":"https:\/\/biocabaz.pt\/web\/wp-json\/wp\/v2\/media\/3691"}],"wp:attachment":[{"href":"https:\/\/biocabaz.pt\/web\/wp-json\/wp\/v2\/media?parent=3690"}],"wp:term":[{"taxonomy":"product_cat","embeddable":true,"href":"https:\/\/biocabaz.pt\/web\/wp-json\/wp\/v2\/product_cat?post=3690"},{"taxonomy":"product_tag","embeddable":true,"href":"https:\/\/biocabaz.pt\/web\/wp-json\/wp\/v2\/product_tag?post=3690"}],"curies":[{"name":"wp","href":"https:\/\/api.w.org\/{rel}","templated":true}]}}