{"id":3335,"date":"2017-03-05T11:59:52","date_gmt":"2017-03-05T11:59:52","guid":{"rendered":"http:\/\/www.biocabaz.pt\/web\/produto\/mini-salsichas-okoland\/"},"modified":"2025-06-12T09:26:22","modified_gmt":"2025-06-12T09:26:22","slug":"mini-salsichas-bio","status":"publish","type":"product","link":"https:\/\/biocabaz.pt\/web\/produto\/mini-salsichas-bio\/","title":{"rendered":"MINI SALSICHAS OKOLAND BIO"},"content":{"rendered":"<p><strong>Descri\u00e7\u00e3o <\/strong><br \/>\n\t\t\t\tIngredientes: Carne porco* 87%, \u00e1gua, sal marinho, especiarias* (pimenta*, gengibre*, alho*, coentros*, cominho*), dextrose*, sal, pele natural, fuma\u00e7a de madeira de faia. Alerg\u00e9nios: pode conter vest\u00edgios de leite, aipo e mostarda. N\u00e3o cont\u00e9m gl\u00faten nem lactose.<\/p>\n<p><strong>Dados Nutricionais<\/strong><br \/>\n\t\t\t\tDeclara\u00e7\u00e3o Nutricional por 100g:<br \/> Energia: 1024kJ\/247kcal;<br \/> L\u00edpidos 21g &#8211; dos quais \u00e1cidos gordos saturados: 8.4g;<br \/> Hidratos de carbono: 0,5g &#8211; dos quais a\u00e7\u00facares: 0,5g;<br \/> Prote\u00ednas: 14g;<br \/> Sal:1,7g.<\/p>\n<p><strong>Modo Utiliza\u00e7\u00e3o<\/strong><br \/>Aquecer em banho-maria. Deixar repousar por 5 a 7 minutos. N\u00e3o ferver. Conservar em local seco e fresco.<\/p>\n","protected":false},"excerpt":{"rendered":"<p>Descri\u00e7\u00e3o Ingredientes: Carne porco* 87%, \u00e1gua, sal marinho, especiarias* (pimenta*, gengibre*, alho*, coentros*, cominho*), dextrose*, sal, pele natural, fuma\u00e7a de madeira de faia. Alerg\u00e9nios: pode conter vest\u00edgios de leite, aipo e mostarda. N\u00e3o cont\u00e9m gl\u00faten nem lactose. Dados Nutricionais Declara\u00e7\u00e3o Nutricional por 100g: Energia: 1024kJ\/247kcal; L\u00edpidos 21g &#8211; dos quais \u00e1cidos gordos saturados: 8.4g; Hidratos [&hellip;]<\/p>\n","protected":false},"featured_media":3339,"comment_status":"closed","ping_status":"closed","template":"","meta":[],"product_cat":[24],"product_tag":[],"class_list":["post-3335","product","type-product","status-publish","has-post-thumbnail","hentry","product_cat-conservas"],"bundle_layout":"","bundled_by":[],"bundled_items":[],"yoast_head":"<!-- This site is optimized with the Yoast SEO plugin v26.3 - https:\/\/yoast.com\/wordpress\/plugins\/seo\/ -->\n<title>MINI SALSICHAS OKOLAND BIO<\/title>\n<meta name=\"robots\" content=\"index, follow, max-snippet:-1, max-image-preview:large, max-video-preview:-1\" \/>\n<link rel=\"canonical\" href=\"https:\/\/biocabaz.pt\/web\/produto\/mini-salsichas-bio\/\" \/>\n<meta property=\"og:locale\" content=\"pt_PT\" \/>\n<meta property=\"og:locale:alternate\" content=\"en_US\" \/>\n<meta property=\"og:type\" content=\"article\" \/>\n<meta property=\"og:title\" content=\"MINI SALSICHAS OKOLAND BIO\" \/>\n<meta property=\"og:description\" content=\"Descri\u00e7\u00e3o Ingredientes: Carne porco* 87%, \u00e1gua, sal marinho, especiarias* (pimenta*, gengibre*, alho*, coentros*, cominho*), dextrose*, sal, pele natural, fuma\u00e7a de madeira de faia. Alerg\u00e9nios: pode conter vest\u00edgios de leite, aipo e mostarda. N\u00e3o cont\u00e9m gl\u00faten nem lactose. Dados Nutricionais Declara\u00e7\u00e3o Nutricional por 100g: Energia: 1024kJ\/247kcal; L\u00edpidos 21g &#8211; dos quais \u00e1cidos gordos saturados: 8.4g; Hidratos [&hellip;]\" \/>\n<meta property=\"og:url\" content=\"https:\/\/biocabaz.pt\/web\/produto\/mini-salsichas-bio\/\" \/>\n<meta property=\"og:site_name\" content=\"BIOCABAZ - CABAZES BIOL\u00d3GICOS\" \/>\n<meta property=\"article:modified_time\" content=\"2025-06-12T09:26:22+00:00\" \/>\n<meta property=\"og:image\" content=\"https:\/\/www.biocabaz.pt\/web\/wp-conteudos\/uploads\/2017\/03\/minis.jpg\" \/>\n\t<meta property=\"og:image:width\" content=\"500\" \/>\n\t<meta property=\"og:image:height\" content=\"500\" \/>\n\t<meta property=\"og:image:type\" content=\"image\/jpeg\" \/>\n<meta name=\"twitter:card\" content=\"summary_large_image\" \/>\n<meta name=\"twitter:label1\" content=\"Est. reading time\" \/>\n\t<meta name=\"twitter:data1\" content=\"1 minuto\" \/>\n<script type=\"application\/ld+json\" class=\"yoast-schema-graph\">{\"@context\":\"https:\/\/schema.org\",\"@graph\":[{\"@type\":\"WebPage\",\"@id\":\"https:\/\/biocabaz.pt\/web\/en\/produto\/mini-salsichas-bio\/\",\"url\":\"https:\/\/biocabaz.pt\/web\/en\/produto\/mini-salsichas-bio\/\",\"name\":\"MINI SALSICHAS OKOLAND BIO\",\"isPartOf\":{\"@id\":\"https:\/\/www.biocabaz.pt\/web\/en\/#website\"},\"primaryImageOfPage\":{\"@id\":\"https:\/\/biocabaz.pt\/web\/en\/produto\/mini-salsichas-bio\/#primaryimage\"},\"image\":{\"@id\":\"https:\/\/biocabaz.pt\/web\/en\/produto\/mini-salsichas-bio\/#primaryimage\"},\"thumbnailUrl\":\"https:\/\/www.biocabaz.pt\/web\/wp-conteudos\/uploads\/2017\/03\/minis.jpg\",\"datePublished\":\"2017-03-05T11:59:52+00:00\",\"dateModified\":\"2025-06-12T09:26:22+00:00\",\"breadcrumb\":{\"@id\":\"https:\/\/biocabaz.pt\/web\/en\/produto\/mini-salsichas-bio\/#breadcrumb\"},\"inLanguage\":\"pt-PT\",\"potentialAction\":[{\"@type\":\"ReadAction\",\"target\":[\"https:\/\/biocabaz.pt\/web\/en\/produto\/mini-salsichas-bio\/\"]}]},{\"@type\":\"ImageObject\",\"inLanguage\":\"pt-PT\",\"@id\":\"https:\/\/biocabaz.pt\/web\/en\/produto\/mini-salsichas-bio\/#primaryimage\",\"url\":\"https:\/\/www.biocabaz.pt\/web\/wp-conteudos\/uploads\/2017\/03\/minis.jpg\",\"contentUrl\":\"https:\/\/www.biocabaz.pt\/web\/wp-conteudos\/uploads\/2017\/03\/minis.jpg\",\"width\":500,\"height\":500,\"caption\":\"mini salsichas bio\"},{\"@type\":\"BreadcrumbList\",\"@id\":\"https:\/\/biocabaz.pt\/web\/en\/produto\/mini-salsichas-bio\/#breadcrumb\",\"itemListElement\":[{\"@type\":\"ListItem\",\"position\":1,\"name\":\"Home\",\"item\":\"https:\/\/www.biocabaz.pt\/web\/en\/\"},{\"@type\":\"ListItem\",\"position\":2,\"name\":\"Shop\",\"item\":\"https:\/\/www.biocabaz.pt\/web\/en\/shop\/\"},{\"@type\":\"ListItem\",\"position\":3,\"name\":\"OKOLAND ORGANIC MINI SAUSAGES\"}]},{\"@type\":\"WebSite\",\"@id\":\"https:\/\/www.biocabaz.pt\/web\/en\/#website\",\"url\":\"https:\/\/www.biocabaz.pt\/web\/en\/\",\"name\":\"BIOCABAZ - CABAZES BIOL\u00d3GICOS\",\"description\":\"O melhor que a terra d\u00e1 \u00e9 para si\",\"potentialAction\":[{\"@type\":\"SearchAction\",\"target\":{\"@type\":\"EntryPoint\",\"urlTemplate\":\"https:\/\/www.biocabaz.pt\/web\/en\/?s={search_term_string}\"},\"query-input\":{\"@type\":\"PropertyValueSpecification\",\"valueRequired\":true,\"valueName\":\"search_term_string\"}}],\"inLanguage\":\"pt-PT\"}]}<\/script>\n<!-- \/ Yoast SEO plugin. -->","yoast_head_json":{"title":"MINI SALSICHAS OKOLAND BIO","robots":{"index":"index","follow":"follow","max-snippet":"max-snippet:-1","max-image-preview":"max-image-preview:large","max-video-preview":"max-video-preview:-1"},"canonical":"https:\/\/biocabaz.pt\/web\/produto\/mini-salsichas-bio\/","og_locale":"pt_PT","og_type":"article","og_title":"[:en]OKOLAND ORGANIC MINI SAUSAGES[:pt]MINI SALSICHAS OKOLAND BIO[:] - BIOCABAZ - CABAZES BIOL\u00d3GICOS","og_description":"Descri\u00e7\u00e3o Ingredientes: Carne porco* 87%, \u00e1gua, sal marinho, especiarias* (pimenta*, gengibre*, alho*, coentros*, cominho*), dextrose*, sal, pele natural, fuma\u00e7a de madeira de faia. Alerg\u00e9nios: pode conter vest\u00edgios de leite, aipo e mostarda. N\u00e3o cont\u00e9m gl\u00faten nem lactose. Dados Nutricionais Declara\u00e7\u00e3o Nutricional por 100g: Energia: 1024kJ\/247kcal; L\u00edpidos 21g &#8211; dos quais \u00e1cidos gordos saturados: 8.4g; Hidratos [&hellip;]","og_url":"https:\/\/biocabaz.pt\/web\/produto\/mini-salsichas-bio\/","og_site_name":"BIOCABAZ - CABAZES BIOL\u00d3GICOS","article_modified_time":"2025-06-12T09:26:22+00:00","og_image":[{"width":500,"height":500,"url":"https:\/\/www.biocabaz.pt\/web\/wp-conteudos\/uploads\/2017\/03\/minis.jpg","type":"image\/jpeg"}],"twitter_card":"summary_large_image","twitter_misc":{"Est. reading time":"1 minuto"},"schema":{"@context":"https:\/\/schema.org","@graph":[{"@type":"WebPage","@id":"https:\/\/biocabaz.pt\/web\/en\/produto\/mini-salsichas-bio\/","url":"https:\/\/biocabaz.pt\/web\/en\/produto\/mini-salsichas-bio\/","name":"MINI SALSICHAS OKOLAND BIO","isPartOf":{"@id":"https:\/\/www.biocabaz.pt\/web\/en\/#website"},"primaryImageOfPage":{"@id":"https:\/\/biocabaz.pt\/web\/en\/produto\/mini-salsichas-bio\/#primaryimage"},"image":{"@id":"https:\/\/biocabaz.pt\/web\/en\/produto\/mini-salsichas-bio\/#primaryimage"},"thumbnailUrl":"https:\/\/www.biocabaz.pt\/web\/wp-conteudos\/uploads\/2017\/03\/minis.jpg","datePublished":"2017-03-05T11:59:52+00:00","dateModified":"2025-06-12T09:26:22+00:00","breadcrumb":{"@id":"https:\/\/biocabaz.pt\/web\/en\/produto\/mini-salsichas-bio\/#breadcrumb"},"inLanguage":"pt-PT","potentialAction":[{"@type":"ReadAction","target":["https:\/\/biocabaz.pt\/web\/en\/produto\/mini-salsichas-bio\/"]}]},{"@type":"ImageObject","inLanguage":"pt-PT","@id":"https:\/\/biocabaz.pt\/web\/en\/produto\/mini-salsichas-bio\/#primaryimage","url":"https:\/\/www.biocabaz.pt\/web\/wp-conteudos\/uploads\/2017\/03\/minis.jpg","contentUrl":"https:\/\/www.biocabaz.pt\/web\/wp-conteudos\/uploads\/2017\/03\/minis.jpg","width":500,"height":500,"caption":"mini salsichas bio"},{"@type":"BreadcrumbList","@id":"https:\/\/biocabaz.pt\/web\/en\/produto\/mini-salsichas-bio\/#breadcrumb","itemListElement":[{"@type":"ListItem","position":1,"name":"Home","item":"https:\/\/www.biocabaz.pt\/web\/en\/"},{"@type":"ListItem","position":2,"name":"Shop","item":"https:\/\/www.biocabaz.pt\/web\/en\/shop\/"},{"@type":"ListItem","position":3,"name":"OKOLAND ORGANIC MINI SAUSAGES"}]},{"@type":"WebSite","@id":"https:\/\/www.biocabaz.pt\/web\/en\/#website","url":"https:\/\/www.biocabaz.pt\/web\/en\/","name":"BIOCABAZ - CABAZES BIOL\u00d3GICOS","description":"O melhor que a terra d\u00e1 \u00e9 para si","potentialAction":[{"@type":"SearchAction","target":{"@type":"EntryPoint","urlTemplate":"https:\/\/www.biocabaz.pt\/web\/en\/?s={search_term_string}"},"query-input":{"@type":"PropertyValueSpecification","valueRequired":true,"valueName":"search_term_string"}}],"inLanguage":"pt-PT"}]}},"_links":{"self":[{"href":"https:\/\/biocabaz.pt\/web\/wp-json\/wp\/v2\/product\/3335","targetHints":{"allow":["GET"]}}],"collection":[{"href":"https:\/\/biocabaz.pt\/web\/wp-json\/wp\/v2\/product"}],"about":[{"href":"https:\/\/biocabaz.pt\/web\/wp-json\/wp\/v2\/types\/product"}],"replies":[{"embeddable":true,"href":"https:\/\/biocabaz.pt\/web\/wp-json\/wp\/v2\/comments?post=3335"}],"wp:featuredmedia":[{"embeddable":true,"href":"https:\/\/biocabaz.pt\/web\/wp-json\/wp\/v2\/media\/3339"}],"wp:attachment":[{"href":"https:\/\/biocabaz.pt\/web\/wp-json\/wp\/v2\/media?parent=3335"}],"wp:term":[{"taxonomy":"product_cat","embeddable":true,"href":"https:\/\/biocabaz.pt\/web\/wp-json\/wp\/v2\/product_cat?post=3335"},{"taxonomy":"product_tag","embeddable":true,"href":"https:\/\/biocabaz.pt\/web\/wp-json\/wp\/v2\/product_tag?post=3335"}],"curies":[{"name":"wp","href":"https:\/\/api.w.org\/{rel}","templated":true}]}}