{"id":16890,"date":"2019-04-26T14:47:23","date_gmt":"2019-04-26T14:47:23","guid":{"rendered":"https:\/\/www.biocabaz.pt\/web\/?post_type=product&#038;p=16890"},"modified":"2022-01-06T15:58:05","modified_gmt":"2022-01-06T15:58:05","slug":"pistachio-bio-150g-provida","status":"publish","type":"product","link":"https:\/\/biocabaz.pt\/web\/produto\/pistachio-bio-150g-provida\/","title":{"rendered":"PISTACHIO BIO 150G PROVIDA"},"content":{"rendered":"","protected":false},"excerpt":{"rendered":"<p>Ingredientes: Pistachio* com casca e sal. *de produ\u00e7\u00e3o biol\u00f3gica, Certiplanet PT-BIO-04 Agricultura UE. Obtidas por secagem natural. Alto teor de gorduras insaturadas, rico em Vitamina B1 (Tiamina) e Vitamina B6. Cont\u00e9m Vitamina B2 (Riboflavina). Poder\u00e1 conter vest\u00edgos de outros frutos de casca rija, soja e prote\u00edna de leite.<br \/><b>Modo de Utiliza\u00e7\u00e3o:<\/b> Conservar em local fresco e seco.<br \/><b>Dados Nutricionais:<\/b> Declara\u00e7\u00e3o Nutricional por 100g: Energia- 2492kJ\/ 603kcal (30%*); L\u00edpidos: 51,6g (73,7%*), dos quais saturados: 6,1g (30,5%*); dos quais monoinsaturados: 34,5g; dos quais polinsaturados (g): 7,6g; Hidratos Carbono: 11,6g (4,5%*); dos quais a\u00e7\u00facares: 8,1g (9,0%*); Fibra: 10,6g (42,4%*); Prote\u00ednas: 17,7g (35,4%*); Sal: 0,7g (11,7%*); Vitamina B1 (Tiamina): 0,69mg (63,2%**); Vitamina B2 (Riboflavina);  0,23 mg (16,7%**); Vitamina B6: 1,1mg (78,6%**); \u00c1cido F\u00f3lico: 51ug (25,5%**); Ferro: 4mg (28,8%**); Zinco: 2,3mg (23,4%**).<\/p>\n","protected":false},"featured_media":16891,"comment_status":"closed","ping_status":"closed","template":"","meta":[],"product_cat":[51],"product_tag":[],"class_list":["post-16890","product","type-product","status-publish","has-post-thumbnail","hentry","product_cat-frutos-secos"],"bundle_layout":"","bundled_by":[],"bundled_items":[],"yoast_head":"<!-- This site is optimized with the Yoast SEO plugin v26.3 - https:\/\/yoast.com\/wordpress\/plugins\/seo\/ -->\n<title>PISTACHIO BIO 150G PROVIDA<\/title>\n<meta name=\"robots\" content=\"index, follow, max-snippet:-1, max-image-preview:large, max-video-preview:-1\" \/>\n<link rel=\"canonical\" href=\"https:\/\/biocabaz.pt\/web\/produto\/pistachio-bio-150g-provida\/\" \/>\n<meta property=\"og:locale\" content=\"pt_PT\" \/>\n<meta property=\"og:locale:alternate\" content=\"en_US\" \/>\n<meta property=\"og:type\" content=\"article\" \/>\n<meta property=\"og:title\" content=\"PISTACHIO BIO 150G PROVIDA\" \/>\n<meta property=\"og:description\" content=\"Ingredientes: Pistachio* com casca e sal. *de produ\u00e7\u00e3o biol\u00f3gica, Certiplanet PT-BIO-04 Agricultura UE. Obtidas por secagem natural. Alto teor de gorduras insaturadas, rico em Vitamina B1 (Tiamina) e Vitamina B6. Cont\u00e9m Vitamina B2 (Riboflavina). Poder\u00e1 conter vest\u00edgos de outros frutos de casca rija, soja e prote\u00edna de leite.Modo de Utiliza\u00e7\u00e3o: Conservar em local fresco e seco.Dados Nutricionais: Declara\u00e7\u00e3o Nutricional por 100g: Energia- 2492kJ\/ 603kcal (30%*); L\u00edpidos: 51,6g (73,7%*), dos quais saturados: 6,1g (30,5%*); dos quais monoinsaturados: 34,5g; dos quais polinsaturados (g): 7,6g; Hidratos Carbono: 11,6g (4,5%*); dos quais a\u00e7\u00facares: 8,1g (9,0%*); Fibra: 10,6g (42,4%*); Prote\u00ednas: 17,7g (35,4%*); Sal: 0,7g (11,7%*); Vitamina B1 (Tiamina): 0,69mg (63,2%**); Vitamina B2 (Riboflavina); 0,23 mg (16,7%**); Vitamina B6: 1,1mg (78,6%**); \u00c1cido F\u00f3lico: 51ug (25,5%**); Ferro: 4mg (28,8%**); Zinco: 2,3mg (23,4%**).\" \/>\n<meta property=\"og:url\" content=\"https:\/\/biocabaz.pt\/web\/produto\/pistachio-bio-150g-provida\/\" \/>\n<meta property=\"og:site_name\" content=\"BIOCABAZ - CABAZES BIOL\u00d3GICOS\" \/>\n<meta property=\"article:modified_time\" content=\"2022-01-06T15:58:05+00:00\" \/>\n<meta property=\"og:image\" content=\"https:\/\/www.biocabaz.pt\/web\/wp-conteudos\/uploads\/2019\/04\/PIST\u00c1CHIO-BIO-150G-PR\u00d3VIDA.jpg\" \/>\n\t<meta property=\"og:image:width\" content=\"300\" \/>\n\t<meta property=\"og:image:height\" content=\"326\" \/>\n\t<meta property=\"og:image:type\" content=\"image\/jpeg\" \/>\n<meta name=\"twitter:card\" content=\"summary_large_image\" \/>\n<meta name=\"twitter:label1\" content=\"Est. reading time\" \/>\n\t<meta name=\"twitter:data1\" content=\"1 minuto\" \/>\n<script type=\"application\/ld+json\" class=\"yoast-schema-graph\">{\"@context\":\"https:\/\/schema.org\",\"@graph\":[{\"@type\":\"WebPage\",\"@id\":\"https:\/\/biocabaz.pt\/web\/produto\/pistachio-bio-150g-provida\/\",\"url\":\"https:\/\/biocabaz.pt\/web\/produto\/pistachio-bio-150g-provida\/\",\"name\":\"PISTACHIO BIO 150G PROVIDA\",\"isPartOf\":{\"@id\":\"https:\/\/www.biocabaz.pt\/web\/#website\"},\"primaryImageOfPage\":{\"@id\":\"https:\/\/biocabaz.pt\/web\/produto\/pistachio-bio-150g-provida\/#primaryimage\"},\"image\":{\"@id\":\"https:\/\/biocabaz.pt\/web\/produto\/pistachio-bio-150g-provida\/#primaryimage\"},\"thumbnailUrl\":\"https:\/\/www.biocabaz.pt\/web\/wp-conteudos\/uploads\/2019\/04\/PIST\u00c1CHIO-BIO-150G-PR\u00d3VIDA.jpg\",\"datePublished\":\"2019-04-26T14:47:23+00:00\",\"dateModified\":\"2022-01-06T15:58:05+00:00\",\"breadcrumb\":{\"@id\":\"https:\/\/biocabaz.pt\/web\/produto\/pistachio-bio-150g-provida\/#breadcrumb\"},\"inLanguage\":\"pt-PT\",\"potentialAction\":[{\"@type\":\"ReadAction\",\"target\":[\"https:\/\/biocabaz.pt\/web\/produto\/pistachio-bio-150g-provida\/\"]}]},{\"@type\":\"ImageObject\",\"inLanguage\":\"pt-PT\",\"@id\":\"https:\/\/biocabaz.pt\/web\/produto\/pistachio-bio-150g-provida\/#primaryimage\",\"url\":\"https:\/\/www.biocabaz.pt\/web\/wp-conteudos\/uploads\/2019\/04\/PIST\u00c1CHIO-BIO-150G-PR\u00d3VIDA.jpg\",\"contentUrl\":\"https:\/\/www.biocabaz.pt\/web\/wp-conteudos\/uploads\/2019\/04\/PIST\u00c1CHIO-BIO-150G-PR\u00d3VIDA.jpg\",\"width\":300,\"height\":326,\"caption\":\"PIST\u00c1CHIO BIO 150G PR\u00d3VIDA\"},{\"@type\":\"BreadcrumbList\",\"@id\":\"https:\/\/biocabaz.pt\/web\/produto\/pistachio-bio-150g-provida\/#breadcrumb\",\"itemListElement\":[{\"@type\":\"ListItem\",\"position\":1,\"name\":\"Home\",\"item\":\"https:\/\/www.biocabaz.pt\/web\/\"},{\"@type\":\"ListItem\",\"position\":2,\"name\":\"Loja\",\"item\":\"https:\/\/www.biocabaz.pt\/web\/shop\/\"},{\"@type\":\"ListItem\",\"position\":3,\"name\":\"PISTACHIO BIO 150G PROVIDA\"}]},{\"@type\":\"WebSite\",\"@id\":\"https:\/\/www.biocabaz.pt\/web\/#website\",\"url\":\"https:\/\/www.biocabaz.pt\/web\/\",\"name\":\"BIOCABAZ - CABAZES BIOL\u00d3GICOS\",\"description\":\"O melhor que a terra d\u00e1 \u00e9 para si\",\"potentialAction\":[{\"@type\":\"SearchAction\",\"target\":{\"@type\":\"EntryPoint\",\"urlTemplate\":\"https:\/\/www.biocabaz.pt\/web\/?s={search_term_string}\"},\"query-input\":{\"@type\":\"PropertyValueSpecification\",\"valueRequired\":true,\"valueName\":\"search_term_string\"}}],\"inLanguage\":\"pt-PT\"}]}<\/script>\n<!-- \/ Yoast SEO plugin. -->","yoast_head_json":{"title":"PISTACHIO BIO 150G PROVIDA","robots":{"index":"index","follow":"follow","max-snippet":"max-snippet:-1","max-image-preview":"max-image-preview:large","max-video-preview":"max-video-preview:-1"},"canonical":"https:\/\/biocabaz.pt\/web\/produto\/pistachio-bio-150g-provida\/","og_locale":"pt_PT","og_type":"article","og_title":"[:pt]PISTACHIO BIO 150G PROVIDA[:en]PROVIDA PISTACHIO[:] - BIOCABAZ - CABAZES BIOL\u00d3GICOS","og_description":"Ingredientes: Pistachio* com casca e sal. *de produ\u00e7\u00e3o biol\u00f3gica, Certiplanet PT-BIO-04 Agricultura UE. Obtidas por secagem natural. Alto teor de gorduras insaturadas, rico em Vitamina B1 (Tiamina) e Vitamina B6. Cont\u00e9m Vitamina B2 (Riboflavina). Poder\u00e1 conter vest\u00edgos de outros frutos de casca rija, soja e prote\u00edna de leite.Modo de Utiliza\u00e7\u00e3o: Conservar em local fresco e seco.Dados Nutricionais: Declara\u00e7\u00e3o Nutricional por 100g: Energia- 2492kJ\/ 603kcal (30%*); L\u00edpidos: 51,6g (73,7%*), dos quais saturados: 6,1g (30,5%*); dos quais monoinsaturados: 34,5g; dos quais polinsaturados (g): 7,6g; Hidratos Carbono: 11,6g (4,5%*); dos quais a\u00e7\u00facares: 8,1g (9,0%*); Fibra: 10,6g (42,4%*); Prote\u00ednas: 17,7g (35,4%*); Sal: 0,7g (11,7%*); Vitamina B1 (Tiamina): 0,69mg (63,2%**); Vitamina B2 (Riboflavina); 0,23 mg (16,7%**); Vitamina B6: 1,1mg (78,6%**); \u00c1cido F\u00f3lico: 51ug (25,5%**); Ferro: 4mg (28,8%**); Zinco: 2,3mg (23,4%**).","og_url":"https:\/\/biocabaz.pt\/web\/produto\/pistachio-bio-150g-provida\/","og_site_name":"BIOCABAZ - CABAZES BIOL\u00d3GICOS","article_modified_time":"2022-01-06T15:58:05+00:00","og_image":[{"width":300,"height":326,"url":"https:\/\/www.biocabaz.pt\/web\/wp-conteudos\/uploads\/2019\/04\/PIST\u00c1CHIO-BIO-150G-PR\u00d3VIDA.jpg","type":"image\/jpeg"}],"twitter_card":"summary_large_image","twitter_misc":{"Est. reading time":"1 minuto"},"schema":{"@context":"https:\/\/schema.org","@graph":[{"@type":"WebPage","@id":"https:\/\/biocabaz.pt\/web\/produto\/pistachio-bio-150g-provida\/","url":"https:\/\/biocabaz.pt\/web\/produto\/pistachio-bio-150g-provida\/","name":"PISTACHIO BIO 150G PROVIDA","isPartOf":{"@id":"https:\/\/www.biocabaz.pt\/web\/#website"},"primaryImageOfPage":{"@id":"https:\/\/biocabaz.pt\/web\/produto\/pistachio-bio-150g-provida\/#primaryimage"},"image":{"@id":"https:\/\/biocabaz.pt\/web\/produto\/pistachio-bio-150g-provida\/#primaryimage"},"thumbnailUrl":"https:\/\/www.biocabaz.pt\/web\/wp-conteudos\/uploads\/2019\/04\/PIST\u00c1CHIO-BIO-150G-PR\u00d3VIDA.jpg","datePublished":"2019-04-26T14:47:23+00:00","dateModified":"2022-01-06T15:58:05+00:00","breadcrumb":{"@id":"https:\/\/biocabaz.pt\/web\/produto\/pistachio-bio-150g-provida\/#breadcrumb"},"inLanguage":"pt-PT","potentialAction":[{"@type":"ReadAction","target":["https:\/\/biocabaz.pt\/web\/produto\/pistachio-bio-150g-provida\/"]}]},{"@type":"ImageObject","inLanguage":"pt-PT","@id":"https:\/\/biocabaz.pt\/web\/produto\/pistachio-bio-150g-provida\/#primaryimage","url":"https:\/\/www.biocabaz.pt\/web\/wp-conteudos\/uploads\/2019\/04\/PIST\u00c1CHIO-BIO-150G-PR\u00d3VIDA.jpg","contentUrl":"https:\/\/www.biocabaz.pt\/web\/wp-conteudos\/uploads\/2019\/04\/PIST\u00c1CHIO-BIO-150G-PR\u00d3VIDA.jpg","width":300,"height":326,"caption":"PIST\u00c1CHIO BIO 150G PR\u00d3VIDA"},{"@type":"BreadcrumbList","@id":"https:\/\/biocabaz.pt\/web\/produto\/pistachio-bio-150g-provida\/#breadcrumb","itemListElement":[{"@type":"ListItem","position":1,"name":"Home","item":"https:\/\/www.biocabaz.pt\/web\/"},{"@type":"ListItem","position":2,"name":"Loja","item":"https:\/\/www.biocabaz.pt\/web\/shop\/"},{"@type":"ListItem","position":3,"name":"PISTACHIO BIO 150G PROVIDA"}]},{"@type":"WebSite","@id":"https:\/\/www.biocabaz.pt\/web\/#website","url":"https:\/\/www.biocabaz.pt\/web\/","name":"BIOCABAZ - CABAZES BIOL\u00d3GICOS","description":"O melhor que a terra d\u00e1 \u00e9 para si","potentialAction":[{"@type":"SearchAction","target":{"@type":"EntryPoint","urlTemplate":"https:\/\/www.biocabaz.pt\/web\/?s={search_term_string}"},"query-input":{"@type":"PropertyValueSpecification","valueRequired":true,"valueName":"search_term_string"}}],"inLanguage":"pt-PT"}]}},"_links":{"self":[{"href":"https:\/\/biocabaz.pt\/web\/wp-json\/wp\/v2\/product\/16890","targetHints":{"allow":["GET"]}}],"collection":[{"href":"https:\/\/biocabaz.pt\/web\/wp-json\/wp\/v2\/product"}],"about":[{"href":"https:\/\/biocabaz.pt\/web\/wp-json\/wp\/v2\/types\/product"}],"replies":[{"embeddable":true,"href":"https:\/\/biocabaz.pt\/web\/wp-json\/wp\/v2\/comments?post=16890"}],"wp:featuredmedia":[{"embeddable":true,"href":"https:\/\/biocabaz.pt\/web\/wp-json\/wp\/v2\/media\/16891"}],"wp:attachment":[{"href":"https:\/\/biocabaz.pt\/web\/wp-json\/wp\/v2\/media?parent=16890"}],"wp:term":[{"taxonomy":"product_cat","embeddable":true,"href":"https:\/\/biocabaz.pt\/web\/wp-json\/wp\/v2\/product_cat?post=16890"},{"taxonomy":"product_tag","embeddable":true,"href":"https:\/\/biocabaz.pt\/web\/wp-json\/wp\/v2\/product_tag?post=16890"}],"curies":[{"name":"wp","href":"https:\/\/api.w.org\/{rel}","templated":true}]}}