{"id":16844,"date":"2019-04-26T11:45:02","date_gmt":"2019-04-26T11:45:02","guid":{"rendered":"https:\/\/www.biocabaz.pt\/web\/?post_type=product&#038;p=16844"},"modified":"2023-12-29T08:46:58","modified_gmt":"2023-12-29T08:46:58","slug":"feijao-vermelho-bio-500g-provida","status":"publish","type":"product","link":"https:\/\/biocabaz.pt\/web\/produto\/feijao-vermelho-bio-500g-provida\/","title":{"rendered":"FEIJ\u00c3O VERMELHO BIO 500G PR\u00d3VIDA"},"content":{"rendered":"<p><strong>Descri\u00e7\u00e3o <\/strong><br \/>\nIngredientes: Feij\u00e3o vermelho de produ\u00e7\u00e3o biol\u00f3gica. Origin\u00e1rio da Am\u00e9rica do Sul onde j\u00e1 era cultivado \u00e0 cerca de 7000 anos. Os exploradores espanh\u00f3is difundiram-no na Europa no s\u00e9c. XVI. <\/p>\n<p><strong>Dados Nutricionais<\/strong><br \/>\nDeclara\u00e7\u00e3o Nutricional M\u00e9dia por 100g:<br \/>\nEnergia: 220Kcal \/ 934Kj;<br \/>\nProte\u00ednas: 25,5g;<br \/>\nHidratos de Carbono: 28,8g;<br \/>\nL\u00edpidos: 0,3g;<br \/>\nFibras Alimentares: 28,1g.<\/p>\n<p><strong>Modo Utiliza\u00e7\u00e3o<\/strong><br \/>\nDemolhar durante 8 horas, cozinhar durante 45 minutos na panela de press\u00e3o. Se adicionar uma tira de alga kombu durante o demolhe e cozedura, ajudar\u00e1 a que fique mais tenro e tornar\u00e1 o feij\u00e3o mais diger\u00edvel. Conservar em local seco e fresco.<\/p>\n","protected":false},"excerpt":{"rendered":"<p>Descri\u00e7\u00e3o Ingredientes: Feij\u00e3o vermelho de produ\u00e7\u00e3o biol\u00f3gica. Origin\u00e1rio da Am\u00e9rica do Sul onde j\u00e1 era cultivado \u00e0 cerca de 7000 anos. Os exploradores espanh\u00f3is difundiram-no na Europa no s\u00e9c. XVI. Dados Nutricionais Declara\u00e7\u00e3o Nutricional M\u00e9dia por 100g: Energia: 220Kcal \/ 934Kj; Prote\u00ednas: 25,5g; Hidratos de Carbono: 28,8g; L\u00edpidos: 0,3g; Fibras Alimentares: 28,1g. Modo Utiliza\u00e7\u00e3o Demolhar [&hellip;]<\/p>\n","protected":false},"featured_media":16846,"comment_status":"closed","ping_status":"closed","template":"","meta":[],"product_cat":[25],"product_tag":[],"class_list":["post-16844","product","type-product","status-publish","has-post-thumbnail","hentry","product_cat-leguminosas"],"bundle_layout":"","bundled_by":[],"bundled_items":[],"yoast_head":"<!-- This site is optimized with the Yoast SEO plugin v26.3 - https:\/\/yoast.com\/wordpress\/plugins\/seo\/ -->\n<title>FEIJ\u00c3O VERMELHO BIO 500G PR\u00d3VIDA<\/title>\n<meta name=\"robots\" content=\"index, follow, max-snippet:-1, max-image-preview:large, max-video-preview:-1\" \/>\n<link rel=\"canonical\" href=\"https:\/\/www.biocabaz.pt\/web\/produto\/feijao-vermelho-bio-500g-provida\/\" \/>\n<meta property=\"og:locale\" content=\"pt_PT\" \/>\n<meta property=\"og:locale:alternate\" content=\"en_US\" \/>\n<meta property=\"og:type\" content=\"article\" \/>\n<meta property=\"og:title\" content=\"FEIJ\u00c3O VERMELHO BIO 500G PR\u00d3VIDA\" \/>\n<meta property=\"og:description\" content=\"Descri\u00e7\u00e3o Ingredientes: Feij\u00e3o vermelho de produ\u00e7\u00e3o biol\u00f3gica. Origin\u00e1rio da Am\u00e9rica do Sul onde j\u00e1 era cultivado \u00e0 cerca de 7000 anos. Os exploradores espanh\u00f3is difundiram-no na Europa no s\u00e9c. XVI. Dados Nutricionais Declara\u00e7\u00e3o Nutricional M\u00e9dia por 100g: Energia: 220Kcal \/ 934Kj; Prote\u00ednas: 25,5g; Hidratos de Carbono: 28,8g; L\u00edpidos: 0,3g; Fibras Alimentares: 28,1g. Modo Utiliza\u00e7\u00e3o Demolhar [&hellip;]\" \/>\n<meta property=\"og:url\" content=\"https:\/\/biocabaz.pt\/web\/produto\/feijao-vermelho-bio-500g-provida\/\" \/>\n<meta property=\"og:site_name\" content=\"BIOCABAZ - CABAZES BIOL\u00d3GICOS\" \/>\n<meta property=\"article:modified_time\" content=\"2023-12-29T08:46:58+00:00\" \/>\n<meta property=\"og:image\" content=\"https:\/\/www.biocabaz.pt\/web\/wp-conteudos\/uploads\/2019\/04\/FEIJ\u00c3O-VERMELHO-BIO-500G-PR\u00d3VIDA.jpg\" \/>\n\t<meta property=\"og:image:width\" content=\"300\" \/>\n\t<meta property=\"og:image:height\" content=\"326\" \/>\n\t<meta property=\"og:image:type\" content=\"image\/jpeg\" \/>\n<meta name=\"twitter:card\" content=\"summary_large_image\" \/>\n<meta name=\"twitter:label1\" content=\"Est. reading time\" \/>\n\t<meta name=\"twitter:data1\" content=\"1 minuto\" \/>\n<script type=\"application\/ld+json\" class=\"yoast-schema-graph\">{\"@context\":\"https:\/\/schema.org\",\"@graph\":[{\"@type\":\"WebPage\",\"@id\":\"https:\/\/www.biocabaz.pt\/web\/produto\/feijao-vermelho-bio-500g-provida\/\",\"url\":\"https:\/\/www.biocabaz.pt\/web\/produto\/feijao-vermelho-bio-500g-provida\/\",\"name\":\"FEIJ\u00c3O VERMELHO BIO 500G PR\u00d3VIDA\",\"isPartOf\":{\"@id\":\"https:\/\/biocabaz.pt\/web\/en\/#website\"},\"primaryImageOfPage\":{\"@id\":\"https:\/\/www.biocabaz.pt\/web\/produto\/feijao-vermelho-bio-500g-provida\/#primaryimage\"},\"image\":{\"@id\":\"https:\/\/www.biocabaz.pt\/web\/produto\/feijao-vermelho-bio-500g-provida\/#primaryimage\"},\"thumbnailUrl\":\"https:\/\/www.biocabaz.pt\/web\/wp-conteudos\/uploads\/2019\/04\/FEIJ\u00c3O-VERMELHO-BIO-500G-PR\u00d3VIDA.jpg\",\"datePublished\":\"2019-04-26T11:45:02+00:00\",\"dateModified\":\"2023-12-29T08:46:58+00:00\",\"breadcrumb\":{\"@id\":\"https:\/\/www.biocabaz.pt\/web\/produto\/feijao-vermelho-bio-500g-provida\/#breadcrumb\"},\"inLanguage\":\"pt-PT\",\"potentialAction\":[{\"@type\":\"ReadAction\",\"target\":[\"https:\/\/www.biocabaz.pt\/web\/produto\/feijao-vermelho-bio-500g-provida\/\"]}]},{\"@type\":\"ImageObject\",\"inLanguage\":\"pt-PT\",\"@id\":\"https:\/\/www.biocabaz.pt\/web\/produto\/feijao-vermelho-bio-500g-provida\/#primaryimage\",\"url\":\"https:\/\/www.biocabaz.pt\/web\/wp-conteudos\/uploads\/2019\/04\/FEIJ\u00c3O-VERMELHO-BIO-500G-PR\u00d3VIDA.jpg\",\"contentUrl\":\"https:\/\/www.biocabaz.pt\/web\/wp-conteudos\/uploads\/2019\/04\/FEIJ\u00c3O-VERMELHO-BIO-500G-PR\u00d3VIDA.jpg\",\"width\":300,\"height\":326,\"caption\":\"FEIJ\u00c3O VERMELHO BIO 500G PR\u00d3VIDA\"},{\"@type\":\"BreadcrumbList\",\"@id\":\"https:\/\/www.biocabaz.pt\/web\/produto\/feijao-vermelho-bio-500g-provida\/#breadcrumb\",\"itemListElement\":[{\"@type\":\"ListItem\",\"position\":1,\"name\":\"Home\",\"item\":\"https:\/\/biocabaz.pt\/web\/en\/\"},{\"@type\":\"ListItem\",\"position\":2,\"name\":\"Shop\",\"item\":\"https:\/\/biocabaz.pt\/web\/en\/shop\/\"},{\"@type\":\"ListItem\",\"position\":3,\"name\":\"FEIJ\u00c3O VERMELHO BIO 500G PR\u00d3VIDA\"}]},{\"@type\":\"WebSite\",\"@id\":\"https:\/\/biocabaz.pt\/web\/en\/#website\",\"url\":\"https:\/\/biocabaz.pt\/web\/en\/\",\"name\":\"BIOCABAZ - CABAZES BIOL\u00d3GICOS\",\"description\":\"O melhor que a terra d\u00e1 \u00e9 para si\",\"potentialAction\":[{\"@type\":\"SearchAction\",\"target\":{\"@type\":\"EntryPoint\",\"urlTemplate\":\"https:\/\/biocabaz.pt\/web\/en\/?s={search_term_string}\"},\"query-input\":{\"@type\":\"PropertyValueSpecification\",\"valueRequired\":true,\"valueName\":\"search_term_string\"}}],\"inLanguage\":\"pt-PT\"}]}<\/script>\n<!-- \/ Yoast SEO plugin. -->","yoast_head_json":{"title":"FEIJ\u00c3O VERMELHO BIO 500G PR\u00d3VIDA","robots":{"index":"index","follow":"follow","max-snippet":"max-snippet:-1","max-image-preview":"max-image-preview:large","max-video-preview":"max-video-preview:-1"},"canonical":"https:\/\/www.biocabaz.pt\/web\/produto\/feijao-vermelho-bio-500g-provida\/","og_locale":"pt_PT","og_type":"article","og_title":"[:en]PR\u00d3VIDA ORGANIC RED BEANS 500GR[:pt]FEIJ\u00c3O VERMELHO BIO 500G PR\u00d3VIDA[:] - BIOCABAZ - CABAZES BIOL\u00d3GICOS","og_description":"Descri\u00e7\u00e3o Ingredientes: Feij\u00e3o vermelho de produ\u00e7\u00e3o biol\u00f3gica. Origin\u00e1rio da Am\u00e9rica do Sul onde j\u00e1 era cultivado \u00e0 cerca de 7000 anos. Os exploradores espanh\u00f3is difundiram-no na Europa no s\u00e9c. XVI. Dados Nutricionais Declara\u00e7\u00e3o Nutricional M\u00e9dia por 100g: Energia: 220Kcal \/ 934Kj; Prote\u00ednas: 25,5g; Hidratos de Carbono: 28,8g; L\u00edpidos: 0,3g; Fibras Alimentares: 28,1g. Modo Utiliza\u00e7\u00e3o Demolhar [&hellip;]","og_url":"https:\/\/biocabaz.pt\/web\/produto\/feijao-vermelho-bio-500g-provida\/","og_site_name":"BIOCABAZ - CABAZES BIOL\u00d3GICOS","article_modified_time":"2023-12-29T08:46:58+00:00","og_image":[{"width":300,"height":326,"url":"https:\/\/www.biocabaz.pt\/web\/wp-conteudos\/uploads\/2019\/04\/FEIJ\u00c3O-VERMELHO-BIO-500G-PR\u00d3VIDA.jpg","type":"image\/jpeg"}],"twitter_card":"summary_large_image","twitter_misc":{"Est. reading time":"1 minuto"},"schema":{"@context":"https:\/\/schema.org","@graph":[{"@type":"WebPage","@id":"https:\/\/www.biocabaz.pt\/web\/produto\/feijao-vermelho-bio-500g-provida\/","url":"https:\/\/www.biocabaz.pt\/web\/produto\/feijao-vermelho-bio-500g-provida\/","name":"FEIJ\u00c3O VERMELHO BIO 500G PR\u00d3VIDA","isPartOf":{"@id":"https:\/\/biocabaz.pt\/web\/en\/#website"},"primaryImageOfPage":{"@id":"https:\/\/www.biocabaz.pt\/web\/produto\/feijao-vermelho-bio-500g-provida\/#primaryimage"},"image":{"@id":"https:\/\/www.biocabaz.pt\/web\/produto\/feijao-vermelho-bio-500g-provida\/#primaryimage"},"thumbnailUrl":"https:\/\/www.biocabaz.pt\/web\/wp-conteudos\/uploads\/2019\/04\/FEIJ\u00c3O-VERMELHO-BIO-500G-PR\u00d3VIDA.jpg","datePublished":"2019-04-26T11:45:02+00:00","dateModified":"2023-12-29T08:46:58+00:00","breadcrumb":{"@id":"https:\/\/www.biocabaz.pt\/web\/produto\/feijao-vermelho-bio-500g-provida\/#breadcrumb"},"inLanguage":"pt-PT","potentialAction":[{"@type":"ReadAction","target":["https:\/\/www.biocabaz.pt\/web\/produto\/feijao-vermelho-bio-500g-provida\/"]}]},{"@type":"ImageObject","inLanguage":"pt-PT","@id":"https:\/\/www.biocabaz.pt\/web\/produto\/feijao-vermelho-bio-500g-provida\/#primaryimage","url":"https:\/\/www.biocabaz.pt\/web\/wp-conteudos\/uploads\/2019\/04\/FEIJ\u00c3O-VERMELHO-BIO-500G-PR\u00d3VIDA.jpg","contentUrl":"https:\/\/www.biocabaz.pt\/web\/wp-conteudos\/uploads\/2019\/04\/FEIJ\u00c3O-VERMELHO-BIO-500G-PR\u00d3VIDA.jpg","width":300,"height":326,"caption":"FEIJ\u00c3O VERMELHO BIO 500G PR\u00d3VIDA"},{"@type":"BreadcrumbList","@id":"https:\/\/www.biocabaz.pt\/web\/produto\/feijao-vermelho-bio-500g-provida\/#breadcrumb","itemListElement":[{"@type":"ListItem","position":1,"name":"Home","item":"https:\/\/biocabaz.pt\/web\/en\/"},{"@type":"ListItem","position":2,"name":"Shop","item":"https:\/\/biocabaz.pt\/web\/en\/shop\/"},{"@type":"ListItem","position":3,"name":"FEIJ\u00c3O VERMELHO BIO 500G PR\u00d3VIDA"}]},{"@type":"WebSite","@id":"https:\/\/biocabaz.pt\/web\/en\/#website","url":"https:\/\/biocabaz.pt\/web\/en\/","name":"BIOCABAZ - CABAZES BIOL\u00d3GICOS","description":"O melhor que a terra d\u00e1 \u00e9 para si","potentialAction":[{"@type":"SearchAction","target":{"@type":"EntryPoint","urlTemplate":"https:\/\/biocabaz.pt\/web\/en\/?s={search_term_string}"},"query-input":{"@type":"PropertyValueSpecification","valueRequired":true,"valueName":"search_term_string"}}],"inLanguage":"pt-PT"}]}},"_links":{"self":[{"href":"https:\/\/biocabaz.pt\/web\/wp-json\/wp\/v2\/product\/16844","targetHints":{"allow":["GET"]}}],"collection":[{"href":"https:\/\/biocabaz.pt\/web\/wp-json\/wp\/v2\/product"}],"about":[{"href":"https:\/\/biocabaz.pt\/web\/wp-json\/wp\/v2\/types\/product"}],"replies":[{"embeddable":true,"href":"https:\/\/biocabaz.pt\/web\/wp-json\/wp\/v2\/comments?post=16844"}],"wp:featuredmedia":[{"embeddable":true,"href":"https:\/\/biocabaz.pt\/web\/wp-json\/wp\/v2\/media\/16846"}],"wp:attachment":[{"href":"https:\/\/biocabaz.pt\/web\/wp-json\/wp\/v2\/media?parent=16844"}],"wp:term":[{"taxonomy":"product_cat","embeddable":true,"href":"https:\/\/biocabaz.pt\/web\/wp-json\/wp\/v2\/product_cat?post=16844"},{"taxonomy":"product_tag","embeddable":true,"href":"https:\/\/biocabaz.pt\/web\/wp-json\/wp\/v2\/product_tag?post=16844"}],"curies":[{"name":"wp","href":"https:\/\/api.w.org\/{rel}","templated":true}]}}