{"id":16721,"date":"2019-04-23T13:31:01","date_gmt":"2019-04-23T13:31:01","guid":{"rendered":"https:\/\/www.biocabaz.pt\/web\/?post_type=product&#038;p=16721"},"modified":"2025-06-12T09:24:44","modified_gmt":"2025-06-12T09:24:44","slug":"couve-roxa-bio-680grs","status":"publish","type":"product","link":"https:\/\/biocabaz.pt\/web\/produto\/couve-roxa-bio-680grs\/","title":{"rendered":"COUVE ROXA BIO GREEN 680GRS"},"content":{"rendered":"<p><strong>Descri\u00e7\u00e3o <\/strong><br \/>\n\t\t\t\tIngredientes: Couve roxa (63%), \u00e1gua (15%), sumo de ma\u00e7\u00e3 (12,15%), a\u00e7\u00facar de cana integral (8%), sal marinho (1,23%), cravos (0,02%).<\/p>\n<p><strong>Dados Nutricionais<\/strong><br \/>\n\t\t\t\tDeclara\u00e7\u00e3o Nutricional por 100g:<br \/> Energia: 204kJ\/49kcal;<br \/> L\u00edpidos: <0,5g - dos quais saturados: <0,1g;<br \/> Hidratos de Carbono: 8,4g &#8211; dos quais a\u00e7\u00facares: 8,4g;<br \/> Fibra: 0g;<br \/> Prote\u00ednas: 1,3g;<br \/> Sal: 1,1g.<\/p>\n<p><strong>Modo Utiliza\u00e7\u00e3o<\/strong><br \/>Conservar em local seco e fresco.<\/p>\n","protected":false},"excerpt":{"rendered":"<p>Descri\u00e7\u00e3o Ingredientes: Couve roxa (63%), \u00e1gua (15%), sumo de ma\u00e7\u00e3 (12,15%), a\u00e7\u00facar de cana integral (8%), sal marinho (1,23%), cravos (0,02%). Dados Nutricionais Declara\u00e7\u00e3o Nutricional por 100g: Energia: 204kJ\/49kcal; L\u00edpidos:<\/p>\n","protected":false},"featured_media":16723,"comment_status":"closed","ping_status":"closed","template":"","meta":[],"product_cat":[24],"product_tag":[],"class_list":["post-16721","product","type-product","status-publish","has-post-thumbnail","hentry","product_cat-conservas"],"bundle_layout":"","bundled_by":[],"bundled_items":[],"yoast_head":"<!-- This site is optimized with the Yoast SEO plugin v26.3 - https:\/\/yoast.com\/wordpress\/plugins\/seo\/ -->\n<title>COUVE ROXA BIO GREEN 680GRS<\/title>\n<meta name=\"robots\" content=\"index, follow, max-snippet:-1, max-image-preview:large, max-video-preview:-1\" \/>\n<link rel=\"canonical\" href=\"https:\/\/biocabaz.pt\/web\/produto\/couve-roxa-bio-680grs\/\" \/>\n<meta property=\"og:locale\" content=\"pt_PT\" \/>\n<meta property=\"og:locale:alternate\" content=\"en_US\" \/>\n<meta property=\"og:type\" content=\"article\" \/>\n<meta property=\"og:title\" content=\"COUVE ROXA BIO GREEN 680GRS\" \/>\n<meta property=\"og:description\" content=\"Descri\u00e7\u00e3o Ingredientes: Couve roxa (63%), \u00e1gua (15%), sumo de ma\u00e7\u00e3 (12,15%), a\u00e7\u00facar de cana integral (8%), sal marinho (1,23%), cravos (0,02%). Dados Nutricionais Declara\u00e7\u00e3o Nutricional por 100g: Energia: 204kJ\/49kcal; L\u00edpidos:\" \/>\n<meta property=\"og:url\" content=\"https:\/\/biocabaz.pt\/web\/produto\/couve-roxa-bio-680grs\/\" \/>\n<meta property=\"og:site_name\" content=\"BIOCABAZ - CABAZES BIOL\u00d3GICOS\" \/>\n<meta property=\"article:modified_time\" content=\"2025-06-12T09:24:44+00:00\" \/>\n<meta property=\"og:image\" content=\"https:\/\/www.biocabaz.pt\/web\/wp-conteudos\/uploads\/2019\/04\/COUVE-ROXA-BIO-680GRS-e1556026201206.jpg\" \/>\n\t<meta property=\"og:image:width\" content=\"600\" \/>\n\t<meta property=\"og:image:height\" content=\"600\" \/>\n\t<meta property=\"og:image:type\" content=\"image\/jpeg\" \/>\n<meta name=\"twitter:card\" content=\"summary_large_image\" \/>\n<meta name=\"twitter:label1\" content=\"Est. reading time\" \/>\n\t<meta name=\"twitter:data1\" content=\"1 minuto\" \/>\n<script type=\"application\/ld+json\" class=\"yoast-schema-graph\">{\"@context\":\"https:\/\/schema.org\",\"@graph\":[{\"@type\":\"WebPage\",\"@id\":\"https:\/\/biocabaz.pt\/web\/produto\/couve-roxa-bio-680grs\/\",\"url\":\"https:\/\/biocabaz.pt\/web\/produto\/couve-roxa-bio-680grs\/\",\"name\":\"COUVE ROXA BIO GREEN 680GRS\",\"isPartOf\":{\"@id\":\"https:\/\/biocabaz.pt\/web\/#website\"},\"primaryImageOfPage\":{\"@id\":\"https:\/\/biocabaz.pt\/web\/produto\/couve-roxa-bio-680grs\/#primaryimage\"},\"image\":{\"@id\":\"https:\/\/biocabaz.pt\/web\/produto\/couve-roxa-bio-680grs\/#primaryimage\"},\"thumbnailUrl\":\"https:\/\/www.biocabaz.pt\/web\/wp-conteudos\/uploads\/2019\/04\/COUVE-ROXA-BIO-680GRS-e1556026201206.jpg\",\"datePublished\":\"2019-04-23T13:31:01+00:00\",\"dateModified\":\"2025-06-12T09:24:44+00:00\",\"breadcrumb\":{\"@id\":\"https:\/\/biocabaz.pt\/web\/produto\/couve-roxa-bio-680grs\/#breadcrumb\"},\"inLanguage\":\"pt-PT\",\"potentialAction\":[{\"@type\":\"ReadAction\",\"target\":[\"https:\/\/biocabaz.pt\/web\/produto\/couve-roxa-bio-680grs\/\"]}]},{\"@type\":\"ImageObject\",\"inLanguage\":\"pt-PT\",\"@id\":\"https:\/\/biocabaz.pt\/web\/produto\/couve-roxa-bio-680grs\/#primaryimage\",\"url\":\"https:\/\/www.biocabaz.pt\/web\/wp-conteudos\/uploads\/2019\/04\/COUVE-ROXA-BIO-680GRS-e1556026201206.jpg\",\"contentUrl\":\"https:\/\/www.biocabaz.pt\/web\/wp-conteudos\/uploads\/2019\/04\/COUVE-ROXA-BIO-680GRS-e1556026201206.jpg\",\"width\":600,\"height\":600,\"caption\":\"COUVE ROXA BIO 680GRS\"},{\"@type\":\"BreadcrumbList\",\"@id\":\"https:\/\/biocabaz.pt\/web\/produto\/couve-roxa-bio-680grs\/#breadcrumb\",\"itemListElement\":[{\"@type\":\"ListItem\",\"position\":1,\"name\":\"Home\",\"item\":\"https:\/\/biocabaz.pt\/web\/\"},{\"@type\":\"ListItem\",\"position\":2,\"name\":\"Loja\",\"item\":\"https:\/\/biocabaz.pt\/web\/shop\/\"},{\"@type\":\"ListItem\",\"position\":3,\"name\":\"COUVE ROXA BIO GREEN 680GRS\"}]},{\"@type\":\"WebSite\",\"@id\":\"https:\/\/biocabaz.pt\/web\/#website\",\"url\":\"https:\/\/biocabaz.pt\/web\/\",\"name\":\"BIOCABAZ - CABAZES BIOL\u00d3GICOS\",\"description\":\"O melhor que a terra d\u00e1 \u00e9 para si\",\"potentialAction\":[{\"@type\":\"SearchAction\",\"target\":{\"@type\":\"EntryPoint\",\"urlTemplate\":\"https:\/\/biocabaz.pt\/web\/?s={search_term_string}\"},\"query-input\":{\"@type\":\"PropertyValueSpecification\",\"valueRequired\":true,\"valueName\":\"search_term_string\"}}],\"inLanguage\":\"pt-PT\"}]}<\/script>\n<!-- \/ Yoast SEO plugin. -->","yoast_head_json":{"title":"COUVE ROXA BIO GREEN 680GRS","robots":{"index":"index","follow":"follow","max-snippet":"max-snippet:-1","max-image-preview":"max-image-preview:large","max-video-preview":"max-video-preview:-1"},"canonical":"https:\/\/biocabaz.pt\/web\/produto\/couve-roxa-bio-680grs\/","og_locale":"pt_PT","og_type":"article","og_title":"[:en]GREEN ORGANICS ORGANIC PURPLE CABBAGE 680GR[:pt]COUVE ROXA BIO GREEN 680GRS[:] - BIOCABAZ - CABAZES BIOL\u00d3GICOS","og_description":"Descri\u00e7\u00e3o Ingredientes: Couve roxa (63%), \u00e1gua (15%), sumo de ma\u00e7\u00e3 (12,15%), a\u00e7\u00facar de cana integral (8%), sal marinho (1,23%), cravos (0,02%). Dados Nutricionais Declara\u00e7\u00e3o Nutricional por 100g: Energia: 204kJ\/49kcal; L\u00edpidos:","og_url":"https:\/\/biocabaz.pt\/web\/produto\/couve-roxa-bio-680grs\/","og_site_name":"BIOCABAZ - CABAZES BIOL\u00d3GICOS","article_modified_time":"2025-06-12T09:24:44+00:00","og_image":[{"width":600,"height":600,"url":"https:\/\/www.biocabaz.pt\/web\/wp-conteudos\/uploads\/2019\/04\/COUVE-ROXA-BIO-680GRS-e1556026201206.jpg","type":"image\/jpeg"}],"twitter_card":"summary_large_image","twitter_misc":{"Est. reading time":"1 minuto"},"schema":{"@context":"https:\/\/schema.org","@graph":[{"@type":"WebPage","@id":"https:\/\/biocabaz.pt\/web\/produto\/couve-roxa-bio-680grs\/","url":"https:\/\/biocabaz.pt\/web\/produto\/couve-roxa-bio-680grs\/","name":"COUVE ROXA BIO GREEN 680GRS","isPartOf":{"@id":"https:\/\/biocabaz.pt\/web\/#website"},"primaryImageOfPage":{"@id":"https:\/\/biocabaz.pt\/web\/produto\/couve-roxa-bio-680grs\/#primaryimage"},"image":{"@id":"https:\/\/biocabaz.pt\/web\/produto\/couve-roxa-bio-680grs\/#primaryimage"},"thumbnailUrl":"https:\/\/www.biocabaz.pt\/web\/wp-conteudos\/uploads\/2019\/04\/COUVE-ROXA-BIO-680GRS-e1556026201206.jpg","datePublished":"2019-04-23T13:31:01+00:00","dateModified":"2025-06-12T09:24:44+00:00","breadcrumb":{"@id":"https:\/\/biocabaz.pt\/web\/produto\/couve-roxa-bio-680grs\/#breadcrumb"},"inLanguage":"pt-PT","potentialAction":[{"@type":"ReadAction","target":["https:\/\/biocabaz.pt\/web\/produto\/couve-roxa-bio-680grs\/"]}]},{"@type":"ImageObject","inLanguage":"pt-PT","@id":"https:\/\/biocabaz.pt\/web\/produto\/couve-roxa-bio-680grs\/#primaryimage","url":"https:\/\/www.biocabaz.pt\/web\/wp-conteudos\/uploads\/2019\/04\/COUVE-ROXA-BIO-680GRS-e1556026201206.jpg","contentUrl":"https:\/\/www.biocabaz.pt\/web\/wp-conteudos\/uploads\/2019\/04\/COUVE-ROXA-BIO-680GRS-e1556026201206.jpg","width":600,"height":600,"caption":"COUVE ROXA BIO 680GRS"},{"@type":"BreadcrumbList","@id":"https:\/\/biocabaz.pt\/web\/produto\/couve-roxa-bio-680grs\/#breadcrumb","itemListElement":[{"@type":"ListItem","position":1,"name":"Home","item":"https:\/\/biocabaz.pt\/web\/"},{"@type":"ListItem","position":2,"name":"Loja","item":"https:\/\/biocabaz.pt\/web\/shop\/"},{"@type":"ListItem","position":3,"name":"COUVE ROXA BIO GREEN 680GRS"}]},{"@type":"WebSite","@id":"https:\/\/biocabaz.pt\/web\/#website","url":"https:\/\/biocabaz.pt\/web\/","name":"BIOCABAZ - CABAZES BIOL\u00d3GICOS","description":"O melhor que a terra d\u00e1 \u00e9 para si","potentialAction":[{"@type":"SearchAction","target":{"@type":"EntryPoint","urlTemplate":"https:\/\/biocabaz.pt\/web\/?s={search_term_string}"},"query-input":{"@type":"PropertyValueSpecification","valueRequired":true,"valueName":"search_term_string"}}],"inLanguage":"pt-PT"}]}},"_links":{"self":[{"href":"https:\/\/biocabaz.pt\/web\/wp-json\/wp\/v2\/product\/16721","targetHints":{"allow":["GET"]}}],"collection":[{"href":"https:\/\/biocabaz.pt\/web\/wp-json\/wp\/v2\/product"}],"about":[{"href":"https:\/\/biocabaz.pt\/web\/wp-json\/wp\/v2\/types\/product"}],"replies":[{"embeddable":true,"href":"https:\/\/biocabaz.pt\/web\/wp-json\/wp\/v2\/comments?post=16721"}],"wp:featuredmedia":[{"embeddable":true,"href":"https:\/\/biocabaz.pt\/web\/wp-json\/wp\/v2\/media\/16723"}],"wp:attachment":[{"href":"https:\/\/biocabaz.pt\/web\/wp-json\/wp\/v2\/media?parent=16721"}],"wp:term":[{"taxonomy":"product_cat","embeddable":true,"href":"https:\/\/biocabaz.pt\/web\/wp-json\/wp\/v2\/product_cat?post=16721"},{"taxonomy":"product_tag","embeddable":true,"href":"https:\/\/biocabaz.pt\/web\/wp-json\/wp\/v2\/product_tag?post=16721"}],"curies":[{"name":"wp","href":"https:\/\/api.w.org\/{rel}","templated":true}]}}