{"id":1653,"date":"2016-06-13T14:55:41","date_gmt":"2016-06-13T14:55:41","guid":{"rendered":"http:\/\/www.biocabaz.com\/web\/produto\/papa-muesli-6m-bio-250g-holle\/"},"modified":"2023-04-17T11:46:35","modified_gmt":"2023-04-17T11:46:35","slug":"papa-muesli-6m-bio-250g-holle","status":"publish","type":"product","link":"https:\/\/biocabaz.pt\/web\/produto\/papa-muesli-6m-bio-250g-holle\/","title":{"rendered":"PAPA MUESLI 6M BIO 250G HOLLE"},"content":{"rendered":"<p><strong>Descri\u00e7\u00e3o <\/strong><br \/>\n\t\t\t\tIngredientes: Trigo integral ** 81,5%, aveia integral** 7%, polpa de banana em p\u00f3* 6%, polpa de framboesa* 3% (framboesa em p\u00f3*, arroz*), peda\u00e7os de ma\u00e7\u00e3* 2,5%, vitamina B1 (mononitrato de tiamina). *de agricultura biol\u00f3gica **de agricultura biodin\u00e2mica. Alerg\u00e9nios: Cont\u00e9m gl\u00faten.<\/p>\n<p><strong>Dados Nutricionais<\/strong><br \/>\n\t\t\t\tDeclara\u00e7\u00e3o Nutricional por 100g:<br \/> Energia: 1562kj\/ 368kcal;<br \/> L\u00edpidos: 2,4g &#8211; dos quais \u00e1cidos gordos saturados: 0,6g;<br \/> Hidratos de carbono: 72,1g &#8211; dos quais a\u00e7\u00facares: 6,5g;<br \/> Fibra: 9,7g;<br \/> Prote\u00ednas: 10,0g;<br \/> Sal: 0,015g;<br \/> Vitamina B1: 0,96mg.<\/p>\n<p><strong>Modo Utiliza\u00e7\u00e3o<\/strong><br \/>Indicado para a introdu\u00e7\u00e3o das primeiras refei\u00e7\u00f5es apenas a partir do 6\u00ba m\u00eas. Informe-se junto do seu pediatra, m\u00e9dico de fam\u00edlia ou nutricionista.                                                                        Prepara\u00e7\u00f5es n\u00e3o l\u00e1cteas a partir do 6\u00ba m\u00eas:<br \/>\nPode preparar um a papa de fruta com 70ml de \u00e1gua fervida, 2 colheres de sopa de papa muesli bio (cerca de 10g) e 100g de frutos de boi\u00e3o ou de frutos frescos passados. Pode ainda misturar 2 colheres de sopa de papa de muesli bio com 200g de legumes quentes.<br \/>\nLeite de transi\u00e7\u00e3o- depois dos 6\u00ba m\u00eas:<br \/>\nDeixar ferver 150ml de \u00e1gua, deixando posteriormente arrefecer at\u00e9 uma temperatura de cerca de 50\u00baC. Diluir primeiro 5 medidas de Leite de Transi\u00e7\u00e3o 2 e depois adicionar 3- 4 colheres de sopa de papa de muesli bio (cerca de 18g).<br \/>\nCom leite materno:<br \/>\nDiluir 5 colheres de sopa de papa de muesli bio (cerca de 25g) em 130ml de leite materno morno. Aten\u00e7\u00e3o: Para conservar os valiosos nutrientes, n\u00e3o aquecer o leite materno a mais de 40\u00baC.<\/p>\n<p>1 Colher de sopa de Papa Bio = cerca de 5g<br \/>\n1 Medida de Leite de Transi\u00e7\u00e3o = 4,7g. Guardar em local seco e fresco.<br \/>\nDepois de aberto, consumir num per\u00edodo de 3 a 4 semanas.<\/p>\n","protected":false},"excerpt":{"rendered":"<p>Adequada para a introdu\u00e7\u00e3o alimentar, a partir dos 6 meses, como parte integrante de uma dieta mista<\/p>\n","protected":false},"featured_media":1727,"comment_status":"closed","ping_status":"closed","template":"","meta":[],"product_cat":[57,58],"product_tag":[],"class_list":["post-1653","product","type-product","status-publish","has-post-thumbnail","hentry","product_cat-bebes-e-criancas","product_cat-papas"],"bundle_layout":"","bundled_by":[],"bundled_items":[],"yoast_head":"<!-- This site is optimized with the Yoast SEO plugin v26.3 - https:\/\/yoast.com\/wordpress\/plugins\/seo\/ -->\n<title>PAPA MUESLI 6M BIO 250G HOLLE<\/title>\n<meta name=\"description\" content=\"para holle para bebe biologica, idade 6meses.\" \/>\n<meta name=\"robots\" content=\"index, follow, max-snippet:-1, max-image-preview:large, max-video-preview:-1\" \/>\n<link rel=\"canonical\" href=\"https:\/\/www.biocabaz.pt\/web\/produto\/papa-muesli-6m-bio-250g-holle\/\" \/>\n<meta property=\"og:locale\" content=\"pt_PT\" \/>\n<meta property=\"og:locale:alternate\" content=\"en_US\" \/>\n<meta property=\"og:type\" content=\"article\" \/>\n<meta property=\"og:title\" content=\"PAPA MUESLI 6M BIO 250G HOLLE\" \/>\n<meta property=\"og:description\" content=\"para holle para bebe biologica, idade 6meses.\" \/>\n<meta property=\"og:url\" content=\"https:\/\/biocabaz.pt\/web\/produto\/papa-muesli-6m-bio-250g-holle\/\" \/>\n<meta property=\"og:site_name\" content=\"BIOCABAZ - CABAZES BIOL\u00d3GICOS\" \/>\n<meta property=\"article:modified_time\" content=\"2023-04-17T11:46:35+00:00\" \/>\n<meta property=\"og:image\" content=\"https:\/\/www.biocabaz.pt\/web\/wp-conteudos\/uploads\/2016\/06\/PS_Getreidebreie_SP-GR-PT_Babymuesli_frontal_XXL_SP-GR-PT_18_070814_3000x3000px_72dpi_RGB.png\" \/>\n\t<meta property=\"og:image:width\" content=\"600\" \/>\n\t<meta property=\"og:image:height\" content=\"600\" \/>\n\t<meta property=\"og:image:type\" content=\"image\/png\" \/>\n<meta name=\"twitter:card\" content=\"summary_large_image\" \/>\n<meta name=\"twitter:label1\" content=\"Est. reading time\" \/>\n\t<meta name=\"twitter:data1\" content=\"2 minutos\" \/>\n<script type=\"application\/ld+json\" class=\"yoast-schema-graph\">{\"@context\":\"https:\/\/schema.org\",\"@graph\":[{\"@type\":\"WebPage\",\"@id\":\"https:\/\/www.biocabaz.pt\/web\/produto\/papa-muesli-6m-bio-250g-holle\/\",\"url\":\"https:\/\/www.biocabaz.pt\/web\/produto\/papa-muesli-6m-bio-250g-holle\/\",\"name\":\"PAPA MUESLI 6M BIO 250G HOLLE\",\"isPartOf\":{\"@id\":\"https:\/\/www.biocabaz.pt\/web\/en\/#website\"},\"primaryImageOfPage\":{\"@id\":\"https:\/\/www.biocabaz.pt\/web\/produto\/papa-muesli-6m-bio-250g-holle\/#primaryimage\"},\"image\":{\"@id\":\"https:\/\/www.biocabaz.pt\/web\/produto\/papa-muesli-6m-bio-250g-holle\/#primaryimage\"},\"thumbnailUrl\":\"https:\/\/www.biocabaz.pt\/web\/wp-conteudos\/uploads\/2016\/06\/PS_Getreidebreie_SP-GR-PT_Babymuesli_frontal_XXL_SP-GR-PT_18_070814_3000x3000px_72dpi_RGB.png\",\"datePublished\":\"2016-06-13T14:55:41+00:00\",\"dateModified\":\"2023-04-17T11:46:35+00:00\",\"description\":\"para holle para bebe biologica, idade 6meses.\",\"breadcrumb\":{\"@id\":\"https:\/\/www.biocabaz.pt\/web\/produto\/papa-muesli-6m-bio-250g-holle\/#breadcrumb\"},\"inLanguage\":\"pt-PT\",\"potentialAction\":[{\"@type\":\"ReadAction\",\"target\":[\"https:\/\/www.biocabaz.pt\/web\/produto\/papa-muesli-6m-bio-250g-holle\/\"]}]},{\"@type\":\"ImageObject\",\"inLanguage\":\"pt-PT\",\"@id\":\"https:\/\/www.biocabaz.pt\/web\/produto\/papa-muesli-6m-bio-250g-holle\/#primaryimage\",\"url\":\"https:\/\/www.biocabaz.pt\/web\/wp-conteudos\/uploads\/2016\/06\/PS_Getreidebreie_SP-GR-PT_Babymuesli_frontal_XXL_SP-GR-PT_18_070814_3000x3000px_72dpi_RGB.png\",\"contentUrl\":\"https:\/\/www.biocabaz.pt\/web\/wp-conteudos\/uploads\/2016\/06\/PS_Getreidebreie_SP-GR-PT_Babymuesli_frontal_XXL_SP-GR-PT_18_070814_3000x3000px_72dpi_RGB.png\",\"width\":600,\"height\":600,\"caption\":\"papa\"},{\"@type\":\"BreadcrumbList\",\"@id\":\"https:\/\/www.biocabaz.pt\/web\/produto\/papa-muesli-6m-bio-250g-holle\/#breadcrumb\",\"itemListElement\":[{\"@type\":\"ListItem\",\"position\":1,\"name\":\"Home\",\"item\":\"https:\/\/www.biocabaz.pt\/web\/en\/\"},{\"@type\":\"ListItem\",\"position\":2,\"name\":\"Shop\",\"item\":\"https:\/\/www.biocabaz.pt\/web\/en\/shop\/\"},{\"@type\":\"ListItem\",\"position\":3,\"name\":\"PAPA MUESLI 6M BIO 250G HOLLE\"}]},{\"@type\":\"WebSite\",\"@id\":\"https:\/\/www.biocabaz.pt\/web\/en\/#website\",\"url\":\"https:\/\/www.biocabaz.pt\/web\/en\/\",\"name\":\"BIOCABAZ - CABAZES BIOL\u00d3GICOS\",\"description\":\"O melhor que a terra d\u00e1 \u00e9 para si\",\"potentialAction\":[{\"@type\":\"SearchAction\",\"target\":{\"@type\":\"EntryPoint\",\"urlTemplate\":\"https:\/\/www.biocabaz.pt\/web\/en\/?s={search_term_string}\"},\"query-input\":{\"@type\":\"PropertyValueSpecification\",\"valueRequired\":true,\"valueName\":\"search_term_string\"}}],\"inLanguage\":\"pt-PT\"}]}<\/script>\n<!-- \/ Yoast SEO plugin. -->","yoast_head_json":{"title":"PAPA MUESLI 6M BIO 250G HOLLE","description":"para holle para bebe biologica, idade 6meses.","robots":{"index":"index","follow":"follow","max-snippet":"max-snippet:-1","max-image-preview":"max-image-preview:large","max-video-preview":"max-video-preview:-1"},"canonical":"https:\/\/www.biocabaz.pt\/web\/produto\/papa-muesli-6m-bio-250g-holle\/","og_locale":"pt_PT","og_type":"article","og_title":"[:en]HOLLE ORGANIC BABY MUESLI PORRIDGE FROM 6 MONTHS 250GR[:pt]PAPA MUESLI 6M BIO 250G HOLLE[:] - BIOCABAZ - CABAZES BIOL\u00d3GICOS","og_description":"para holle para bebe biologica, idade 6meses.","og_url":"https:\/\/biocabaz.pt\/web\/produto\/papa-muesli-6m-bio-250g-holle\/","og_site_name":"BIOCABAZ - CABAZES BIOL\u00d3GICOS","article_modified_time":"2023-04-17T11:46:35+00:00","og_image":[{"width":600,"height":600,"url":"https:\/\/www.biocabaz.pt\/web\/wp-conteudos\/uploads\/2016\/06\/PS_Getreidebreie_SP-GR-PT_Babymuesli_frontal_XXL_SP-GR-PT_18_070814_3000x3000px_72dpi_RGB.png","type":"image\/png"}],"twitter_card":"summary_large_image","twitter_misc":{"Est. reading time":"2 minutos"},"schema":{"@context":"https:\/\/schema.org","@graph":[{"@type":"WebPage","@id":"https:\/\/www.biocabaz.pt\/web\/produto\/papa-muesli-6m-bio-250g-holle\/","url":"https:\/\/www.biocabaz.pt\/web\/produto\/papa-muesli-6m-bio-250g-holle\/","name":"PAPA MUESLI 6M BIO 250G HOLLE","isPartOf":{"@id":"https:\/\/www.biocabaz.pt\/web\/en\/#website"},"primaryImageOfPage":{"@id":"https:\/\/www.biocabaz.pt\/web\/produto\/papa-muesli-6m-bio-250g-holle\/#primaryimage"},"image":{"@id":"https:\/\/www.biocabaz.pt\/web\/produto\/papa-muesli-6m-bio-250g-holle\/#primaryimage"},"thumbnailUrl":"https:\/\/www.biocabaz.pt\/web\/wp-conteudos\/uploads\/2016\/06\/PS_Getreidebreie_SP-GR-PT_Babymuesli_frontal_XXL_SP-GR-PT_18_070814_3000x3000px_72dpi_RGB.png","datePublished":"2016-06-13T14:55:41+00:00","dateModified":"2023-04-17T11:46:35+00:00","description":"para holle para bebe biologica, idade 6meses.","breadcrumb":{"@id":"https:\/\/www.biocabaz.pt\/web\/produto\/papa-muesli-6m-bio-250g-holle\/#breadcrumb"},"inLanguage":"pt-PT","potentialAction":[{"@type":"ReadAction","target":["https:\/\/www.biocabaz.pt\/web\/produto\/papa-muesli-6m-bio-250g-holle\/"]}]},{"@type":"ImageObject","inLanguage":"pt-PT","@id":"https:\/\/www.biocabaz.pt\/web\/produto\/papa-muesli-6m-bio-250g-holle\/#primaryimage","url":"https:\/\/www.biocabaz.pt\/web\/wp-conteudos\/uploads\/2016\/06\/PS_Getreidebreie_SP-GR-PT_Babymuesli_frontal_XXL_SP-GR-PT_18_070814_3000x3000px_72dpi_RGB.png","contentUrl":"https:\/\/www.biocabaz.pt\/web\/wp-conteudos\/uploads\/2016\/06\/PS_Getreidebreie_SP-GR-PT_Babymuesli_frontal_XXL_SP-GR-PT_18_070814_3000x3000px_72dpi_RGB.png","width":600,"height":600,"caption":"papa"},{"@type":"BreadcrumbList","@id":"https:\/\/www.biocabaz.pt\/web\/produto\/papa-muesli-6m-bio-250g-holle\/#breadcrumb","itemListElement":[{"@type":"ListItem","position":1,"name":"Home","item":"https:\/\/www.biocabaz.pt\/web\/en\/"},{"@type":"ListItem","position":2,"name":"Shop","item":"https:\/\/www.biocabaz.pt\/web\/en\/shop\/"},{"@type":"ListItem","position":3,"name":"PAPA MUESLI 6M BIO 250G HOLLE"}]},{"@type":"WebSite","@id":"https:\/\/www.biocabaz.pt\/web\/en\/#website","url":"https:\/\/www.biocabaz.pt\/web\/en\/","name":"BIOCABAZ - CABAZES BIOL\u00d3GICOS","description":"O melhor que a terra d\u00e1 \u00e9 para si","potentialAction":[{"@type":"SearchAction","target":{"@type":"EntryPoint","urlTemplate":"https:\/\/www.biocabaz.pt\/web\/en\/?s={search_term_string}"},"query-input":{"@type":"PropertyValueSpecification","valueRequired":true,"valueName":"search_term_string"}}],"inLanguage":"pt-PT"}]}},"_links":{"self":[{"href":"https:\/\/biocabaz.pt\/web\/wp-json\/wp\/v2\/product\/1653","targetHints":{"allow":["GET"]}}],"collection":[{"href":"https:\/\/biocabaz.pt\/web\/wp-json\/wp\/v2\/product"}],"about":[{"href":"https:\/\/biocabaz.pt\/web\/wp-json\/wp\/v2\/types\/product"}],"replies":[{"embeddable":true,"href":"https:\/\/biocabaz.pt\/web\/wp-json\/wp\/v2\/comments?post=1653"}],"wp:featuredmedia":[{"embeddable":true,"href":"https:\/\/biocabaz.pt\/web\/wp-json\/wp\/v2\/media\/1727"}],"wp:attachment":[{"href":"https:\/\/biocabaz.pt\/web\/wp-json\/wp\/v2\/media?parent=1653"}],"wp:term":[{"taxonomy":"product_cat","embeddable":true,"href":"https:\/\/biocabaz.pt\/web\/wp-json\/wp\/v2\/product_cat?post=1653"},{"taxonomy":"product_tag","embeddable":true,"href":"https:\/\/biocabaz.pt\/web\/wp-json\/wp\/v2\/product_tag?post=1653"}],"curies":[{"name":"wp","href":"https:\/\/api.w.org\/{rel}","templated":true}]}}