{"id":6868,"date":"2018-05-23T10:42:00","date_gmt":"2018-05-23T10:42:00","guid":{"rendered":"https:\/\/www.biocabaz.pt\/web\/?page_id=6868"},"modified":"2020-08-21T15:48:41","modified_gmt":"2020-08-21T15:48:41","slug":"privacidade","status":"publish","type":"page","link":"https:\/\/biocabaz.pt\/web\/privacidade\/","title":{"rendered":"pol\u00edtica de privacidade"},"content":{"rendered":"[vc_row][vc_column][vc_column_text]<strong>Declara\u00e7\u00e3o\u200b \u200bde\u200b \u200bprivacidade<\/strong><\/p>\n<p>A sua privacidade \u00e9 importante para n\u00f3s. O BioCabaz, Lda, doravante denominado <strong><em>BioCabaz <\/em><\/strong>est\u00e1 a fornecer este aviso para descrever e explicar quais as nossas pr\u00e1ticas para obten\u00e7\u00e3o de informa\u00e7\u00f5es e as escolhas que pode fazer sobre a forma como as suas informa\u00e7\u00f5es s\u00e3o angariadas e utilizadas.<\/p>\n<p>&nbsp;<\/p>\n<p><strong>A\u200b \u200binforma\u00e7\u00e3o\u200b \u200bque\u200b \u200bguardamos\u200b \u200be\u200b \u200bcomo\u200b \u200ba\u200b \u200bguardamos<\/strong><\/p>\n<p>Informa\u00e7\u00f5es pessoais como o seu nome, email, empresa e cargo s\u00e3o obtidas somente quando voluntariamente s\u00e3o enviadas. Informa\u00e7\u00f5es t\u00e9cnicas, como detalhes sobre o seu dispositivo (Telem\u00f3vel, Computador, Tablet) e endere\u00e7o IP, podem ser angariadas em virtude do uso de algumas outras tecnologias que utilizamos da Google ou Facebook especialmente para retargeting e remarketing.<\/p>\n<p>O <strong><em>BioCabaz<\/em><\/strong> recolhe esta informa\u00e7\u00e3o de v\u00e1rias formas:<\/p>\n<ul>\n<li>Atrav\u00e9s do registo, pesquisas e outros formul\u00e1rios online;<\/li>\n<li>Ao fornecer suporte t\u00e9cnico, live-chat ou informa\u00e7\u00f5es de servi\u00e7os;<\/li>\n<li>Atrav\u00e9s do processo de manuten\u00e7\u00e3o e atualiza\u00e7\u00e3o dos nossos servi\u00e7os;<\/li>\n<li>Atrav\u00e9s de meios automatizados, como cookies;<\/li>\n<li>Atrav\u00e9s do seu interesse em an\u00fancios dos servi\u00e7os e produtos <strong><em>BioCabaz<\/em><\/strong>, colocados em websites de terceiros e \/ou parceiros.<\/li>\n<\/ul>\n<p>Os dados pessoais ou outros dados angariados online tamb\u00e9m podem ser combinados com as informa\u00e7\u00f5es que nos forneceu atrav\u00e9s de outras fontes, como registo em forma\u00e7\u00f5es, eventos ou feiras. As informa\u00e7\u00f5es que fornece ser\u00e3o associadas ao relacionamento que o <strong><em>BioCabaz <\/em><\/strong>possui consigo ou com a sua organiza\u00e7\u00e3o e n\u00e3o ser\u00e3o partilhadas com terceiros.<\/p>\n<p>&nbsp;<\/p>\n<p><strong>Termos\u200b \u200be\u200b \u200bCondi\u00e7\u00f5es\u200b \u200bdo\u200b \u200bServi\u00e7o\u200b \u200bde\u200b \u200bPermiss\u00e3o\u200b \u200bde\u200b \u200bMarketing<\/strong><\/p>\n<p>Os dados fornecidos s\u00e3o da responsabilidade do <strong><em>BioCabaz <\/em><\/strong>com sede na Avenida de Portugal, 277, 2Dto, 2775-396 Carcavelos, com NIF 513800182.<\/p>\n<p>&nbsp;<\/p>\n<p><strong>TERMOS \u200bE \u200bCONDI\u00c7\u00d5ES<\/strong><\/p>\n<p>&nbsp;<\/p>\n<p><strong>ACESSO\u200b \u200bE\u200b \u200bUTILIZADORES<\/strong><\/p>\n<p>O acesso ao WEBSITE <a href=\"http:\/\/www.biocabaz.pt\">www.biocabaz.pt<\/a> do <strong><em>BioCabaz <\/em><\/strong>implica a aceita\u00e7\u00e3o plena e sem reservas por parte do utilizador de todas os TERMOS E CONDI\u00c7\u00d5ES.<\/p>\n<p>Ao consultar, utilizar ou descarregar o conte\u00fado do website, est\u00e1 a comprometer-se a respeitar as condi\u00e7\u00f5es de uso.<\/p>\n<p>&nbsp;<\/p>\n<p><strong>MODIFICA\u00c7\u00d5ES<\/strong><\/p>\n<p>Com a finalidade de melhorar as caracter\u00edsticas e conte\u00fados do website, ao <strong><em>BioCabaz<\/em><\/strong>, reserva-se o direito de modificar, ampliar ou suspender temporariamente a apresenta\u00e7\u00e3o, configura\u00e7\u00e3o, especifica\u00e7\u00f5es t\u00e9cnicas, conte\u00fados do WEBSITE, em qualquer momento, de forma unilateral e sem pr\u00e9via notifica\u00e7\u00e3o ao utilizador.<\/p>\n<p>&nbsp;<\/p>\n<p><strong>CONDI\u00c7\u00d5ES\u200b \u200bDE\u200b \u200bUSO<\/strong><\/p>\n<p>O utilizador compromete-se a realizar um bom uso dos conte\u00fados e servi\u00e7os do website que nunca poder\u00e3o ser utilizados para atividades il\u00edcitas ou que possam ser contr\u00e1rias \u00e0 ordem p\u00fablica, ou \u00e0 defesa nacional.<\/p>\n<p>O utilizador est\u00e1 autorizado a visualizar toda a informa\u00e7\u00e3o contida no website, sempre e quando os referidos conte\u00fados sejam para seu uso exclusivo e n\u00e3o sejam posteriormente cedidos a terceiros.<\/p>\n<p>&nbsp;<\/p>\n<p><strong>Logs\u200b \u200bdo\u200b \u200bservidor\u200b\u200b \u200bWeb<\/strong><\/p>\n<p>No processo de administra\u00e7\u00e3o deste WEBSITE, mantemos e rastreamos o uso atrav\u00e9s dos logs do servidor WEB. Os logs do servidor WEB fornecem informa\u00e7\u00f5es como<\/p>\n<p>quais os tipos de browser e utilizadores que acedem ao nosso WEBSITE, quais as p\u00e1ginas recebem mais tr\u00e1fego e as horas do dia em que os nossos servidores experimentam carga significativa. Usamos essas informa\u00e7\u00f5es para melhorar os recursos de navega\u00e7\u00e3o do nosso website. As formas anonimizadas ou agregadas desses dados podem ser usadas para identificar os recursos e fun\u00e7\u00f5es futuras a serem desenvolvidos para o WEBSITE e oferecer um melhor atendimento ao cliente.<\/p>\n<p>&nbsp;<\/p>\n<p><strong>Cookies<\/strong><\/p>\n<p>Os &#8220;cookies&#8221;, podem ser usadas para fornecer informa\u00e7\u00f5es personalizadas de um website. Um cookie \u00e9 um elemento de dados que um website pode enviar ao seu browser, onde o mesmo pode ent\u00e3o guardar no seu sistema. Algumas p\u00e1ginas do nosso website utilizam cookies que o ajudam a navegar e usar o website, por exemplo, para ajud\u00e1-lo a aceder a \u00e1reas seguras. Outras p\u00e1ginas no website podem configurar cookies para guardar informa\u00e7\u00f5es agregadas de utiliza\u00e7\u00e3o que usamos para melhorar o funcionamento do website. Os cookies tamb\u00e9m podem ser utilizados no nosso website para identificar certas escolhas que efetuou, como a sua localiza\u00e7\u00e3o geogr\u00e1fica e outros.<\/p>\n<p>Usamos cookies para melhorar a experi\u00eancia do utilizador para que o possamos receber de uma maneira adequada numa pr\u00f3xima visita.<\/p>\n<p>&nbsp;<\/p>\n<p><strong>Como utilizamos as suas informa\u00e7\u00f5es<\/strong><\/p>\n<p>O <strong><em>BioCabaz <\/em><\/strong>pode usar suas informa\u00e7\u00f5es pessoais para:<\/p>\n<ul>\n<li>Cumprir solicita\u00e7\u00f5es de inscri\u00e7\u00e3o e servi\u00e7os feitos online;<\/li>\n<li>Ajudar-nos a personalizar o conte\u00fado mais relevante para os seus interesses;<\/li>\n<li>Notificar sobre not\u00edcias importantes sobre os servi\u00e7os e produtos do\u00a0<strong><em>BioCabaz<\/em><\/strong>;<\/li>\n<li>Notificar sobre novos produtos e servi\u00e7os, atualiza\u00e7\u00f5es de produtos, problemas de suporte t\u00e9cnico, eventos e ofertas especiais que achamos que podem ser do seu interesse;<\/li>\n<li>Prevenir e detetar fraudes ou outras atividades proibidas ou ilegais;<\/li>\n<li>Proteger a seguran\u00e7a e a integridade do website.<\/li>\n<\/ul>\n<p>&nbsp;<\/p>\n<p><strong>PROPRIEDADE\u200b \u200bINTELECTUAL\u200b \u200bE\u200b \u200bINDUSTRIAL<\/strong><\/p>\n<p>Os direitos de propriedade intelectual e industrial contidos no website, o seu grafismo e c\u00f3digos inform\u00e1ticos, assim como os nomes comerciais, marcas e sinais distintivos s\u00e3o propriedade do <strong><em>BioCabaz<\/em><\/strong>.<\/p>\n<p>Qualquer reprodu\u00e7\u00e3o, distribui\u00e7\u00e3o, comercializa\u00e7\u00e3o ou transforma\u00e7\u00e3o de conte\u00fados que n\u00e3o tenha sido expressamente autorizada pelos seus titulares, constitui uma infra\u00e7\u00e3o aos direitos de propriedade intelectual e industrial, protegidos por lei.<\/p>\n<p>&nbsp;<\/p>\n<p><strong>LIMITA\u00c7\u00c3O\u200b \u200bDE\u200b \u200bRESPONSABILIDADE<\/strong><\/p>\n<p>O <strong><em>BioCabaz <\/em><\/strong>n\u00e3o garante nem se responsabiliza pelos danos e preju\u00edzos de qualquer natureza e que resultem das seguintes circunst\u00e2ncias:<\/p>\n<ul>\n<li>Falta de funcionamento do website ou o funcionamento incorreto das p\u00e1ginas;<\/li>\n<li>Inutilidade, desadequa\u00e7\u00e3o ou invalidade dos servi\u00e7os e conte\u00fados oferecidos no website, em fun\u00e7\u00e3o dos resultados e expectativas do utilizador;<\/li>\n<li>Exist\u00eancia de v\u00edrus ou programas no computador do utilizador.<\/li>\n<\/ul>\n<p>O <strong><em>BioCabaz<\/em><\/strong>, n\u00e3o ser\u00e1 em qualquer circunst\u00e2ncia, incluindo neglig\u00eancia, respons\u00e1vel por perda de neg\u00f3cio, de acesso, de benef\u00edcios, de dados, por danos indiretos, secund\u00e1rios, especiais ou consequentes que resultem do acesso ou do uso de servi\u00e7os do website, ou que de outra forma se encontrem dentro do seu \u00e2mbito.<\/p>\n<p>&nbsp;<\/p>\n<p><strong><em>O\u200b \u200bnosso\u200b \u200bcompromisso\u200b \u200bcom\u200b \u200ba\u200b \u200bseguran\u00e7a\u200b \u200bde\u200b \u200bdados<\/em><\/strong><\/p>\n<p>O <strong><em>BioCabaz <\/em><\/strong>evita o acesso ou divulga\u00e7\u00e3o n\u00e3o autorizados e mantem a precis\u00e3o dos dados. Para garantir o uso apropriado da informa\u00e7\u00e3o e para proteger as informa\u00e7\u00f5es que angariamos online, implementamos procedimentos f\u00edsicos, eletr\u00f3nicos. Usamos SSL no dom\u00ednio, tecnologia de encripta\u00e7\u00e3o ao guardar ou transferir dados confidenciais.<\/p>\n<p>&nbsp;<\/p>\n<p><strong>JURISDI\u00c7\u00c3O\u200b \u200bE\u200b \u200bLEGISLA\u00c7\u00c3O\u200b \u200bAPLIC\u00c1VEL<\/strong><\/p>\n<p>As condi\u00e7\u00f5es de acesso e uso deste website regem-se exclusivamente pela lei portuguesa.<\/p>\n<p>O <strong><em>BioCabaz <\/em><\/strong>e o utilizador, entendem que a via negocial \u00e9 a forma preferencial para resolu\u00e7\u00e3o das d\u00favidas, diverg\u00eancias ou lit\u00edgios de qualquer natureza que se levantem sobre a interpreta\u00e7\u00e3o ou execu\u00e7\u00e3o das disposi\u00e7\u00f5es legais ou contratuais aplic\u00e1veis \u00e0s suas rela\u00e7\u00f5es, incluindo o incumprimento das obriga\u00e7\u00f5es das partes. Todavia, uma vez esgotada a via negocial, as partes acordam que para a resolu\u00e7\u00e3o dos diferendos resultantes da utiliza\u00e7\u00e3o deste website \u00e9 competente o Tribunal da Comarca de Lisboa.<\/p>\n<p>&nbsp;<\/p>\n<p><strong>Como\u200b \u200bentrar\u200b \u200bem\u200b \u200bcontato\u200b \u200bconnosco<\/strong><\/p>\n<p>Caso tenha coment\u00e1rios ou perguntas sobre esta Declara\u00e7\u00e3o de Privacidade, pode enviar-nos um e-mail para geral@biocabaz.pt.<\/p>\n<p>Tamb\u00e9m pode contatar-nos por telefone, +351\u00a0967\u00a0042 192, ou por correio para o seguinte endere\u00e7o: Avenida de Portugal 277, 2Dto, 2775-396 Carcavelos.<\/p>\n<p>&nbsp;<\/p>\n<p>Revisto a 14 de Maio, 2018[\/vc_column_text][\/vc_column][\/vc_row]\n","protected":false},"excerpt":{"rendered":"<p>[vc_row][vc_column][vc_column_text]Declara\u00e7\u00e3o\u200b \u200bde\u200b \u200bprivacidade A sua privacidade \u00e9 importante para n\u00f3s. O BioCabaz, Lda, doravante denominado BioCabaz est\u00e1 a fornecer este aviso para descrever e explicar quais as nossas pr\u00e1ticas para obten\u00e7\u00e3o de informa\u00e7\u00f5es e as escolhas que pode fazer sobre a forma como as suas informa\u00e7\u00f5es s\u00e3o angariadas e utilizadas. &nbsp; A\u200b \u200binforma\u00e7\u00e3o\u200b \u200bque\u200b \u200bguardamos\u200b [&hellip;]<\/p>\n","protected":false},"author":3,"featured_media":0,"parent":0,"menu_order":0,"comment_status":"closed","ping_status":"closed","template":"","meta":{"footnotes":""},"class_list":["post-6868","page","type-page","status-publish","hentry"],"yoast_head":"<!-- This site is optimized with the Yoast SEO plugin v26.3 - https:\/\/yoast.com\/wordpress\/plugins\/seo\/ -->\n<title>Biocabaz | Pol\u00edtica Privacidade | Pol\u00edtica de Cookies<\/title>\n<meta name=\"description\" content=\"A nossa politica de privacidade, cookies, utiliza\u00e7\u00e3o de informa\u00e7\u00e3o, termos e condi\u00e7\u00f5es, acessos a utilizadores, condi\u00e7\u00f5es de uso.\" \/>\n<meta name=\"robots\" content=\"index, follow, max-snippet:-1, max-image-preview:large, max-video-preview:-1\" \/>\n<link rel=\"canonical\" href=\"https:\/\/www.biocabaz.pt\/web\/privacidade\/\" \/>\n<meta property=\"og:locale\" content=\"pt_PT\" \/>\n<meta property=\"og:locale:alternate\" content=\"en_US\" \/>\n<meta property=\"og:type\" content=\"article\" \/>\n<meta property=\"og:title\" content=\"Biocabaz | Pol\u00edtica Privacidade | Pol\u00edtica de Cookies\" \/>\n<meta property=\"og:description\" content=\"A nossa politica de privacidade, cookies, utiliza\u00e7\u00e3o de informa\u00e7\u00e3o, termos e condi\u00e7\u00f5es, acessos a utilizadores, condi\u00e7\u00f5es de uso.\" \/>\n<meta property=\"og:url\" content=\"https:\/\/biocabaz.pt\/web\/privacidade\/\" \/>\n<meta property=\"og:site_name\" content=\"BIOCABAZ - CABAZES BIOL\u00d3GICOS\" \/>\n<meta property=\"article:modified_time\" content=\"2020-08-21T15:48:41+00:00\" \/>\n<meta name=\"twitter:card\" content=\"summary_large_image\" \/>\n<meta name=\"twitter:label1\" content=\"Est. reading time\" \/>\n\t<meta name=\"twitter:data1\" content=\"12 minutos\" \/>\n<script type=\"application\/ld+json\" class=\"yoast-schema-graph\">{\"@context\":\"https:\/\/schema.org\",\"@graph\":[{\"@type\":\"WebPage\",\"@id\":\"https:\/\/www.biocabaz.pt\/web\/privacidade\/\",\"url\":\"https:\/\/www.biocabaz.pt\/web\/privacidade\/\",\"name\":\"Biocabaz | Pol\u00edtica Privacidade | Pol\u00edtica de Cookies\",\"isPartOf\":{\"@id\":\"https:\/\/biocabaz.pt\/web\/#website\"},\"datePublished\":\"2018-05-23T10:42:00+00:00\",\"dateModified\":\"2020-08-21T15:48:41+00:00\",\"description\":\"A nossa politica de privacidade, cookies, utiliza\u00e7\u00e3o de informa\u00e7\u00e3o, termos e condi\u00e7\u00f5es, acessos a utilizadores, condi\u00e7\u00f5es de uso.\",\"breadcrumb\":{\"@id\":\"https:\/\/www.biocabaz.pt\/web\/privacidade\/#breadcrumb\"},\"inLanguage\":\"pt-PT\",\"potentialAction\":[{\"@type\":\"ReadAction\",\"target\":[\"https:\/\/www.biocabaz.pt\/web\/privacidade\/\"]}]},{\"@type\":\"BreadcrumbList\",\"@id\":\"https:\/\/www.biocabaz.pt\/web\/privacidade\/#breadcrumb\",\"itemListElement\":[{\"@type\":\"ListItem\",\"position\":1,\"name\":\"Home\",\"item\":\"https:\/\/biocabaz.pt\/web\/\"},{\"@type\":\"ListItem\",\"position\":2,\"name\":\"pol\u00edtica de privacidade\"}]},{\"@type\":\"WebSite\",\"@id\":\"https:\/\/biocabaz.pt\/web\/#website\",\"url\":\"https:\/\/biocabaz.pt\/web\/\",\"name\":\"BIOCABAZ - CABAZES BIOL\u00d3GICOS\",\"description\":\"O melhor que a terra d\u00e1 \u00e9 para si\",\"potentialAction\":[{\"@type\":\"SearchAction\",\"target\":{\"@type\":\"EntryPoint\",\"urlTemplate\":\"https:\/\/biocabaz.pt\/web\/?s={search_term_string}\"},\"query-input\":{\"@type\":\"PropertyValueSpecification\",\"valueRequired\":true,\"valueName\":\"search_term_string\"}}],\"inLanguage\":\"pt-PT\"}]}<\/script>\n<!-- \/ Yoast SEO plugin. -->","yoast_head_json":{"title":"Biocabaz | Pol\u00edtica Privacidade | Pol\u00edtica de Cookies","description":"A nossa politica de privacidade, cookies, utiliza\u00e7\u00e3o de informa\u00e7\u00e3o, termos e condi\u00e7\u00f5es, acessos a utilizadores, condi\u00e7\u00f5es de uso.","robots":{"index":"index","follow":"follow","max-snippet":"max-snippet:-1","max-image-preview":"max-image-preview:large","max-video-preview":"max-video-preview:-1"},"canonical":"https:\/\/www.biocabaz.pt\/web\/privacidade\/","og_locale":"pt_PT","og_type":"article","og_title":"Biocabaz | Pol\u00edtica Privacidade | Pol\u00edtica de Cookies","og_description":"A nossa politica de privacidade, cookies, utiliza\u00e7\u00e3o de informa\u00e7\u00e3o, termos e condi\u00e7\u00f5es, acessos a utilizadores, condi\u00e7\u00f5es de uso.","og_url":"https:\/\/biocabaz.pt\/web\/privacidade\/","og_site_name":"BIOCABAZ - CABAZES BIOL\u00d3GICOS","article_modified_time":"2020-08-21T15:48:41+00:00","twitter_card":"summary_large_image","twitter_misc":{"Est. reading time":"12 minutos"},"schema":{"@context":"https:\/\/schema.org","@graph":[{"@type":"WebPage","@id":"https:\/\/www.biocabaz.pt\/web\/privacidade\/","url":"https:\/\/www.biocabaz.pt\/web\/privacidade\/","name":"Biocabaz | Pol\u00edtica Privacidade | Pol\u00edtica de Cookies","isPartOf":{"@id":"https:\/\/biocabaz.pt\/web\/#website"},"datePublished":"2018-05-23T10:42:00+00:00","dateModified":"2020-08-21T15:48:41+00:00","description":"A nossa politica de privacidade, cookies, utiliza\u00e7\u00e3o de informa\u00e7\u00e3o, termos e condi\u00e7\u00f5es, acessos a utilizadores, condi\u00e7\u00f5es de uso.","breadcrumb":{"@id":"https:\/\/www.biocabaz.pt\/web\/privacidade\/#breadcrumb"},"inLanguage":"pt-PT","potentialAction":[{"@type":"ReadAction","target":["https:\/\/www.biocabaz.pt\/web\/privacidade\/"]}]},{"@type":"BreadcrumbList","@id":"https:\/\/www.biocabaz.pt\/web\/privacidade\/#breadcrumb","itemListElement":[{"@type":"ListItem","position":1,"name":"Home","item":"https:\/\/biocabaz.pt\/web\/"},{"@type":"ListItem","position":2,"name":"pol\u00edtica de privacidade"}]},{"@type":"WebSite","@id":"https:\/\/biocabaz.pt\/web\/#website","url":"https:\/\/biocabaz.pt\/web\/","name":"BIOCABAZ - CABAZES BIOL\u00d3GICOS","description":"O melhor que a terra d\u00e1 \u00e9 para si","potentialAction":[{"@type":"SearchAction","target":{"@type":"EntryPoint","urlTemplate":"https:\/\/biocabaz.pt\/web\/?s={search_term_string}"},"query-input":{"@type":"PropertyValueSpecification","valueRequired":true,"valueName":"search_term_string"}}],"inLanguage":"pt-PT"}]}},"_links":{"self":[{"href":"https:\/\/biocabaz.pt\/web\/wp-json\/wp\/v2\/pages\/6868","targetHints":{"allow":["GET"]}}],"collection":[{"href":"https:\/\/biocabaz.pt\/web\/wp-json\/wp\/v2\/pages"}],"about":[{"href":"https:\/\/biocabaz.pt\/web\/wp-json\/wp\/v2\/types\/page"}],"author":[{"embeddable":true,"href":"https:\/\/biocabaz.pt\/web\/wp-json\/wp\/v2\/users\/3"}],"replies":[{"embeddable":true,"href":"https:\/\/biocabaz.pt\/web\/wp-json\/wp\/v2\/comments?post=6868"}],"version-history":[{"count":5,"href":"https:\/\/biocabaz.pt\/web\/wp-json\/wp\/v2\/pages\/6868\/revisions"}],"predecessor-version":[{"id":51009,"href":"https:\/\/biocabaz.pt\/web\/wp-json\/wp\/v2\/pages\/6868\/revisions\/51009"}],"wp:attachment":[{"href":"https:\/\/biocabaz.pt\/web\/wp-json\/wp\/v2\/media?parent=6868"}],"curies":[{"name":"wp","href":"https:\/\/api.w.org\/{rel}","templated":true}]}}